{"id":893,"date":"2025-04-08T14:42:20","date_gmt":"2025-04-08T12:42:20","guid":{"rendered":"https:\/\/www.biennale-photo-mulhouse.com\/2026en\/?page_id=893"},"modified":"2025-07-09T15:15:51","modified_gmt":"2025-07-09T13:15:51","slug":"open-call-sedimentations","status":"publish","type":"page","link":"https:\/\/www.biennale-photo-mulhouse.com\/2026en\/open-call-sedimentations\/","title":{"rendered":"Open call, Sedimentation(s)"},"content":{"rendered":"<p><span class=\"small\"><strong>ENG \u2b62 <a href=\"https:\/\/www.biennale-photo-mulhouse.com\/2026\/appel-a-candidature-sedimentations\/\">FR<\/a><\/strong><\/span><\/p>\n<h1><span class=\"theme_color\">OPEN CALL, sedimentation(s)<\/span><\/h1>\n<p>In February 2025, BPM &#8211; Biennale de la Photographie de Mulhouse and Mulhouse Art Contemporain launched a call for entries for a solo exhibition. The exhibition will take place from June 2025 to July 2026 in the public space of an urban park in Mulhouse, and will be part of the 7th edition of the BPM, <span class=\"theme_color\"><em>Sedimentation(s)<\/em><\/span>. In previous editions of the festival, this site has hosted photographs by C\u00e9line Clanet, Jessica Auer, Manon Lanjou\u00e8re, David de Beyter, Geert Goiris, Matthew Genitempo, Rebecca Topakian&#8230;<\/p>\n<p>The call for entries invited photographers who explore the past and present, and those interested in both\u00a0 geological and memorial excavations. Works were requested to cover terrestrial and mental geographies, drawing on notions of sedimentation, stratification, matter-flux, and the plasticity of collective and individual memories. Proposals could interweave individual and collective, human and non-human narratives.<\/p>\n<p>The jury&rsquo;s members :<\/p>\n<p class=\"offsetted with_color_arrow\">-Aur\u00e9lia Marcadier, art historian, director of PhotoSaintGermain, member of Les Filles de la Photo &#8211; Matthieu Leli\u00e8vre, art historian and curator, head of collections at Mus\u00e9e d\u2019Art Contemporain de Lyon (macLYON)<br \/>\n&#8211; Terri Weifenbach, photographer <br \/>\n&#8211; Philippe Schweyer, editor at Mediapop <br \/>\n&#8211; Dominique Bannwarth, president of Mulhouse Art Contemporain <br \/>\n&#8211; Anne Immel\u00e9, PhD, director of BPM \u00a0<\/p>\n<h2>shortlist<\/h2>\n<p>Out of 386 proposals, 20 artists have been pre-selected :\u00a0<\/p>\n<p class=\"offsetted with_color_diamond\">Sophie Alyz, Alex Cabrera , Lucas Castel, Pablo Castilla, Fran\u00e7ois Deladerri\u00e8re, Marilia Destot, Marjorie Gosset, Julie Hasco\u00ebt, Ilanit Illouz, Helen Jones, Fran\u00e7ois Jonquet, Coline Jourdan, Ruth Lauer-Manenti, Duy-Phuong Le Nguyen, Yvette Monahan, Chrystel Mukeba, Dalmonia Rognean, Alnis Stakle, Roselyne Titaud, Margot Wallard<\/p>\n<p>We applaud the high quality of their work, and their resonance with the festival&rsquo;s next edition theme. <br \/>\nCongratulations to them, and to all the other applicants!<\/p>\n<p><img loading=\"lazy\" decoding=\"async\" class=\"alignnone size-full wp-image-841\" src=\"https:\/\/www.biennale-photo-mulhouse.com\/2026en\/wp-content\/uploads\/sites\/9\/2025\/03\/Open-Call-Pascal-Amoyel.jpg\" alt=\"\" width=\"1748\" height=\"2220\" srcset=\"https:\/\/www.biennale-photo-mulhouse.com\/2026en\/wp-content\/uploads\/sites\/9\/2025\/03\/Open-Call-Pascal-Amoyel.jpg 1748w, https:\/\/www.biennale-photo-mulhouse.com\/2026en\/wp-content\/uploads\/sites\/9\/2025\/03\/Open-Call-Pascal-Amoyel-768x975.jpg 768w, https:\/\/www.biennale-photo-mulhouse.com\/2026en\/wp-content\/uploads\/sites\/9\/2025\/03\/Open-Call-Pascal-Amoyel-1209x1536.jpg 1209w, https:\/\/www.biennale-photo-mulhouse.com\/2026en\/wp-content\/uploads\/sites\/9\/2025\/03\/Open-Call-Pascal-Amoyel-1613x2048.jpg 1613w\" sizes=\"auto, (max-width: 1748px) 100vw, 1748px\" \/><\/p>\n<h2>WINNER<\/h2>\n<p><span class=\"theme_color\"><strong>Pablo Castilla was chosen as the winner of the call with his series <\/strong><em><strong>Altiplano<\/strong><\/em><strong>.<\/strong><\/span><\/p>\n<p><span class=\"theme_color\"><strong>Exhibition&rsquo;s opening on Sunday, June 15 2025 at 11 am !<\/strong><\/span><br \/>\nBerges de l\u2019Ill\/ Quai des Cigognes, Mulhouse (near \u00a0\u00bb la Maison des Berges\u00a0\u00bb)<\/p>\n<p>The \u201cAltiplano\u201d is one of the least populated areas in South Spain, a vast and arid region that the photographer has been exploring since 2015. Today desertified, this territory was home to a rich ecosystem millions of years ago. Archaeological digs have uncovered traces of animal species that are now extinct, as well as those of the first human communities to settle in Europe. Guided by a shaman through the underground and spiritual world, Pablo Castilla wanted to put the surface landscape into dialogue with this other layer of reality.<\/p>\n<p><em>Born in Spain in 1980, Pablo Castilla lives and works in Norway. His work is based on the direct exploration of reality and encoded in a documentary-based language through various disciplines such as cinema, performing arts and photography. He was recently working as photo conservator at the National Library of Norway, leading a project for the preservation of the historical solar observation photographs. He is currently the recipient of a 1-year artist stipend by the Norwegian Directorate for Culture.<\/em><\/p>\n<p><img loading=\"lazy\" decoding=\"async\" class=\"alignnone size-full wp-image-861\" src=\"https:\/\/www.biennale-photo-mulhouse.com\/2026en\/wp-content\/uploads\/sites\/9\/2025\/04\/Altiplano_4.jpg\" alt=\"\" width=\"2000\" height=\"1607\" srcset=\"https:\/\/www.biennale-photo-mulhouse.com\/2026en\/wp-content\/uploads\/sites\/9\/2025\/04\/Altiplano_4.jpg 2000w, https:\/\/www.biennale-photo-mulhouse.com\/2026en\/wp-content\/uploads\/sites\/9\/2025\/04\/Altiplano_4-768x617.jpg 768w, https:\/\/www.biennale-photo-mulhouse.com\/2026en\/wp-content\/uploads\/sites\/9\/2025\/04\/Altiplano_4-1536x1234.jpg 1536w\" sizes=\"auto, (max-width: 2000px) 100vw, 2000px\" \/><\/p>\n<p class=\"img_caption\">Pablo Castilla, <em>Altiplano<\/em>, 2015 &#8211; ongoing\u00a0<\/p>\n<p>&nbsp;<\/p>\n","protected":false},"excerpt":{"rendered":"<p>ENG \u2b62 FR OPEN CALL, sedimentation(s) In February 2025, BPM &#8211; Biennale de la Photographie de Mulhouse and Mulhouse Art Contemporain launched a call for entries for a solo exhibition. The exhibition will take place from June 2025 to July 2026 in the public space of an urban park in Mulhouse, and will be part [&hellip;]<\/p>\n","protected":false},"author":3,"featured_media":0,"parent":0,"menu_order":0,"comment_status":"closed","ping_status":"closed","template":"","meta":{"footnotes":""},"categories":[1],"class_list":["post-893","page","type-page","status-publish","hentry","category-non-classe"],"acf":{"photo_gallery":{"gallery":[[{"id":835,"title":"Vue d'exposition sur les Berges de l'Ill, 2024, photographie de Paul Gaffney \u00a9 Malo le Bayon","caption":"Vue d'exposition sur les Berges de l'Ill, 2024, photographie de Paul Gaffney \u00a9 Malo le Bayon","full_image_url":"https:\/\/www.biennale-photo-mulhouse.com\/2026en\/wp-content\/uploads\/sites\/9\/2025\/03\/EXPO_BERGES_DE_LILL_BPM_2024_@MALO_LE_BAYON-1-scaled.jpg","thumbnail_image_url":"https:\/\/www.biennale-photo-mulhouse.com\/2026en\/wp-content\/uploads\/sites\/9\/2025\/03\/EXPO_BERGES_DE_LILL_BPM_2024_@MALO_LE_BAYON-1-scaled.jpg","large_srcset":"https:\/\/www.biennale-photo-mulhouse.com\/2026en\/wp-content\/uploads\/sites\/9\/2025\/03\/EXPO_BERGES_DE_LILL_BPM_2024_@MALO_LE_BAYON-1-scaled.jpg 2560w, https:\/\/www.biennale-photo-mulhouse.com\/2026en\/wp-content\/uploads\/sites\/9\/2025\/03\/EXPO_BERGES_DE_LILL_BPM_2024_@MALO_LE_BAYON-1-768x512.jpg 768w, https:\/\/www.biennale-photo-mulhouse.com\/2026en\/wp-content\/uploads\/sites\/9\/2025\/03\/EXPO_BERGES_DE_LILL_BPM_2024_@MALO_LE_BAYON-1-1536x1024.jpg 1536w, https:\/\/www.biennale-photo-mulhouse.com\/2026en\/wp-content\/uploads\/sites\/9\/2025\/03\/EXPO_BERGES_DE_LILL_BPM_2024_@MALO_LE_BAYON-1-2048x1365.jpg 2048w","medium_srcset":"https:\/\/www.biennale-photo-mulhouse.com\/2026en\/wp-content\/uploads\/sites\/9\/2025\/03\/EXPO_BERGES_DE_LILL_BPM_2024_@MALO_LE_BAYON-1-scaled.jpg 2560w, https:\/\/www.biennale-photo-mulhouse.com\/2026en\/wp-content\/uploads\/sites\/9\/2025\/03\/EXPO_BERGES_DE_LILL_BPM_2024_@MALO_LE_BAYON-1-768x512.jpg 768w, https:\/\/www.biennale-photo-mulhouse.com\/2026en\/wp-content\/uploads\/sites\/9\/2025\/03\/EXPO_BERGES_DE_LILL_BPM_2024_@MALO_LE_BAYON-1-1536x1024.jpg 1536w, https:\/\/www.biennale-photo-mulhouse.com\/2026en\/wp-content\/uploads\/sites\/9\/2025\/03\/EXPO_BERGES_DE_LILL_BPM_2024_@MALO_LE_BAYON-1-2048x1365.jpg 2048w","media_details":{"width":2560,"height":1707,"sizes":{"medium_large":{"file":"EXPO_BERGES_DE_LILL_BPM_2024_@MALO_LE_BAYON-1-768x512.jpg","width":768,"height":512,"mime-type":"image\/jpeg","filesize":145765,"source_url":"https:\/\/www.biennale-photo-mulhouse.com\/2026en\/wp-content\/uploads\/sites\/9\/2025\/03\/EXPO_BERGES_DE_LILL_BPM_2024_@MALO_LE_BAYON-1-768x512.jpg"},"1536x1536":{"file":"EXPO_BERGES_DE_LILL_BPM_2024_@MALO_LE_BAYON-1-1536x1024.jpg","width":1536,"height":1024,"mime-type":"image\/jpeg","filesize":540992,"source_url":"https:\/\/www.biennale-photo-mulhouse.com\/2026en\/wp-content\/uploads\/sites\/9\/2025\/03\/EXPO_BERGES_DE_LILL_BPM_2024_@MALO_LE_BAYON-1-1536x1024.jpg"},"2048x2048":{"file":"EXPO_BERGES_DE_LILL_BPM_2024_@MALO_LE_BAYON-1-2048x1365.jpg","width":2048,"height":1365,"mime-type":"image\/jpeg","filesize":926086,"source_url":"https:\/\/www.biennale-photo-mulhouse.com\/2026en\/wp-content\/uploads\/sites\/9\/2025\/03\/EXPO_BERGES_DE_LILL_BPM_2024_@MALO_LE_BAYON-1-2048x1365.jpg"}}},"alt_text":"","url":"","target":""}]]}},"yoast_head":"<!-- This site is optimized with the Yoast SEO plugin v21.9.1 - https:\/\/yoast.com\/wordpress\/plugins\/seo\/ -->\n<title>Open call, Sedimentation(s) - 2026 Mulhouse Photography Biennial<\/title>\n<meta name=\"description\" content=\"In February 2025, BPM-Biennale de la Photographie de Mulhouse and Mulhouse Art Contemporain launched a call for entries for a solo exhibition.\" \/>\n<meta name=\"robots\" content=\"index, follow, max-snippet:-1, max-image-preview:large, max-video-preview:-1\" \/>\n<link rel=\"canonical\" href=\"https:\/\/www.biennale-photo-mulhouse.com\/2026en\/open-call-sedimentations\/\" \/>\n<meta property=\"og:locale\" content=\"fr_FR\" \/>\n<meta property=\"og:type\" content=\"article\" \/>\n<meta property=\"og:title\" content=\"Open call, Sedimentation(s) - 2026 Mulhouse Photography Biennial\" \/>\n<meta property=\"og:description\" content=\"In February 2025, BPM-Biennale de la Photographie de Mulhouse and Mulhouse Art Contemporain launched a call for entries for a solo exhibition.\" \/>\n<meta property=\"og:url\" content=\"https:\/\/www.biennale-photo-mulhouse.com\/2026en\/open-call-sedimentations\/\" \/>\n<meta property=\"og:site_name\" content=\"2026 Mulhouse Photography Biennial\" \/>\n<meta property=\"article:publisher\" content=\"https:\/\/www.facebook.com\/BiennaleDeLaPhotographieDeMulhouse\" \/>\n<meta property=\"article:modified_time\" content=\"2025-07-09T13:15:51+00:00\" \/>\n<meta property=\"og:image\" content=\"https:\/\/www.biennale-photo-mulhouse.com\/2026en\/wp-content\/uploads\/sites\/9\/2025\/03\/Open-Call-Pascal-Amoyel.jpg\" \/>\n<meta name=\"twitter:card\" content=\"summary_large_image\" \/>\n<meta name=\"twitter:label1\" content=\"Dur\u00e9e de lecture estim\u00e9e\" \/>\n\t<meta name=\"twitter:data1\" content=\"3 minutes\" \/>\n<script type=\"application\/ld+json\" class=\"yoast-schema-graph\">{\"@context\":\"https:\/\/schema.org\",\"@graph\":[{\"@type\":\"WebPage\",\"@id\":\"https:\/\/www.biennale-photo-mulhouse.com\/2026en\/open-call-sedimentations\/\",\"url\":\"https:\/\/www.biennale-photo-mulhouse.com\/2026en\/open-call-sedimentations\/\",\"name\":\"Open call, Sedimentation(s) - 2026 Mulhouse Photography Biennial\",\"isPartOf\":{\"@id\":\"https:\/\/www.biennale-photo-mulhouse.com\/2026en\/#website\"},\"datePublished\":\"2025-04-08T12:42:20+00:00\",\"dateModified\":\"2025-07-09T13:15:51+00:00\",\"description\":\"In February 2025, BPM-Biennale de la Photographie de Mulhouse and Mulhouse Art Contemporain launched a call for entries for a solo exhibition.\",\"breadcrumb\":{\"@id\":\"https:\/\/www.biennale-photo-mulhouse.com\/2026en\/open-call-sedimentations\/#breadcrumb\"},\"inLanguage\":\"fr-FR\",\"potentialAction\":[{\"@type\":\"ReadAction\",\"target\":[\"https:\/\/www.biennale-photo-mulhouse.com\/2026en\/open-call-sedimentations\/\"]}]},{\"@type\":\"BreadcrumbList\",\"@id\":\"https:\/\/www.biennale-photo-mulhouse.com\/2026en\/open-call-sedimentations\/#breadcrumb\",\"itemListElement\":[{\"@type\":\"ListItem\",\"position\":1,\"name\":\"Accueil\",\"item\":\"https:\/\/www.biennale-photo-mulhouse.com\/2026en\/\"},{\"@type\":\"ListItem\",\"position\":2,\"name\":\"Open call, Sedimentation(s)\"}]},{\"@type\":\"WebSite\",\"@id\":\"https:\/\/www.biennale-photo-mulhouse.com\/2026en\/#website\",\"url\":\"https:\/\/www.biennale-photo-mulhouse.com\/2026en\/\",\"name\":\"Biennale de la Photographie de Mulhouse\",\"description\":\"\",\"potentialAction\":[{\"@type\":\"SearchAction\",\"target\":{\"@type\":\"EntryPoint\",\"urlTemplate\":\"https:\/\/www.biennale-photo-mulhouse.com\/2026en\/?s={search_term_string}\"},\"query-input\":\"required name=search_term_string\"}],\"inLanguage\":\"fr-FR\"}]}<\/script>\n<!-- \/ Yoast SEO plugin. -->","yoast_head_json":{"title":"Open call, Sedimentation(s) - 2026 Mulhouse Photography Biennial","description":"In February 2025, BPM-Biennale de la Photographie de Mulhouse and Mulhouse Art Contemporain launched a call for entries for a solo exhibition.","robots":{"index":"index","follow":"follow","max-snippet":"max-snippet:-1","max-image-preview":"max-image-preview:large","max-video-preview":"max-video-preview:-1"},"canonical":"https:\/\/www.biennale-photo-mulhouse.com\/2026en\/open-call-sedimentations\/","og_locale":"fr_FR","og_type":"article","og_title":"Open call, Sedimentation(s) - 2026 Mulhouse Photography Biennial","og_description":"In February 2025, BPM-Biennale de la Photographie de Mulhouse and Mulhouse Art Contemporain launched a call for entries for a solo exhibition.","og_url":"https:\/\/www.biennale-photo-mulhouse.com\/2026en\/open-call-sedimentations\/","og_site_name":"2026 Mulhouse Photography Biennial","article_publisher":"https:\/\/www.facebook.com\/BiennaleDeLaPhotographieDeMulhouse","article_modified_time":"2025-07-09T13:15:51+00:00","og_image":[{"url":"https:\/\/www.biennale-photo-mulhouse.com\/2026en\/wp-content\/uploads\/sites\/9\/2025\/03\/Open-Call-Pascal-Amoyel.jpg"}],"twitter_card":"summary_large_image","twitter_misc":{"Dur\u00e9e de lecture estim\u00e9e":"3 minutes"},"schema":{"@context":"https:\/\/schema.org","@graph":[{"@type":"WebPage","@id":"https:\/\/www.biennale-photo-mulhouse.com\/2026en\/open-call-sedimentations\/","url":"https:\/\/www.biennale-photo-mulhouse.com\/2026en\/open-call-sedimentations\/","name":"Open call, Sedimentation(s) - 2026 Mulhouse Photography Biennial","isPartOf":{"@id":"https:\/\/www.biennale-photo-mulhouse.com\/2026en\/#website"},"datePublished":"2025-04-08T12:42:20+00:00","dateModified":"2025-07-09T13:15:51+00:00","description":"In February 2025, BPM-Biennale de la Photographie de Mulhouse and Mulhouse Art Contemporain launched a call for entries for a solo exhibition.","breadcrumb":{"@id":"https:\/\/www.biennale-photo-mulhouse.com\/2026en\/open-call-sedimentations\/#breadcrumb"},"inLanguage":"fr-FR","potentialAction":[{"@type":"ReadAction","target":["https:\/\/www.biennale-photo-mulhouse.com\/2026en\/open-call-sedimentations\/"]}]},{"@type":"BreadcrumbList","@id":"https:\/\/www.biennale-photo-mulhouse.com\/2026en\/open-call-sedimentations\/#breadcrumb","itemListElement":[{"@type":"ListItem","position":1,"name":"Accueil","item":"https:\/\/www.biennale-photo-mulhouse.com\/2026en\/"},{"@type":"ListItem","position":2,"name":"Open call, Sedimentation(s)"}]},{"@type":"WebSite","@id":"https:\/\/www.biennale-photo-mulhouse.com\/2026en\/#website","url":"https:\/\/www.biennale-photo-mulhouse.com\/2026en\/","name":"Biennale de la Photographie de Mulhouse","description":"","potentialAction":[{"@type":"SearchAction","target":{"@type":"EntryPoint","urlTemplate":"https:\/\/www.biennale-photo-mulhouse.com\/2026en\/?s={search_term_string}"},"query-input":"required name=search_term_string"}],"inLanguage":"fr-FR"}]}},"_links":{"self":[{"href":"https:\/\/www.biennale-photo-mulhouse.com\/2026en\/wp-json\/wp\/v2\/pages\/893","targetHints":{"allow":["GET"]}}],"collection":[{"href":"https:\/\/www.biennale-photo-mulhouse.com\/2026en\/wp-json\/wp\/v2\/pages"}],"about":[{"href":"https:\/\/www.biennale-photo-mulhouse.com\/2026en\/wp-json\/wp\/v2\/types\/page"}],"author":[{"embeddable":true,"href":"https:\/\/www.biennale-photo-mulhouse.com\/2026en\/wp-json\/wp\/v2\/users\/3"}],"replies":[{"embeddable":true,"href":"https:\/\/www.biennale-photo-mulhouse.com\/2026en\/wp-json\/wp\/v2\/comments?post=893"}],"version-history":[{"count":8,"href":"https:\/\/www.biennale-photo-mulhouse.com\/2026en\/wp-json\/wp\/v2\/pages\/893\/revisions"}],"predecessor-version":[{"id":1016,"href":"https:\/\/www.biennale-photo-mulhouse.com\/2026en\/wp-json\/wp\/v2\/pages\/893\/revisions\/1016"}],"wp:attachment":[{"href":"https:\/\/www.biennale-photo-mulhouse.com\/2026en\/wp-json\/wp\/v2\/media?parent=893"}],"wp:term":[{"taxonomy":"category","embeddable":true,"href":"https:\/\/www.biennale-photo-mulhouse.com\/2026en\/wp-json\/wp\/v2\/categories?post=893"}],"curies":[{"name":"wp","href":"https:\/\/api.w.org\/{rel}","templated":true}]}}