{"id":1224,"date":"2026-03-27T14:30:11","date_gmt":"2026-03-27T13:30:11","guid":{"rendered":"https:\/\/www.biennale-photo-mulhouse.com\/2026en\/?page_id=1224"},"modified":"2026-04-09T11:00:47","modified_gmt":"2026-04-09T09:00:47","slug":"cardinal-point-v","status":"publish","type":"page","link":"https:\/\/www.biennale-photo-mulhouse.com\/2026en\/cardinal-point-v\/","title":{"rendered":"Cardinal Point V"},"content":{"rendered":"<p><span class=\"small\"><strong>EN \u2b62 <\/strong><\/span><a href=\"https:\/\/www.biennale-photo-mulhouse.com\/2026\/?page_id=1325&amp;preview=true\"><span class=\"small\"><strong>FR<\/strong><\/span><\/a><\/p>\n<h1><span class=\"theme_color\"><em>Point Cardinal V <\/em><\/span><br \/>\n<span class=\"theme_color small\"><em>(Cardinal Point V)<\/em><\/span><\/h1>\n<h2>With and by students from art schools in the Grand Est region and their photography teachers<\/h2>\n<p class=\"offsetted\"><strong>Along the Rh\u00f4ne to Rhine canal (across from the Textile Printing Museum) and on the forecourt Adrien Zeller (in front of the train station), Mulhouse<\/strong><br \/>\n<span class=\"theme_color\">June 5 &#8211; July 5\u00a0<\/span><br \/>\n<span class=\"theme_color\">24h\/24<\/span><br \/>\n<span class=\"theme_color\"><strong>Guided tour on friday June 5 at 4p.m.<\/strong><\/span><\/p>\n<p>Presented as a display along the canal banks and on the train station forecourt, the exhibition features around 80 posters of students&rsquo; photographs created as part of courses taught by Constance Nouvel, Estefan\u00eda Pe\u00f1afiel-Loaiza and Delphine Gatinois (\u00c9SAL Metz and \u00c9pinal), Andrea Keen (ENSAD Nancy), and Laurent Montaron (ESAD Reims), Isabelle Le Minh and Anne Immel\u00e9 (HEAR Strasbourg-Mulhouse). During the 2025\u20132026 academic year, the students worked on the theme of the BPM 2026, <em>Sedimentation(s)<\/em>. The result is a diverse range of works that demonstrate the vitality of emerging artistic creation.<\/p>\n<p>As part of a collaboration between HEAR, the French Institute of Cambodia, and Studio Images in Phnom Penh\u2014the only higher education institution exclusively dedicated to teaching photography in all of Southeast Asia\u2014Cambodian students were also invited to reflect on the festival\u2019s theme. Six of them are participating in the <span class=\"theme_color\"><em>Point Cardinal V<\/em><\/span> exhibition alongside students from art schools in the Grand Est region.<\/p>\n<p><strong>The installation on the forecourt was made possible thanks to patronage from JCDecaux.<\/strong><\/p>\n<p><span class=\"theme_color\"><strong>The exhibition presents the work of :\u00a0<\/strong><\/span><\/p>\n<p class=\"offsetted with_color_diamond\"><em>students from HEAR Mulhouse<\/em> : Margarita Asylgaraeva, \u00c9milie Barral, Andr\u00e9a Besset, Pauline Carre, Camille Challier, Laurine Cratchley, Dana\u00e9 Kamitsis, Bertille Ranchin, Pierre-Olivier Smadja, Yi Zhou<\/p>\n<p class=\"offsetted with_color_diamond\"><em>students from HEAR Strasbourg<\/em> :\u00a0 Elvira Alvarez-Fernandez, Alice Claudel, Tess Duffau-Bruy\u00e8re, Thomas Gallardo-Ledezma, Reem Jamal, B\u00e9n\u00e9dicte Lalo, No\u00e9mie Massol-Rai, \u00c9lie Regazzoni Wimmer, Zo\u00e9 Schlindwein<\/p>\n<p class=\"offsetted with_color_diamond\"><em>students from \u00c9SAL Metz :\u00a0<\/em>L\u00e9a Coutant, Lisandre Crochet, Charly Gillet, Aloona Godard, Ga\u00ebl Guilbert, Eva Gresson, Ma\u00e9 Idaczyk, Tehani Klein, Eike Llamas, Madeleine Rieffel, Max Romaniuk, Sarah-Line Sayasithsena, Tiane Yao, Xiaonan Wang, Jiayi Zou<\/p>\n<p class=\"offsetted with_color_diamond\"><em>students from \u00c9SAL \u00c9pinal<\/em> : \u00a0Emeline Aumont, Pauline Bastid, Illona Baue, Judith Cattan, Lou Darnaudet, Louison Javel, Cl\u00e9mence Picard, Lila Poulain, Ad\u00e8le Santin, Anton Struts, Chlo\u00e9 Vallery-Radot<\/p>\n<p class=\"offsetted with_color_diamond\"><em>students from ENSAD Nancy<\/em> : Basile Bord, Cl\u00e9mence Chotin, Gabrielle Combe, Lison Kinder, Lisa Logeard, Ash Mialot, Aline Neri, Elisa Peccolo, Emma Thiebaut, Nilufar Zaribaf<\/p>\n<p class=\"offsetted with_color_diamond\"><em>students from ESAD Reims<\/em> : Chlo\u00e9 Assouad, Thadd\u00e9e Batifol-Flasseur, Mathieu Bernard, Emma Bonnet, Elane Boutier, Milo Butta, Aeryn Cordonnier, May le Guevel-Lopez,\u00a0 Zara Jubica, Chlo\u00e9 Lavillauroy, Cl\u00e9mence Lottin, Salom\u00e9 Mattlin, Charli Torossian<\/p>\n<p class=\"offsetted with_color_diamond\"><em>students from Studio Images in Phnom Penh<\/em> : Minea Chham, Kimhong Chhen, Samnang Chum, Reaksa Im, So Thern Keng<\/p>\n<p><img loading=\"lazy\" decoding=\"async\" class=\"alignnone size-full wp-image-1226\" src=\"https:\/\/www.biennale-photo-mulhouse.com\/2026en\/wp-content\/uploads\/sites\/9\/2026\/03\/Milo-Butta-ESAD-Reims-scaled.jpg\" alt=\"\" width=\"2048\" height=\"2560\" srcset=\"https:\/\/www.biennale-photo-mulhouse.com\/2026en\/wp-content\/uploads\/sites\/9\/2026\/03\/Milo-Butta-ESAD-Reims-scaled.jpg 2048w, https:\/\/www.biennale-photo-mulhouse.com\/2026en\/wp-content\/uploads\/sites\/9\/2026\/03\/Milo-Butta-ESAD-Reims-768x960.jpg 768w, https:\/\/www.biennale-photo-mulhouse.com\/2026en\/wp-content\/uploads\/sites\/9\/2026\/03\/Milo-Butta-ESAD-Reims-1229x1536.jpg 1229w, https:\/\/www.biennale-photo-mulhouse.com\/2026en\/wp-content\/uploads\/sites\/9\/2026\/03\/Milo-Butta-ESAD-Reims-1638x2048.jpg 1638w\" sizes=\"auto, (max-width: 2048px) 100vw, 2048px\" \/><\/p>\n<p class=\"img_caption\">Milo Butta, ESAD Reims<\/p>\n<p><img loading=\"lazy\" decoding=\"async\" class=\"alignnone size-full wp-image-1268\" src=\"https:\/\/www.biennale-photo-mulhouse.com\/2026en\/wp-content\/uploads\/sites\/9\/2026\/04\/BPM-Metz-SAYASITHSENA_SarahLine-BD.jpg\" alt=\"\" width=\"850\" height=\"567\" srcset=\"https:\/\/www.biennale-photo-mulhouse.com\/2026en\/wp-content\/uploads\/sites\/9\/2026\/04\/BPM-Metz-SAYASITHSENA_SarahLine-BD.jpg 850w, https:\/\/www.biennale-photo-mulhouse.com\/2026en\/wp-content\/uploads\/sites\/9\/2026\/04\/BPM-Metz-SAYASITHSENA_SarahLine-BD-768x512.jpg 768w\" sizes=\"auto, (max-width: 850px) 100vw, 850px\" \/><\/p>\n<p class=\"img_caption\">Sarah-Line Sayasithsena, \u00c9SAL Metz<\/p>\n<p>&nbsp;<\/p>\n<p class=\"img_caption\"><img loading=\"lazy\" decoding=\"async\" class=\"alignnone size-full wp-image-1227\" src=\"https:\/\/www.biennale-photo-mulhouse.com\/2026en\/wp-content\/uploads\/sites\/9\/2026\/03\/Pauline-Carre-Mine-dargent-HEAR-Mulhouse-scaled.jpg\" alt=\"\" width=\"1707\" height=\"2560\" srcset=\"https:\/\/www.biennale-photo-mulhouse.com\/2026en\/wp-content\/uploads\/sites\/9\/2026\/03\/Pauline-Carre-Mine-dargent-HEAR-Mulhouse-scaled.jpg 1707w, https:\/\/www.biennale-photo-mulhouse.com\/2026en\/wp-content\/uploads\/sites\/9\/2026\/03\/Pauline-Carre-Mine-dargent-HEAR-Mulhouse-768x1152.jpg 768w, https:\/\/www.biennale-photo-mulhouse.com\/2026en\/wp-content\/uploads\/sites\/9\/2026\/03\/Pauline-Carre-Mine-dargent-HEAR-Mulhouse-1024x1536.jpg 1024w, https:\/\/www.biennale-photo-mulhouse.com\/2026en\/wp-content\/uploads\/sites\/9\/2026\/03\/Pauline-Carre-Mine-dargent-HEAR-Mulhouse-1365x2048.jpg 1365w\" sizes=\"auto, (max-width: 1707px) 100vw, 1707px\" \/><\/p>\n<p class=\"img_caption\">Pauline Carr\u00e9, Mine d\u2019argent, HEAR Mulhouse<\/p>\n","protected":false},"excerpt":{"rendered":"<p>EN \u2b62 FR Point Cardinal V (Cardinal Point V) With and by students from art schools in the Grand Est region and their photography teachers Along the Rh\u00f4ne to Rhine canal (across from the Textile Printing Museum) and on the forecourt Adrien Zeller (in front of the train station), Mulhouse June 5 &#8211; July 5\u00a0 [&hellip;]<\/p>\n","protected":false},"author":3,"featured_media":0,"parent":0,"menu_order":0,"comment_status":"closed","ping_status":"closed","template":"","meta":{"footnotes":""},"categories":[1],"class_list":["post-1224","page","type-page","status-publish","hentry","category-non-classe"],"acf":{"photo_gallery":{"gallery":[[{"id":1225,"title":"nilufar zaribaf_nancy_300dpi","caption":"Nilufar Zaribaf, ENSAD Nancy","full_image_url":"https:\/\/www.biennale-photo-mulhouse.com\/2026en\/wp-content\/uploads\/sites\/9\/2026\/03\/nilufar-zaribaf_nancy_300dpi.jpg","thumbnail_image_url":"https:\/\/www.biennale-photo-mulhouse.com\/2026en\/wp-content\/uploads\/sites\/9\/2026\/03\/nilufar-zaribaf_nancy_300dpi.jpg","large_srcset":"https:\/\/www.biennale-photo-mulhouse.com\/2026en\/wp-content\/uploads\/sites\/9\/2026\/03\/nilufar-zaribaf_nancy_300dpi.jpg 1772w, https:\/\/www.biennale-photo-mulhouse.com\/2026en\/wp-content\/uploads\/sites\/9\/2026\/03\/nilufar-zaribaf_nancy_300dpi-768x536.jpg 768w, https:\/\/www.biennale-photo-mulhouse.com\/2026en\/wp-content\/uploads\/sites\/9\/2026\/03\/nilufar-zaribaf_nancy_300dpi-1536x1072.jpg 1536w","medium_srcset":"https:\/\/www.biennale-photo-mulhouse.com\/2026en\/wp-content\/uploads\/sites\/9\/2026\/03\/nilufar-zaribaf_nancy_300dpi.jpg 1772w, https:\/\/www.biennale-photo-mulhouse.com\/2026en\/wp-content\/uploads\/sites\/9\/2026\/03\/nilufar-zaribaf_nancy_300dpi-768x536.jpg 768w, https:\/\/www.biennale-photo-mulhouse.com\/2026en\/wp-content\/uploads\/sites\/9\/2026\/03\/nilufar-zaribaf_nancy_300dpi-1536x1072.jpg 1536w","media_details":{"width":1772,"height":1237,"sizes":{"medium_large":{"file":"nilufar-zaribaf_nancy_300dpi-768x536.jpg","width":768,"height":536,"mime-type":"image\/jpeg","filesize":58447,"source_url":"https:\/\/www.biennale-photo-mulhouse.com\/2026en\/wp-content\/uploads\/sites\/9\/2026\/03\/nilufar-zaribaf_nancy_300dpi-768x536.jpg"},"1536x1536":{"file":"nilufar-zaribaf_nancy_300dpi-1536x1072.jpg","width":1536,"height":1072,"mime-type":"image\/jpeg","filesize":187184,"source_url":"https:\/\/www.biennale-photo-mulhouse.com\/2026en\/wp-content\/uploads\/sites\/9\/2026\/03\/nilufar-zaribaf_nancy_300dpi-1536x1072.jpg"}}},"alt_text":"","url":"","target":""}]]}},"yoast_head":"<!-- This site is optimized with the Yoast SEO plugin v21.9.1 - https:\/\/yoast.com\/wordpress\/plugins\/seo\/ -->\n<title>Cardinal Point V - 2026 Mulhouse Photography Biennial<\/title>\n<meta name=\"description\" content=\"Presented as a display along the canal banks and on the train station forecourt, the exhibition features around 80 students&#039; photographs\" \/>\n<meta name=\"robots\" content=\"index, follow, max-snippet:-1, max-image-preview:large, max-video-preview:-1\" \/>\n<link rel=\"canonical\" href=\"https:\/\/www.biennale-photo-mulhouse.com\/2026en\/cardinal-point-v\/\" \/>\n<meta property=\"og:locale\" content=\"fr_FR\" \/>\n<meta property=\"og:type\" content=\"article\" \/>\n<meta property=\"og:title\" content=\"Cardinal Point V - 2026 Mulhouse Photography Biennial\" \/>\n<meta property=\"og:description\" content=\"Presented as a display along the canal banks and on the train station forecourt, the exhibition features around 80 students&#039; photographs\" \/>\n<meta property=\"og:url\" content=\"https:\/\/www.biennale-photo-mulhouse.com\/2026en\/cardinal-point-v\/\" \/>\n<meta property=\"og:site_name\" content=\"2026 Mulhouse Photography Biennial\" \/>\n<meta property=\"article:publisher\" content=\"https:\/\/www.facebook.com\/BiennaleDeLaPhotographieDeMulhouse\" \/>\n<meta property=\"article:modified_time\" content=\"2026-04-09T09:00:47+00:00\" \/>\n<meta property=\"og:image\" content=\"https:\/\/www.biennale-photo-mulhouse.com\/2026en\/wp-content\/uploads\/sites\/9\/2026\/03\/Milo-Butta-ESAD-Reims-scaled.jpg\" \/>\n<meta name=\"twitter:card\" content=\"summary_large_image\" \/>\n<meta name=\"twitter:label1\" content=\"Dur\u00e9e de lecture estim\u00e9e\" \/>\n\t<meta name=\"twitter:data1\" content=\"3 minutes\" \/>\n<script type=\"application\/ld+json\" class=\"yoast-schema-graph\">{\"@context\":\"https:\/\/schema.org\",\"@graph\":[{\"@type\":\"WebPage\",\"@id\":\"https:\/\/www.biennale-photo-mulhouse.com\/2026en\/cardinal-point-v\/\",\"url\":\"https:\/\/www.biennale-photo-mulhouse.com\/2026en\/cardinal-point-v\/\",\"name\":\"Cardinal Point V - 2026 Mulhouse Photography Biennial\",\"isPartOf\":{\"@id\":\"https:\/\/www.biennale-photo-mulhouse.com\/2026en\/#website\"},\"datePublished\":\"2026-03-27T13:30:11+00:00\",\"dateModified\":\"2026-04-09T09:00:47+00:00\",\"description\":\"Presented as a display along the canal banks and on the train station forecourt, the exhibition features around 80 students' photographs\",\"breadcrumb\":{\"@id\":\"https:\/\/www.biennale-photo-mulhouse.com\/2026en\/cardinal-point-v\/#breadcrumb\"},\"inLanguage\":\"fr-FR\",\"potentialAction\":[{\"@type\":\"ReadAction\",\"target\":[\"https:\/\/www.biennale-photo-mulhouse.com\/2026en\/cardinal-point-v\/\"]}]},{\"@type\":\"BreadcrumbList\",\"@id\":\"https:\/\/www.biennale-photo-mulhouse.com\/2026en\/cardinal-point-v\/#breadcrumb\",\"itemListElement\":[{\"@type\":\"ListItem\",\"position\":1,\"name\":\"Accueil\",\"item\":\"https:\/\/www.biennale-photo-mulhouse.com\/2026en\/\"},{\"@type\":\"ListItem\",\"position\":2,\"name\":\"Cardinal Point V\"}]},{\"@type\":\"WebSite\",\"@id\":\"https:\/\/www.biennale-photo-mulhouse.com\/2026en\/#website\",\"url\":\"https:\/\/www.biennale-photo-mulhouse.com\/2026en\/\",\"name\":\"Biennale de la Photographie de Mulhouse\",\"description\":\"\",\"potentialAction\":[{\"@type\":\"SearchAction\",\"target\":{\"@type\":\"EntryPoint\",\"urlTemplate\":\"https:\/\/www.biennale-photo-mulhouse.com\/2026en\/?s={search_term_string}\"},\"query-input\":\"required name=search_term_string\"}],\"inLanguage\":\"fr-FR\"}]}<\/script>\n<!-- \/ Yoast SEO plugin. -->","yoast_head_json":{"title":"Cardinal Point V - 2026 Mulhouse Photography Biennial","description":"Presented as a display along the canal banks and on the train station forecourt, the exhibition features around 80 students' photographs","robots":{"index":"index","follow":"follow","max-snippet":"max-snippet:-1","max-image-preview":"max-image-preview:large","max-video-preview":"max-video-preview:-1"},"canonical":"https:\/\/www.biennale-photo-mulhouse.com\/2026en\/cardinal-point-v\/","og_locale":"fr_FR","og_type":"article","og_title":"Cardinal Point V - 2026 Mulhouse Photography Biennial","og_description":"Presented as a display along the canal banks and on the train station forecourt, the exhibition features around 80 students' photographs","og_url":"https:\/\/www.biennale-photo-mulhouse.com\/2026en\/cardinal-point-v\/","og_site_name":"2026 Mulhouse Photography Biennial","article_publisher":"https:\/\/www.facebook.com\/BiennaleDeLaPhotographieDeMulhouse","article_modified_time":"2026-04-09T09:00:47+00:00","og_image":[{"url":"https:\/\/www.biennale-photo-mulhouse.com\/2026en\/wp-content\/uploads\/sites\/9\/2026\/03\/Milo-Butta-ESAD-Reims-scaled.jpg"}],"twitter_card":"summary_large_image","twitter_misc":{"Dur\u00e9e de lecture estim\u00e9e":"3 minutes"},"schema":{"@context":"https:\/\/schema.org","@graph":[{"@type":"WebPage","@id":"https:\/\/www.biennale-photo-mulhouse.com\/2026en\/cardinal-point-v\/","url":"https:\/\/www.biennale-photo-mulhouse.com\/2026en\/cardinal-point-v\/","name":"Cardinal Point V - 2026 Mulhouse Photography Biennial","isPartOf":{"@id":"https:\/\/www.biennale-photo-mulhouse.com\/2026en\/#website"},"datePublished":"2026-03-27T13:30:11+00:00","dateModified":"2026-04-09T09:00:47+00:00","description":"Presented as a display along the canal banks and on the train station forecourt, the exhibition features around 80 students' photographs","breadcrumb":{"@id":"https:\/\/www.biennale-photo-mulhouse.com\/2026en\/cardinal-point-v\/#breadcrumb"},"inLanguage":"fr-FR","potentialAction":[{"@type":"ReadAction","target":["https:\/\/www.biennale-photo-mulhouse.com\/2026en\/cardinal-point-v\/"]}]},{"@type":"BreadcrumbList","@id":"https:\/\/www.biennale-photo-mulhouse.com\/2026en\/cardinal-point-v\/#breadcrumb","itemListElement":[{"@type":"ListItem","position":1,"name":"Accueil","item":"https:\/\/www.biennale-photo-mulhouse.com\/2026en\/"},{"@type":"ListItem","position":2,"name":"Cardinal Point V"}]},{"@type":"WebSite","@id":"https:\/\/www.biennale-photo-mulhouse.com\/2026en\/#website","url":"https:\/\/www.biennale-photo-mulhouse.com\/2026en\/","name":"Biennale de la Photographie de Mulhouse","description":"","potentialAction":[{"@type":"SearchAction","target":{"@type":"EntryPoint","urlTemplate":"https:\/\/www.biennale-photo-mulhouse.com\/2026en\/?s={search_term_string}"},"query-input":"required name=search_term_string"}],"inLanguage":"fr-FR"}]}},"_links":{"self":[{"href":"https:\/\/www.biennale-photo-mulhouse.com\/2026en\/wp-json\/wp\/v2\/pages\/1224","targetHints":{"allow":["GET"]}}],"collection":[{"href":"https:\/\/www.biennale-photo-mulhouse.com\/2026en\/wp-json\/wp\/v2\/pages"}],"about":[{"href":"https:\/\/www.biennale-photo-mulhouse.com\/2026en\/wp-json\/wp\/v2\/types\/page"}],"author":[{"embeddable":true,"href":"https:\/\/www.biennale-photo-mulhouse.com\/2026en\/wp-json\/wp\/v2\/users\/3"}],"replies":[{"embeddable":true,"href":"https:\/\/www.biennale-photo-mulhouse.com\/2026en\/wp-json\/wp\/v2\/comments?post=1224"}],"version-history":[{"count":10,"href":"https:\/\/www.biennale-photo-mulhouse.com\/2026en\/wp-json\/wp\/v2\/pages\/1224\/revisions"}],"predecessor-version":[{"id":1284,"href":"https:\/\/www.biennale-photo-mulhouse.com\/2026en\/wp-json\/wp\/v2\/pages\/1224\/revisions\/1284"}],"wp:attachment":[{"href":"https:\/\/www.biennale-photo-mulhouse.com\/2026en\/wp-json\/wp\/v2\/media?parent=1224"}],"wp:term":[{"taxonomy":"category","embeddable":true,"href":"https:\/\/www.biennale-photo-mulhouse.com\/2026en\/wp-json\/wp\/v2\/categories?post=1224"}],"curies":[{"name":"wp","href":"https:\/\/api.w.org\/{rel}","templated":true}]}}