{"id":515,"date":"2024-06-26T13:50:34","date_gmt":"2024-06-26T11:50:34","guid":{"rendered":"https:\/\/www.biennale-photo-mulhouse.com\/2026\/?page_id=515"},"modified":"2025-06-26T15:00:54","modified_gmt":"2025-06-26T13:00:54","slug":"la-bpm-biennale-de-la-photographie-de-mulhouse","status":"publish","type":"page","link":"https:\/\/www.biennale-photo-mulhouse.com\/2026\/la-bpm-biennale-de-la-photographie-de-mulhouse\/","title":{"rendered":"La BPM &#8211; Biennale de la Photographie de Mulhouse"},"content":{"rendered":"<p><span class=\"small\"><strong>FR \u2b62 <a href=\"https:\/\/www.biennale-photo-mulhouse.com\/2026en\/mpb-mulhouse-photography-biennial\/\">ENG<\/a><\/strong><\/span><\/p>\n<h1>La BPM &#8211; Biennale de la Photographie de Mulhouse<\/h1>\n<p class=\"offsetted\"><span class=\"theme_color\">\u00ab La BPM a pour objectif de montrer une pratique photographique contemporaine en perp\u00e9tuel mouvement et interrogation. Le rapport <\/span><span class=\"theme_color\">de la production photographique \u00e0 sa contemporan\u00e9it\u00e9 est l\u2019un des axes de la programmation : son rapport \u00e0 l\u2019\u00e9volution du m\u00e9dium mais aussi au contexte \u00e9cologique, social, \u00e9conomique. \u00bb<\/span><\/p>\n<p class=\"offsetted\">Anne Immel\u00e9, directrice artistique<\/p>\n<p>La BPM est un festival qui donne une place aux visions singuli\u00e8res des photographes sur notre monde et qui, en ce sens, soutient la cr\u00e9ation contemporaine. Ainsi, au-del\u00e0 d\u2019\u00eatre une manifestation promouvant particuli\u00e8rement les \u00e9changes transfrontaliers et un plus grand respect de notre environnement, le festival accueille r\u00e9guli\u00e8rement des artistes en r\u00e9sidence pour leur permettre l\u2019approfondissement de recherches ou la production d\u2019\u0153uvres. La BPM poursuit une double vocation : ouvrir le spectre photographique \u00e0 l\u2019international tout en d\u00e9tectant et valorisant l\u2019\u00e9mergence en photographie.<\/p>\n<p>Six \u00e9ditions du festival ont d\u00e9j\u00e0 eu lieu et ont propos\u00e9 chacune une douzaine d&rsquo;expositions \u00e0 Mulhouse et alentour.\u00a0 Le festival s\u2019est d\u00e9ploy\u00e9 dans de nombreux lieux culturels et patrimoniaux (Mus\u00e9e des Beaux-Arts, Mus\u00e9e de l\u2019Impression sur \u00c9toffes, Biblioth\u00e8que Grand\u2019Rue, galerie de la Filature, Chapelle Saint-Jean, Tour de l\u2019Europe, etc) mais \u00e9galement dans l\u2019espace public (le long des berges de l\u2019Ill et du canal de la Marne au Rhin, sur le parvis de la gare de Mulhouse).<\/p>\n<p>Mulhouse, terre de migrations \u00e0 la position strat\u00e9gique dans le Rhin sup\u00e9rieur, ville jeune et cosmopolite, offre un cadre singulier pour cette manifestation d\u00e9sormais bien ancr\u00e9e sur son territoire et soutenue par la Ville de de Mulhouse, la DRAC Grand Est, la R\u00e9gion Grand Est, la Collectivit\u00e9 Europ\u00e9enne d\u2019Alsace, ainsi que la ville allemande de Fribourg-en-Brisgau.<\/p>\n<p>&nbsp;<\/p>\n<p>&nbsp;<\/p>\n","protected":false},"excerpt":{"rendered":"<p>FR \u2b62 ENG La BPM &#8211; Biennale de la Photographie de Mulhouse \u00ab La BPM a pour objectif de montrer une pratique photographique contemporaine en perp\u00e9tuel mouvement et interrogation. Le rapport de la production photographique \u00e0 sa contemporan\u00e9it\u00e9 est l\u2019un des axes de la programmation : son rapport \u00e0 l\u2019\u00e9volution du m\u00e9dium mais aussi au [&hellip;]<\/p>\n","protected":false},"author":3,"featured_media":0,"parent":0,"menu_order":0,"comment_status":"closed","ping_status":"closed","template":"","meta":{"footnotes":""},"categories":[1],"class_list":["post-515","page","type-page","status-publish","hentry","category-non-classe"],"acf":{"photo_gallery":{"gallery":[[{"id":976,"title":"DSC08984(1)","caption":"Vue de l'exposition <i>Altiplano<\/i>, 2025","full_image_url":"https:\/\/www.biennale-photo-mulhouse.com\/2026\/wp-content\/uploads\/sites\/7\/2025\/06\/DSC089841-scaled.jpg","thumbnail_image_url":"https:\/\/www.biennale-photo-mulhouse.com\/2026\/wp-content\/uploads\/sites\/7\/2025\/06\/DSC089841-scaled.jpg","large_srcset":"https:\/\/www.biennale-photo-mulhouse.com\/2026\/wp-content\/uploads\/sites\/7\/2025\/06\/DSC089841-scaled.jpg 2560w, https:\/\/www.biennale-photo-mulhouse.com\/2026\/wp-content\/uploads\/sites\/7\/2025\/06\/DSC089841-768x510.jpg 768w, https:\/\/www.biennale-photo-mulhouse.com\/2026\/wp-content\/uploads\/sites\/7\/2025\/06\/DSC089841-1536x1019.jpg 1536w, https:\/\/www.biennale-photo-mulhouse.com\/2026\/wp-content\/uploads\/sites\/7\/2025\/06\/DSC089841-2048x1359.jpg 2048w","medium_srcset":"https:\/\/www.biennale-photo-mulhouse.com\/2026\/wp-content\/uploads\/sites\/7\/2025\/06\/DSC089841-scaled.jpg 2560w, https:\/\/www.biennale-photo-mulhouse.com\/2026\/wp-content\/uploads\/sites\/7\/2025\/06\/DSC089841-768x510.jpg 768w, https:\/\/www.biennale-photo-mulhouse.com\/2026\/wp-content\/uploads\/sites\/7\/2025\/06\/DSC089841-1536x1019.jpg 1536w, https:\/\/www.biennale-photo-mulhouse.com\/2026\/wp-content\/uploads\/sites\/7\/2025\/06\/DSC089841-2048x1359.jpg 2048w","media_details":{"width":2560,"height":1699,"sizes":{"medium_large":{"file":"DSC089841-768x510.jpg","width":768,"height":510,"mime-type":"image\/jpeg","filesize":105966,"source_url":"https:\/\/www.biennale-photo-mulhouse.com\/2026\/wp-content\/uploads\/sites\/7\/2025\/06\/DSC089841-768x510.jpg"},"1536x1536":{"file":"DSC089841-1536x1019.jpg","width":1536,"height":1019,"mime-type":"image\/jpeg","filesize":397389,"source_url":"https:\/\/www.biennale-photo-mulhouse.com\/2026\/wp-content\/uploads\/sites\/7\/2025\/06\/DSC089841-1536x1019.jpg"},"2048x2048":{"file":"DSC089841-2048x1359.jpg","width":2048,"height":1359,"mime-type":"image\/jpeg","filesize":660110,"source_url":"https:\/\/www.biennale-photo-mulhouse.com\/2026\/wp-content\/uploads\/sites\/7\/2025\/06\/DSC089841-2048x1359.jpg"}}},"alt_text":"","url":"","target":""}]]}},"yoast_head":"<!-- This site is optimized with the Yoast SEO plugin v21.9.1 - https:\/\/yoast.com\/wordpress\/plugins\/seo\/ -->\n<title>La BPM - Biennale de la Photographie de Mulhouse - BPM 2026 - Biennale de la Photographie de Mulhouse 2026<\/title>\n<meta name=\"description\" content=\"La Biennale de la Photographie de Mulhouse est un festival transfrontalier dont la volont\u00e9 est de diffuser la photographie contemporaine.\" \/>\n<meta name=\"robots\" content=\"index, follow, max-snippet:-1, max-image-preview:large, max-video-preview:-1\" \/>\n<link rel=\"canonical\" href=\"https:\/\/www.biennale-photo-mulhouse.com\/2026\/la-bpm-biennale-de-la-photographie-de-mulhouse\/\" \/>\n<meta property=\"og:locale\" content=\"fr_FR\" \/>\n<meta property=\"og:type\" content=\"article\" \/>\n<meta property=\"og:title\" content=\"La BPM - Biennale de la Photographie de Mulhouse - BPM 2026 - Biennale de la Photographie de Mulhouse 2026\" \/>\n<meta property=\"og:description\" content=\"La Biennale de la Photographie de Mulhouse est un festival transfrontalier dont la volont\u00e9 est de diffuser la photographie contemporaine.\" \/>\n<meta property=\"og:url\" content=\"https:\/\/www.biennale-photo-mulhouse.com\/2026\/la-bpm-biennale-de-la-photographie-de-mulhouse\/\" \/>\n<meta property=\"og:site_name\" content=\"BPM 2026 - Biennale de la Photographie de Mulhouse 2026\" \/>\n<meta property=\"article:publisher\" content=\"https:\/\/www.facebook.com\/BiennaleDeLaPhotographieDeMulhouse\" \/>\n<meta property=\"article:modified_time\" content=\"2025-06-26T13:00:54+00:00\" \/>\n<meta name=\"twitter:card\" content=\"summary_large_image\" \/>\n<meta name=\"twitter:label1\" content=\"Dur\u00e9e de lecture estim\u00e9e\" \/>\n\t<meta name=\"twitter:data1\" content=\"2 minutes\" \/>\n<script type=\"application\/ld+json\" class=\"yoast-schema-graph\">{\"@context\":\"https:\/\/schema.org\",\"@graph\":[{\"@type\":\"WebPage\",\"@id\":\"https:\/\/www.biennale-photo-mulhouse.com\/2026\/la-bpm-biennale-de-la-photographie-de-mulhouse\/\",\"url\":\"https:\/\/www.biennale-photo-mulhouse.com\/2026\/la-bpm-biennale-de-la-photographie-de-mulhouse\/\",\"name\":\"La BPM - Biennale de la Photographie de Mulhouse - BPM 2026 - Biennale de la Photographie de Mulhouse 2026\",\"isPartOf\":{\"@id\":\"https:\/\/www.biennale-photo-mulhouse.com\/2026\/#website\"},\"datePublished\":\"2024-06-26T11:50:34+00:00\",\"dateModified\":\"2025-06-26T13:00:54+00:00\",\"description\":\"La Biennale de la Photographie de Mulhouse est un festival transfrontalier dont la volont\u00e9 est de diffuser la photographie contemporaine.\",\"breadcrumb\":{\"@id\":\"https:\/\/www.biennale-photo-mulhouse.com\/2026\/la-bpm-biennale-de-la-photographie-de-mulhouse\/#breadcrumb\"},\"inLanguage\":\"fr-FR\",\"potentialAction\":[{\"@type\":\"ReadAction\",\"target\":[\"https:\/\/www.biennale-photo-mulhouse.com\/2026\/la-bpm-biennale-de-la-photographie-de-mulhouse\/\"]}]},{\"@type\":\"BreadcrumbList\",\"@id\":\"https:\/\/www.biennale-photo-mulhouse.com\/2026\/la-bpm-biennale-de-la-photographie-de-mulhouse\/#breadcrumb\",\"itemListElement\":[{\"@type\":\"ListItem\",\"position\":1,\"name\":\"Accueil\",\"item\":\"https:\/\/www.biennale-photo-mulhouse.com\/2026\/\"},{\"@type\":\"ListItem\",\"position\":2,\"name\":\"La BPM &#8211; Biennale de la Photographie de Mulhouse\"}]},{\"@type\":\"WebSite\",\"@id\":\"https:\/\/www.biennale-photo-mulhouse.com\/2026\/#website\",\"url\":\"https:\/\/www.biennale-photo-mulhouse.com\/2026\/\",\"name\":\"Biennale de la Photographie de Mulhouse\",\"description\":\"\",\"potentialAction\":[{\"@type\":\"SearchAction\",\"target\":{\"@type\":\"EntryPoint\",\"urlTemplate\":\"https:\/\/www.biennale-photo-mulhouse.com\/2026\/?s={search_term_string}\"},\"query-input\":\"required name=search_term_string\"}],\"inLanguage\":\"fr-FR\"}]}<\/script>\n<!-- \/ Yoast SEO plugin. -->","yoast_head_json":{"title":"La BPM - Biennale de la Photographie de Mulhouse - BPM 2026 - Biennale de la Photographie de Mulhouse 2026","description":"La Biennale de la Photographie de Mulhouse est un festival transfrontalier dont la volont\u00e9 est de diffuser la photographie contemporaine.","robots":{"index":"index","follow":"follow","max-snippet":"max-snippet:-1","max-image-preview":"max-image-preview:large","max-video-preview":"max-video-preview:-1"},"canonical":"https:\/\/www.biennale-photo-mulhouse.com\/2026\/la-bpm-biennale-de-la-photographie-de-mulhouse\/","og_locale":"fr_FR","og_type":"article","og_title":"La BPM - Biennale de la Photographie de Mulhouse - BPM 2026 - Biennale de la Photographie de Mulhouse 2026","og_description":"La Biennale de la Photographie de Mulhouse est un festival transfrontalier dont la volont\u00e9 est de diffuser la photographie contemporaine.","og_url":"https:\/\/www.biennale-photo-mulhouse.com\/2026\/la-bpm-biennale-de-la-photographie-de-mulhouse\/","og_site_name":"BPM 2026 - Biennale de la Photographie de Mulhouse 2026","article_publisher":"https:\/\/www.facebook.com\/BiennaleDeLaPhotographieDeMulhouse","article_modified_time":"2025-06-26T13:00:54+00:00","twitter_card":"summary_large_image","twitter_misc":{"Dur\u00e9e de lecture estim\u00e9e":"2 minutes"},"schema":{"@context":"https:\/\/schema.org","@graph":[{"@type":"WebPage","@id":"https:\/\/www.biennale-photo-mulhouse.com\/2026\/la-bpm-biennale-de-la-photographie-de-mulhouse\/","url":"https:\/\/www.biennale-photo-mulhouse.com\/2026\/la-bpm-biennale-de-la-photographie-de-mulhouse\/","name":"La BPM - Biennale de la Photographie de Mulhouse - BPM 2026 - Biennale de la Photographie de Mulhouse 2026","isPartOf":{"@id":"https:\/\/www.biennale-photo-mulhouse.com\/2026\/#website"},"datePublished":"2024-06-26T11:50:34+00:00","dateModified":"2025-06-26T13:00:54+00:00","description":"La Biennale de la Photographie de Mulhouse est un festival transfrontalier dont la volont\u00e9 est de diffuser la photographie contemporaine.","breadcrumb":{"@id":"https:\/\/www.biennale-photo-mulhouse.com\/2026\/la-bpm-biennale-de-la-photographie-de-mulhouse\/#breadcrumb"},"inLanguage":"fr-FR","potentialAction":[{"@type":"ReadAction","target":["https:\/\/www.biennale-photo-mulhouse.com\/2026\/la-bpm-biennale-de-la-photographie-de-mulhouse\/"]}]},{"@type":"BreadcrumbList","@id":"https:\/\/www.biennale-photo-mulhouse.com\/2026\/la-bpm-biennale-de-la-photographie-de-mulhouse\/#breadcrumb","itemListElement":[{"@type":"ListItem","position":1,"name":"Accueil","item":"https:\/\/www.biennale-photo-mulhouse.com\/2026\/"},{"@type":"ListItem","position":2,"name":"La BPM &#8211; Biennale de la Photographie de Mulhouse"}]},{"@type":"WebSite","@id":"https:\/\/www.biennale-photo-mulhouse.com\/2026\/#website","url":"https:\/\/www.biennale-photo-mulhouse.com\/2026\/","name":"Biennale de la Photographie de Mulhouse","description":"","potentialAction":[{"@type":"SearchAction","target":{"@type":"EntryPoint","urlTemplate":"https:\/\/www.biennale-photo-mulhouse.com\/2026\/?s={search_term_string}"},"query-input":"required name=search_term_string"}],"inLanguage":"fr-FR"}]}},"_links":{"self":[{"href":"https:\/\/www.biennale-photo-mulhouse.com\/2026\/wp-json\/wp\/v2\/pages\/515","targetHints":{"allow":["GET"]}}],"collection":[{"href":"https:\/\/www.biennale-photo-mulhouse.com\/2026\/wp-json\/wp\/v2\/pages"}],"about":[{"href":"https:\/\/www.biennale-photo-mulhouse.com\/2026\/wp-json\/wp\/v2\/types\/page"}],"author":[{"embeddable":true,"href":"https:\/\/www.biennale-photo-mulhouse.com\/2026\/wp-json\/wp\/v2\/users\/3"}],"replies":[{"embeddable":true,"href":"https:\/\/www.biennale-photo-mulhouse.com\/2026\/wp-json\/wp\/v2\/comments?post=515"}],"version-history":[{"count":11,"href":"https:\/\/www.biennale-photo-mulhouse.com\/2026\/wp-json\/wp\/v2\/pages\/515\/revisions"}],"predecessor-version":[{"id":982,"href":"https:\/\/www.biennale-photo-mulhouse.com\/2026\/wp-json\/wp\/v2\/pages\/515\/revisions\/982"}],"wp:attachment":[{"href":"https:\/\/www.biennale-photo-mulhouse.com\/2026\/wp-json\/wp\/v2\/media?parent=515"}],"wp:term":[{"taxonomy":"category","embeddable":true,"href":"https:\/\/www.biennale-photo-mulhouse.com\/2026\/wp-json\/wp\/v2\/categories?post=515"}],"curies":[{"name":"wp","href":"https:\/\/api.w.org\/{rel}","templated":true}]}}

<p><span class="small"><strong>FR ⭢ <a href="https://www.biennale-photo-mulhouse.com/2026en/mpb-mulhouse-photography-biennial/">ENG</a></strong></span></p>
<h1>La BPM &#8211; Biennale de la Photographie de Mulhouse</h1>
<p class="offsetted"><span class="theme_color">« La BPM a pour objectif de montrer une pratique photographique contemporaine en perpétuel mouvement et interrogation. Le rapport </span><span class="theme_color">de la production photographique à sa contemporanéité est l’un des axes de la programmation : son rapport à l’évolution du médium mais aussi au contexte écologique, social, économique. »</span></p>
<p class="offsetted">Anne Immelé, directrice artistique</p>
<p>La BPM est un festival qui donne une place aux visions singulières des photographes sur notre monde et qui, en ce sens, soutient la création contemporaine. Ainsi, au-delà d’être une manifestation promouvant particulièrement les échanges transfrontaliers et un plus grand respect de notre environnement, le festival accueille régulièrement des artistes en résidence pour leur permettre l’approfondissement de recherches ou la production d’œuvres. La BPM poursuit une double vocation : ouvrir le spectre photographique à l’international tout en détectant et valorisant l’émergence en photographie.</p>
<p>Six éditions du festival ont déjà eu lieu et ont proposé chacune une douzaine d&rsquo;expositions à Mulhouse et alentour.  Le festival s’est déployé dans de nombreux lieux culturels et patrimoniaux (Musée des Beaux-Arts, Musée de l’Impression sur Étoffes, Bibliothèque Grand’Rue, galerie de la Filature, Chapelle Saint-Jean, Tour de l’Europe, etc) mais également dans l’espace public (le long des berges de l’Ill et du canal de la Marne au Rhin, sur le parvis de la gare de Mulhouse).</p>
<p>Mulhouse, terre de migrations à la position stratégique dans le Rhin supérieur, ville jeune et cosmopolite, offre un cadre singulier pour cette manifestation désormais bien ancrée sur son territoire et soutenue par la Ville de de Mulhouse, la DRAC Grand Est, la Région Grand Est, la Collectivité Européenne d’Alsace, ainsi que la ville allemande de Fribourg-en-Brisgau.</p>
<p>&nbsp;</p>
<p>&nbsp;</p>

<p>FR ⭢ ENG La BPM &#8211; Biennale de la Photographie de Mulhouse « La BPM a pour objectif de montrer une pratique photographique contemporaine en perpétuel mouvement et interrogation. Le rapport de la production photographique à sa contemporanéité est l’un des axes de la programmation : son rapport à l’évolution du médium mais aussi au [&hellip;]</p>

<!-- This site is optimized with the Yoast SEO plugin v21.9.1 - https://yoast.com/wordpress/plugins/seo/ -->
<title>La BPM - Biennale de la Photographie de Mulhouse - BPM 2026 - Biennale de la Photographie de Mulhouse 2026</title>
<meta name="description" content="La Biennale de la Photographie de Mulhouse est un festival transfrontalier dont la volonté est de diffuser la photographie contemporaine." />
<meta name="robots" content="index, follow, max-snippet:-1, max-image-preview:large, max-video-preview:-1" />
<link rel="canonical" href="https://www.biennale-photo-mulhouse.com/2026/la-bpm-biennale-de-la-photographie-de-mulhouse/" />
<meta property="og:locale" content="fr_FR" />
<meta property="og:type" content="article" />
<meta property="og:title" content="La BPM - Biennale de la Photographie de Mulhouse - BPM 2026 - Biennale de la Photographie de Mulhouse 2026" />
<meta property="og:description" content="La Biennale de la Photographie de Mulhouse est un festival transfrontalier dont la volonté est de diffuser la photographie contemporaine." />
<meta property="og:url" content="https://www.biennale-photo-mulhouse.com/2026/la-bpm-biennale-de-la-photographie-de-mulhouse/" />
<meta property="og:site_name" content="BPM 2026 - Biennale de la Photographie de Mulhouse 2026" />
<meta property="article:publisher" content="https://www.facebook.com/BiennaleDeLaPhotographieDeMulhouse" />
<meta property="article:modified_time" content="2025-06-26T13:00:54+00:00" />
<meta name="twitter:card" content="summary_large_image" />
<meta name="twitter:label1" content="Durée de lecture estimée" />
	<meta name="twitter:data1" content="2 minutes" />
<script type="application/ld+json" class="yoast-schema-graph">{"@context":"https://schema.org","@graph":[{"@type":"WebPage","@id":"https://www.biennale-photo-mulhouse.com/2026/la-bpm-biennale-de-la-photographie-de-mulhouse/","url":"https://www.biennale-photo-mulhouse.com/2026/la-bpm-biennale-de-la-photographie-de-mulhouse/","name":"La BPM - Biennale de la Photographie de Mulhouse - BPM 2026 - Biennale de la Photographie de Mulhouse 2026","isPartOf":{"@id":"https://www.biennale-photo-mulhouse.com/2026/#website"},"datePublished":"2024-06-26T11:50:34+00:00","dateModified":"2025-06-26T13:00:54+00:00","description":"La Biennale de la Photographie de Mulhouse est un festival transfrontalier dont la volonté est de diffuser la photographie contemporaine.","breadcrumb":{"@id":"https://www.biennale-photo-mulhouse.com/2026/la-bpm-biennale-de-la-photographie-de-mulhouse/#breadcrumb"},"inLanguage":"fr-FR","potentialAction":[{"@type":"ReadAction","target":["https://www.biennale-photo-mulhouse.com/2026/la-bpm-biennale-de-la-photographie-de-mulhouse/"]}]},{"@type":"BreadcrumbList","@id":"https://www.biennale-photo-mulhouse.com/2026/la-bpm-biennale-de-la-photographie-de-mulhouse/#breadcrumb","itemListElement":[{"@type":"ListItem","position":1,"name":"Accueil","item":"https://www.biennale-photo-mulhouse.com/2026/"},{"@type":"ListItem","position":2,"name":"La BPM &#8211; Biennale de la Photographie de Mulhouse"}]},{"@type":"WebSite","@id":"https://www.biennale-photo-mulhouse.com/2026/#website","url":"https://www.biennale-photo-mulhouse.com/2026/","name":"Biennale de la Photographie de Mulhouse","description":"","potentialAction":[{"@type":"SearchAction","target":{"@type":"EntryPoint","urlTemplate":"https://www.biennale-photo-mulhouse.com/2026/?s={search_term_string}"},"query-input":"required name=search_term_string"}],"inLanguage":"fr-FR"}]}</script>
<!-- / Yoast SEO plugin. -->

La Biennale de la Photographie de Mulhouse est un festival transfrontalier dont la volonté est de diffuser la photographie contemporaine.
