{"id":1226,"date":"2026-03-26T16:48:04","date_gmt":"2026-03-26T15:48:04","guid":{"rendered":"https:\/\/www.biennale-photo-mulhouse.com\/2026\/?page_id=1226"},"modified":"2026-05-12T13:54:57","modified_gmt":"2026-05-12T11:54:57","slug":"photobook-days","status":"publish","type":"page","link":"https:\/\/www.biennale-photo-mulhouse.com\/2026\/photobook-days\/","title":{"rendered":"Photobook days"},"content":{"rendered":"<p><strong><span class=\"small\">FR \u2b62 <a href=\"https:\/\/www.biennale-photo-mulhouse.com\/2026en\/photobook-days\/\">EN<\/a><\/span><\/strong><\/p>\n<h1><span class=\"theme_color\"><em>PHOTOBOOK DAYS<\/em> <\/span><\/h1>\n<h2 class=\"cancel_mt\">LE LIVRE COMME ESPACE PHOTOGRAPHIQUE<\/h2>\n<p class=\"offsetted\"><strong>Mus\u00e9e des Beaux-Arts, Mulhouse<\/strong><br \/>\n<span class=\"theme_color\"><strong>6 &amp; 7 Juin, 14h-17h<\/strong> <\/span><\/p>\n<p>Dans le cadre des journ\u00e9es inaugurales du festival, la Biennale de la Photographie de Mulhouse propose deux apr\u00e8s-midis consacr\u00e9es \u00e0 l&rsquo;\u00e9dition de la photographie contemporaine.<\/p>\n<p>Le programme comprend des discussions publiques, des conf\u00e9rences, des pr\u00e9sentations et des signatures de livres refl\u00e9tant la vitalit\u00e9 et la diversit\u00e9 de l&rsquo;\u00e9dition photographique.\u00a0<\/p>\n<p><img loading=\"lazy\" decoding=\"async\" class=\"alignnone size-full wp-image-1282\" src=\"https:\/\/www.biennale-photo-mulhouse.com\/2026\/wp-content\/uploads\/sites\/7\/2026\/03\/IMG_8071.jpg\" alt=\"\" width=\"1181\" height=\"787\" srcset=\"https:\/\/www.biennale-photo-mulhouse.com\/2026\/wp-content\/uploads\/sites\/7\/2026\/03\/IMG_8071.jpg 1181w, https:\/\/www.biennale-photo-mulhouse.com\/2026\/wp-content\/uploads\/sites\/7\/2026\/03\/IMG_8071-768x512.jpg 768w\" sizes=\"auto, (max-width: 1181px) 100vw, 1181px\" \/><\/p>\n<p class=\"img_caption\">George Mahashe, <em>Defunct Context &#8211; Ambivalence to important work<\/em>, 2023<\/p>\n<h2 class=\"offsetted\"><span class=\"theme_color\">March\u00e9 du livre photo<\/span><\/h2>\n<p>Lors des<span class=\"theme_color\"><em> Photobook days<\/em><\/span>, maisons d&rsquo;\u00e9dition, librairies et artistes pr\u00e9sentent et proposent leurs ouvrages \u00e0 la vente lors d&rsquo;un march\u00e9 du livre photo.\u00a0<\/p>\n<p><em>Avec les \u00e9ditions de la Conserverie, XYZ Books, Origini Edizioni, Datz Press, Rue du Bouquet, Orange Claire, L\u2019enfant sauvage, KCR, \u00c9ditions du Ca\u00efd, Filigranes, LOCO, Micamera, September books.<\/em><\/p>\n<p><img loading=\"lazy\" decoding=\"async\" class=\"alignnone size-full wp-image-1407\" src=\"https:\/\/www.biennale-photo-mulhouse.com\/2026\/wp-content\/uploads\/sites\/7\/2026\/05\/loco.jpg\" alt=\"\" width=\"2048\" height=\"1152\" srcset=\"https:\/\/www.biennale-photo-mulhouse.com\/2026\/wp-content\/uploads\/sites\/7\/2026\/05\/loco.jpg 2048w, https:\/\/www.biennale-photo-mulhouse.com\/2026\/wp-content\/uploads\/sites\/7\/2026\/05\/loco-768x432.jpg 768w, https:\/\/www.biennale-photo-mulhouse.com\/2026\/wp-content\/uploads\/sites\/7\/2026\/05\/loco-1536x864.jpg 1536w\" sizes=\"auto, (max-width: 2048px) 100vw, 2048px\" \/><\/p>\n<p class=\"img_caption\">\u00a9 \u00c9ditions LOCO<\/p>\n<h2 class=\"offsetted\"><span class=\"theme_color\">Parlons livre photo<\/span><br \/>\n<em><span class=\"small\">conversations &amp; conf\u00e9rences<\/span><\/em><\/h2>\n<p class=\"offsetted with_color_diamond\"><strong><span class=\"theme_color\">Samedi 6 juin<\/span><\/strong><\/p>\n<p class=\"offsetted with_arrow\"><strong>14h30<\/strong>,<span class=\"small\"> EN\/FR<\/span> : <span class=\"theme_color\"><em>De l\u2019exposition au livre : d\u00e9ployer un r\u00e9cit<\/em><\/span>, discussion entre Tiago Casanova, photographe et \u00e9diteur de XYZ Books, et Nicolas B\u00e9zard, journaliste<\/p>\n<p class=\"offsetted with_arrow\"><strong>15h<\/strong>, <span class=\"small\">EN\/FR<\/span> : \u00a0<span class=\"theme_color\"><em>Autour de Bernard Guillot<\/em><\/span>, discussion entre Ilias Georgiadis (\u00e9diteur, Origini Edizioni), Patrick Le Bescont (\u00e9diteur, Filigranes) et Fabien Ribery (critique)<\/p>\n<p class=\"offsetted with_arrow\"><strong>16h<\/strong>, <span class=\"small\">FR<\/span> : <span class=\"theme_color\"><em>Albums de famille, autrement<\/em><\/span> : discussion entre Pauline Hisbacq (photographe, \u00e9ditrice chez September books), Fran\u00e7ois Jonquet (photographe) et Fabien Ribery (critique)<\/p>\n<p class=\"offsetted with_arrow\"><strong>16h30<\/strong>, <span class=\"small\">FR<\/span> : <span class=\"theme_color\"><em>Regarder et montrer la violence<\/em><\/span> : discussion entre Natalie Malisse, Eleonora Calvelli (photographes) et Nicolas B\u00e9zard (journaliste)<\/p>\n<p>&nbsp;<\/p>\n<p class=\"offsetted with_color_diamond\"><span class=\"theme_color\"><strong>Dimanche 7 juin\u00a0<\/strong><\/span><\/p>\n<p class=\"offsetted with_arrow\"><strong>14h30<\/strong>, <span class=\"small\">EN\/FR<\/span>: <span class=\"theme_color\"><em>La vision derri\u00e8re <\/em><em>Datz Press et Datz Museum, <\/em><\/span>conf\u00e9rence par leur fondatrice Sangyon Joo<\/p>\n<p class=\"offsetted with_arrow\"><strong>15h<\/strong>, <span class=\"small\">EN<\/span> : <span class=\"theme_color\"><em>I Make Books, Therefore I Am<\/em><\/span>, <span class=\"theme_color\"><em>Jenia Fridlyand \u00e0 propos de<\/em><\/span> <span class=\"theme_color\"><em>The Agency, <\/em><\/span>une discussion entre la photographe et Giulia Zorzi, libraire (Micamera)<\/p>\n<p class=\"offsetted with_arrow\"><strong>16h<\/strong>, <span class=\"small\">EN<\/span> : <span class=\"theme_color\"><em>The Italian Photobook 2015\u20132025<\/em><\/span>, conf\u00e9rence par Giulia Zorzi, libraire (Micamera)\u00a0<\/p>\n<p class=\"offsetted with_arrow\"><strong>16h30<\/strong>, <span class=\"small\">EN\/FR<\/span> : <span class=\"theme_color\"><em>Photographier, \u00e9crire, th\u00e9oriser, <\/em><\/span>discussion entre Eric Gyamfi, photographe, Patricia Haynes, historienne de l\u2019art, et Ange-Fr\u00e9d\u00e9ric Koffi, commissaire d\u2019exposition\u00a0<\/p>\n<p><img loading=\"lazy\" decoding=\"async\" class=\"alignnone size-full wp-image-1281\" src=\"https:\/\/www.biennale-photo-mulhouse.com\/2026\/wp-content\/uploads\/sites\/7\/2026\/03\/IMG_20240915_150543-scaled.jpg\" alt=\"\" width=\"2560\" height=\"1920\" srcset=\"https:\/\/www.biennale-photo-mulhouse.com\/2026\/wp-content\/uploads\/sites\/7\/2026\/03\/IMG_20240915_150543-scaled.jpg 2560w, https:\/\/www.biennale-photo-mulhouse.com\/2026\/wp-content\/uploads\/sites\/7\/2026\/03\/IMG_20240915_150543-768x576.jpg 768w, https:\/\/www.biennale-photo-mulhouse.com\/2026\/wp-content\/uploads\/sites\/7\/2026\/03\/IMG_20240915_150543-1536x1152.jpg 1536w, https:\/\/www.biennale-photo-mulhouse.com\/2026\/wp-content\/uploads\/sites\/7\/2026\/03\/IMG_20240915_150543-2048x1536.jpg 2048w\" sizes=\"auto, (max-width: 2560px) 100vw, 2560px\" \/><\/p>\n<p class=\"img_caption\">Conf\u00e9rence de Magali Avezou, BPM 2024<\/p>\n<p>&nbsp;<\/p>\n<p>&nbsp;<\/p>\n<p>&nbsp;<\/p>\n<p>&nbsp;<\/p>\n","protected":false},"excerpt":{"rendered":"<p>FR \u2b62 EN PHOTOBOOK DAYS LE LIVRE COMME ESPACE PHOTOGRAPHIQUE Mus\u00e9e des Beaux-Arts, Mulhouse 6 &amp; 7 Juin, 14h-17h Dans le cadre des journ\u00e9es inaugurales du festival, la Biennale de la Photographie de Mulhouse propose deux apr\u00e8s-midis consacr\u00e9es \u00e0 l&rsquo;\u00e9dition de la photographie contemporaine. Le programme comprend des discussions publiques, des conf\u00e9rences, des pr\u00e9sentations et [&hellip;]<\/p>\n","protected":false},"author":3,"featured_media":0,"parent":0,"menu_order":0,"comment_status":"closed","ping_status":"closed","template":"","meta":{"footnotes":""},"categories":[1],"class_list":["post-1226","page","type-page","status-publish","hentry","category-non-classe"],"acf":{"photo_gallery":{"gallery":[[{"id":1279,"title":"Photobook days, BPM 2024","caption":"","full_image_url":"https:\/\/www.biennale-photo-mulhouse.com\/2026\/wp-content\/uploads\/sites\/7\/2026\/03\/Photobook-days-BPM-2024-scaled.jpg","thumbnail_image_url":"https:\/\/www.biennale-photo-mulhouse.com\/2026\/wp-content\/uploads\/sites\/7\/2026\/03\/Photobook-days-BPM-2024-scaled.jpg","large_srcset":"https:\/\/www.biennale-photo-mulhouse.com\/2026\/wp-content\/uploads\/sites\/7\/2026\/03\/Photobook-days-BPM-2024-scaled.jpg 2560w, https:\/\/www.biennale-photo-mulhouse.com\/2026\/wp-content\/uploads\/sites\/7\/2026\/03\/Photobook-days-BPM-2024-768x576.jpg 768w, https:\/\/www.biennale-photo-mulhouse.com\/2026\/wp-content\/uploads\/sites\/7\/2026\/03\/Photobook-days-BPM-2024-1536x1152.jpg 1536w, https:\/\/www.biennale-photo-mulhouse.com\/2026\/wp-content\/uploads\/sites\/7\/2026\/03\/Photobook-days-BPM-2024-2048x1536.jpg 2048w","medium_srcset":"https:\/\/www.biennale-photo-mulhouse.com\/2026\/wp-content\/uploads\/sites\/7\/2026\/03\/Photobook-days-BPM-2024-scaled.jpg 2560w, https:\/\/www.biennale-photo-mulhouse.com\/2026\/wp-content\/uploads\/sites\/7\/2026\/03\/Photobook-days-BPM-2024-768x576.jpg 768w, https:\/\/www.biennale-photo-mulhouse.com\/2026\/wp-content\/uploads\/sites\/7\/2026\/03\/Photobook-days-BPM-2024-1536x1152.jpg 1536w, https:\/\/www.biennale-photo-mulhouse.com\/2026\/wp-content\/uploads\/sites\/7\/2026\/03\/Photobook-days-BPM-2024-2048x1536.jpg 2048w","media_details":{"width":2560,"height":1920,"sizes":{"medium_large":{"file":"Photobook-days-BPM-2024-768x576.jpg","width":768,"height":576,"mime-type":"image\/jpeg","filesize":102819,"source_url":"https:\/\/www.biennale-photo-mulhouse.com\/2026\/wp-content\/uploads\/sites\/7\/2026\/03\/Photobook-days-BPM-2024-768x576.jpg"},"1536x1536":{"file":"Photobook-days-BPM-2024-1536x1152.jpg","width":1536,"height":1152,"mime-type":"image\/jpeg","filesize":287472,"source_url":"https:\/\/www.biennale-photo-mulhouse.com\/2026\/wp-content\/uploads\/sites\/7\/2026\/03\/Photobook-days-BPM-2024-1536x1152.jpg"},"2048x2048":{"file":"Photobook-days-BPM-2024-2048x1536.jpg","width":2048,"height":1536,"mime-type":"image\/jpeg","filesize":462780,"source_url":"https:\/\/www.biennale-photo-mulhouse.com\/2026\/wp-content\/uploads\/sites\/7\/2026\/03\/Photobook-days-BPM-2024-2048x1536.jpg"}}},"alt_text":"","url":"","target":""}]]}},"yoast_head":"<!-- This site is optimized with the Yoast SEO plugin v21.9.1 - https:\/\/yoast.com\/wordpress\/plugins\/seo\/ -->\n<title>Photobook days - BPM 2026 - Biennale de la Photographie de Mulhouse 2026<\/title>\n<meta name=\"description\" content=\"Au sein des journ\u00e9es inaugurales, les Photobook days sont une programmation orient\u00e9e sp\u00e9cifiquement autour du livre photo.\" \/>\n<meta name=\"robots\" content=\"index, follow, max-snippet:-1, max-image-preview:large, max-video-preview:-1\" \/>\n<link rel=\"canonical\" href=\"https:\/\/www.biennale-photo-mulhouse.com\/2026\/photobook-days\/\" \/>\n<meta property=\"og:locale\" content=\"fr_FR\" \/>\n<meta property=\"og:type\" content=\"article\" \/>\n<meta property=\"og:title\" content=\"Photobook days - BPM 2026 - Biennale de la Photographie de Mulhouse 2026\" \/>\n<meta property=\"og:description\" content=\"Au sein des journ\u00e9es inaugurales, les Photobook days sont une programmation orient\u00e9e sp\u00e9cifiquement autour du livre photo.\" \/>\n<meta property=\"og:url\" content=\"https:\/\/www.biennale-photo-mulhouse.com\/2026\/photobook-days\/\" \/>\n<meta property=\"og:site_name\" content=\"BPM 2026 - Biennale de la Photographie de Mulhouse 2026\" \/>\n<meta property=\"article:publisher\" content=\"https:\/\/www.facebook.com\/BiennaleDeLaPhotographieDeMulhouse\" \/>\n<meta property=\"article:modified_time\" content=\"2026-05-12T11:54:57+00:00\" \/>\n<meta property=\"og:image\" content=\"https:\/\/www.biennale-photo-mulhouse.com\/2026\/wp-content\/uploads\/sites\/7\/2026\/03\/IMG_8071.jpg\" \/>\n<meta name=\"twitter:card\" content=\"summary_large_image\" \/>\n<meta name=\"twitter:label1\" content=\"Dur\u00e9e de lecture estim\u00e9e\" \/>\n\t<meta name=\"twitter:data1\" content=\"3 minutes\" \/>\n<script type=\"application\/ld+json\" class=\"yoast-schema-graph\">{\"@context\":\"https:\/\/schema.org\",\"@graph\":[{\"@type\":\"WebPage\",\"@id\":\"https:\/\/www.biennale-photo-mulhouse.com\/2026\/photobook-days\/\",\"url\":\"https:\/\/www.biennale-photo-mulhouse.com\/2026\/photobook-days\/\",\"name\":\"Photobook days - BPM 2026 - Biennale de la Photographie de Mulhouse 2026\",\"isPartOf\":{\"@id\":\"https:\/\/www.biennale-photo-mulhouse.com\/2026\/#website\"},\"datePublished\":\"2026-03-26T15:48:04+00:00\",\"dateModified\":\"2026-05-12T11:54:57+00:00\",\"description\":\"Au sein des journ\u00e9es inaugurales, les Photobook days sont une programmation orient\u00e9e sp\u00e9cifiquement autour du livre photo.\",\"breadcrumb\":{\"@id\":\"https:\/\/www.biennale-photo-mulhouse.com\/2026\/photobook-days\/#breadcrumb\"},\"inLanguage\":\"fr-FR\",\"potentialAction\":[{\"@type\":\"ReadAction\",\"target\":[\"https:\/\/www.biennale-photo-mulhouse.com\/2026\/photobook-days\/\"]}]},{\"@type\":\"BreadcrumbList\",\"@id\":\"https:\/\/www.biennale-photo-mulhouse.com\/2026\/photobook-days\/#breadcrumb\",\"itemListElement\":[{\"@type\":\"ListItem\",\"position\":1,\"name\":\"Accueil\",\"item\":\"https:\/\/www.biennale-photo-mulhouse.com\/2026\/\"},{\"@type\":\"ListItem\",\"position\":2,\"name\":\"Photobook days\"}]},{\"@type\":\"WebSite\",\"@id\":\"https:\/\/www.biennale-photo-mulhouse.com\/2026\/#website\",\"url\":\"https:\/\/www.biennale-photo-mulhouse.com\/2026\/\",\"name\":\"Biennale de la Photographie de Mulhouse\",\"description\":\"\",\"potentialAction\":[{\"@type\":\"SearchAction\",\"target\":{\"@type\":\"EntryPoint\",\"urlTemplate\":\"https:\/\/www.biennale-photo-mulhouse.com\/2026\/?s={search_term_string}\"},\"query-input\":\"required name=search_term_string\"}],\"inLanguage\":\"fr-FR\"}]}<\/script>\n<!-- \/ Yoast SEO plugin. -->","yoast_head_json":{"title":"Photobook days - BPM 2026 - Biennale de la Photographie de Mulhouse 2026","description":"Au sein des journ\u00e9es inaugurales, les Photobook days sont une programmation orient\u00e9e sp\u00e9cifiquement autour du livre photo.","robots":{"index":"index","follow":"follow","max-snippet":"max-snippet:-1","max-image-preview":"max-image-preview:large","max-video-preview":"max-video-preview:-1"},"canonical":"https:\/\/www.biennale-photo-mulhouse.com\/2026\/photobook-days\/","og_locale":"fr_FR","og_type":"article","og_title":"Photobook days - BPM 2026 - Biennale de la Photographie de Mulhouse 2026","og_description":"Au sein des journ\u00e9es inaugurales, les Photobook days sont une programmation orient\u00e9e sp\u00e9cifiquement autour du livre photo.","og_url":"https:\/\/www.biennale-photo-mulhouse.com\/2026\/photobook-days\/","og_site_name":"BPM 2026 - Biennale de la Photographie de Mulhouse 2026","article_publisher":"https:\/\/www.facebook.com\/BiennaleDeLaPhotographieDeMulhouse","article_modified_time":"2026-05-12T11:54:57+00:00","og_image":[{"url":"https:\/\/www.biennale-photo-mulhouse.com\/2026\/wp-content\/uploads\/sites\/7\/2026\/03\/IMG_8071.jpg"}],"twitter_card":"summary_large_image","twitter_misc":{"Dur\u00e9e de lecture estim\u00e9e":"3 minutes"},"schema":{"@context":"https:\/\/schema.org","@graph":[{"@type":"WebPage","@id":"https:\/\/www.biennale-photo-mulhouse.com\/2026\/photobook-days\/","url":"https:\/\/www.biennale-photo-mulhouse.com\/2026\/photobook-days\/","name":"Photobook days - BPM 2026 - Biennale de la Photographie de Mulhouse 2026","isPartOf":{"@id":"https:\/\/www.biennale-photo-mulhouse.com\/2026\/#website"},"datePublished":"2026-03-26T15:48:04+00:00","dateModified":"2026-05-12T11:54:57+00:00","description":"Au sein des journ\u00e9es inaugurales, les Photobook days sont une programmation orient\u00e9e sp\u00e9cifiquement autour du livre photo.","breadcrumb":{"@id":"https:\/\/www.biennale-photo-mulhouse.com\/2026\/photobook-days\/#breadcrumb"},"inLanguage":"fr-FR","potentialAction":[{"@type":"ReadAction","target":["https:\/\/www.biennale-photo-mulhouse.com\/2026\/photobook-days\/"]}]},{"@type":"BreadcrumbList","@id":"https:\/\/www.biennale-photo-mulhouse.com\/2026\/photobook-days\/#breadcrumb","itemListElement":[{"@type":"ListItem","position":1,"name":"Accueil","item":"https:\/\/www.biennale-photo-mulhouse.com\/2026\/"},{"@type":"ListItem","position":2,"name":"Photobook days"}]},{"@type":"WebSite","@id":"https:\/\/www.biennale-photo-mulhouse.com\/2026\/#website","url":"https:\/\/www.biennale-photo-mulhouse.com\/2026\/","name":"Biennale de la Photographie de Mulhouse","description":"","potentialAction":[{"@type":"SearchAction","target":{"@type":"EntryPoint","urlTemplate":"https:\/\/www.biennale-photo-mulhouse.com\/2026\/?s={search_term_string}"},"query-input":"required name=search_term_string"}],"inLanguage":"fr-FR"}]}},"_links":{"self":[{"href":"https:\/\/www.biennale-photo-mulhouse.com\/2026\/wp-json\/wp\/v2\/pages\/1226","targetHints":{"allow":["GET"]}}],"collection":[{"href":"https:\/\/www.biennale-photo-mulhouse.com\/2026\/wp-json\/wp\/v2\/pages"}],"about":[{"href":"https:\/\/www.biennale-photo-mulhouse.com\/2026\/wp-json\/wp\/v2\/types\/page"}],"author":[{"embeddable":true,"href":"https:\/\/www.biennale-photo-mulhouse.com\/2026\/wp-json\/wp\/v2\/users\/3"}],"replies":[{"embeddable":true,"href":"https:\/\/www.biennale-photo-mulhouse.com\/2026\/wp-json\/wp\/v2\/comments?post=1226"}],"version-history":[{"count":14,"href":"https:\/\/www.biennale-photo-mulhouse.com\/2026\/wp-json\/wp\/v2\/pages\/1226\/revisions"}],"predecessor-version":[{"id":1424,"href":"https:\/\/www.biennale-photo-mulhouse.com\/2026\/wp-json\/wp\/v2\/pages\/1226\/revisions\/1424"}],"wp:attachment":[{"href":"https:\/\/www.biennale-photo-mulhouse.com\/2026\/wp-json\/wp\/v2\/media?parent=1226"}],"wp:term":[{"taxonomy":"category","embeddable":true,"href":"https:\/\/www.biennale-photo-mulhouse.com\/2026\/wp-json\/wp\/v2\/categories?post=1226"}],"curies":[{"name":"wp","href":"https:\/\/api.w.org\/{rel}","templated":true}]}}