{"id":1182,"date":"2026-03-27T12:53:43","date_gmt":"2026-03-27T11:53:43","guid":{"rendered":"https:\/\/www.biennale-photo-mulhouse.com\/2026\/?page_id=1182"},"modified":"2026-05-07T09:19:29","modified_gmt":"2026-05-07T07:19:29","slug":"limits-of-control-jenia-fridlyand","status":"publish","type":"page","link":"https:\/\/www.biennale-photo-mulhouse.com\/2026\/limits-of-control-jenia-fridlyand\/","title":{"rendered":"Limits of control, Jenia Fridlyand"},"content":{"rendered":"<p><span class=\"small\"><strong>FR \u2b62 <a href=\"https:\/\/www.biennale-photo-mulhouse.com\/2026en\/limits-of-control-jenia-fridlyand\/\">EN<\/a><\/strong><\/span><\/p>\n<h1><span class=\"theme_color\"><em>Limits of control<\/em><\/span><\/h1>\n<h2>Jenia Fridlyand<\/h2>\n<p class=\"offsetted\"><strong>Mus\u00e9e des Beaux-Arts, Mulhouse<\/strong><br \/>\n<span class=\"theme_color\">5 juin &#8211; 20 septembre <\/span><br \/>\n<span class=\"theme_color\">tous les jours sauf le mardi, de 10h \u00e0 13h et de 14h \u00e0 18h\u00a0\u00a0<\/span><br \/>\n<strong><span class=\"theme_color\">Vernissage le vendredi 5 juin \u00e0 18h30<br \/>\n<\/span><\/strong><em><span class=\"theme_color\">Toute la programmation autour de l&rsquo;exposition sur <a href=\"https:\/\/beaux-arts.musees-mulhouse.fr\/\">https:\/\/beaux-arts.musees-mulhouse.fr\/<\/a><\/span><\/em><strong><span class=\"theme_color\"><br \/>\n<\/span><\/strong><\/p>\n<p class=\"offsetted with_color_arrow\">Commissaire d\u2019exposition : Nigel Baldacchino<\/p>\n<p>Premi\u00e8re exposition en France de la photographe am\u00e9ricaine Jenia Fridlyand, <span class=\"theme_color\"><em>Limits of Control<\/em> <\/span>est une s\u00e9lection de photographies issues d&rsquo;un travail r\u00e9alis\u00e9 \u00e0 Cuba entre 2017 et 2019. Une connexion \u00e9trange avec une culture et des paysages qui lui \u00e9taient pourtant inconnus a \u00e9t\u00e9 rendue possible par l&rsquo;enfance de la photographe en Union Sovi\u00e9tique, juste avant la Perestro\u00efka, un terrain lui aussi en train de s&rsquo;effondrer. Forte de ce lien et d&rsquo;une pratique photographique ancr\u00e9e dans la tradition am\u00e9ricaine, Jenia Fridlyand s&rsquo;est immerg\u00e9e dans l&rsquo;environnement intrins\u00e8quement al\u00e9atoire de l&rsquo;\u00eele, laissant le hasard jouer un r\u00f4le essentiel dans la r\u00e9alisation de ses photographies.\u00a0<\/p>\n<p><em>N\u00e9e en 1975 \u00e0 Moscou, Jenia Fridlyand est une photographe et enseignante bas\u00e9e \u00e0 New York et dans la vall\u00e9e de l\u2019Hudson. Ses photographies et ses livres ont \u00e9t\u00e9 expos\u00e9s aux \u00c9tats-Unis et \u00e0 l\u2019\u00e9tranger. Son livre d\u2019artiste <\/em><span class=\"theme_color\">Entrance to Our Valley<\/span><em> a \u00e9t\u00e9 s\u00e9lectionn\u00e9 pour le Paris Photo \u2013 Aperture First Photobook Award en 2017, et l&rsquo;\u00e9dition commerciale (TIS Books) en est \u00e0 sa troisi\u00e8me impression. Son travail ult\u00e9rieur a fait l&rsquo;objet d&rsquo;une exposition individuelle \u00e0 la Fototeca de Cuba \u00e0 La Havane en 2023 et para\u00eetra prochainement sous la forme d&rsquo;une monographie, <\/em><span class=\"theme_color\">Mango Season <\/span><em>(the Agency \/ Steidl). Elle est repr\u00e9sent\u00e9e par la Galerie Wouter van Leeuwen, Amsterdam.<br \/>\n<\/em><em>Jenia Fridlyand est la cofondatrice d&rsquo;Image Threads, un collectif \u00e9ducatif \u00e0 but non lucratif, et pr\u00e9side le Long Term Photobook Program de la Fondation Penumbra \u00e0 New York. Elle a \u00e9tudi\u00e9 la photographie au Centre Iris et \u00e0 l&rsquo;Universit\u00e9 Paris VIII, et est titulaire d&rsquo;une ma\u00eetrise en beaux-arts du programme international de r\u00e9sidence limit\u00e9e de l&rsquo;Universit\u00e9 de Hartford.<\/em><\/p>\n<p><a href=\"https:\/\/www.jenia.net\/\">jenia.net<\/a><\/p>\n<p><img loading=\"lazy\" decoding=\"async\" class=\"alignnone size-full wp-image-1184\" src=\"https:\/\/www.biennale-photo-mulhouse.com\/2026\/wp-content\/uploads\/sites\/7\/2026\/03\/3.-Jenia-Fridlyand-_Limits-of-Control_-2017-2019.jpg\" alt=\"\" width=\"692\" height=\"876\" \/><\/p>\n<p class=\"img_caption\">Jenia Fridlyand, <em>Limits of control<\/em>, 2017-2019<\/p>\n<p><img loading=\"lazy\" decoding=\"async\" class=\"alignnone size-full wp-image-1304\" src=\"https:\/\/www.biennale-photo-mulhouse.com\/2026\/wp-content\/uploads\/sites\/7\/2026\/03\/4.-Jenia-Fridlyand-_Limits-of-Control_-2017-2019.jpg\" alt=\"\" width=\"689\" height=\"872\" \/><\/p>\n","protected":false},"excerpt":{"rendered":"<p>FR \u2b62 EN Limits of control Jenia Fridlyand Mus\u00e9e des Beaux-Arts, Mulhouse 5 juin &#8211; 20 septembre tous les jours sauf le mardi, de 10h \u00e0 13h et de 14h \u00e0 18h\u00a0\u00a0 Vernissage le vendredi 5 juin \u00e0 18h30 Toute la programmation autour de l&rsquo;exposition sur https:\/\/beaux-arts.musees-mulhouse.fr\/ Commissaire d\u2019exposition : Nigel Baldacchino Premi\u00e8re exposition en [&hellip;]<\/p>\n","protected":false},"author":3,"featured_media":0,"parent":0,"menu_order":0,"comment_status":"closed","ping_status":"closed","template":"","meta":{"footnotes":""},"categories":[1],"class_list":["post-1182","page","type-page","status-publish","hentry","category-non-classe"],"acf":{"photo_gallery":{"gallery":[[{"id":1183,"title":"5(1)","caption":"Jenia Fridlyand, <i>Limits of control<\/i>, 2017-2019","full_image_url":"https:\/\/www.biennale-photo-mulhouse.com\/2026\/wp-content\/uploads\/sites\/7\/2026\/03\/51.jpg","thumbnail_image_url":"https:\/\/www.biennale-photo-mulhouse.com\/2026\/wp-content\/uploads\/sites\/7\/2026\/03\/51.jpg","large_srcset":"https:\/\/www.biennale-photo-mulhouse.com\/2026\/wp-content\/uploads\/sites\/7\/2026\/03\/51.jpg 874w, https:\/\/www.biennale-photo-mulhouse.com\/2026\/wp-content\/uploads\/sites\/7\/2026\/03\/51-768x617.jpg 768w","medium_srcset":"https:\/\/www.biennale-photo-mulhouse.com\/2026\/wp-content\/uploads\/sites\/7\/2026\/03\/51.jpg 874w, https:\/\/www.biennale-photo-mulhouse.com\/2026\/wp-content\/uploads\/sites\/7\/2026\/03\/51-768x617.jpg 768w","media_details":{"width":874,"height":702,"sizes":{"medium_large":{"file":"51-768x617.jpg","width":768,"height":617,"mime-type":"image\/jpeg","filesize":78354,"source_url":"https:\/\/www.biennale-photo-mulhouse.com\/2026\/wp-content\/uploads\/sites\/7\/2026\/03\/51-768x617.jpg"}}},"alt_text":"","url":"","target":""}]]}},"yoast_head":"<!-- This site is optimized with the Yoast SEO plugin v21.9.1 - https:\/\/yoast.com\/wordpress\/plugins\/seo\/ -->\n<title>Limits of control, Jenia Fridlyand - BPM 2026 - Biennale de la Photographie de Mulhouse 2026<\/title>\n<meta name=\"description\" content=\"Premi\u00e8re exposition en France de Jenia Fridlyand, Limits of Control est une s\u00e9lection de photographies issues d&#039;un travail r\u00e9alis\u00e9 \u00e0 Cuba.\" \/>\n<meta name=\"robots\" content=\"index, follow, max-snippet:-1, max-image-preview:large, max-video-preview:-1\" \/>\n<link rel=\"canonical\" href=\"https:\/\/www.biennale-photo-mulhouse.com\/2026\/limits-of-control-jenia-fridlyand\/\" \/>\n<meta property=\"og:locale\" content=\"fr_FR\" \/>\n<meta property=\"og:type\" content=\"article\" \/>\n<meta property=\"og:title\" content=\"Limits of control, Jenia Fridlyand - BPM 2026 - Biennale de la Photographie de Mulhouse 2026\" \/>\n<meta property=\"og:description\" content=\"Premi\u00e8re exposition en France de Jenia Fridlyand, Limits of Control est une s\u00e9lection de photographies issues d&#039;un travail r\u00e9alis\u00e9 \u00e0 Cuba.\" \/>\n<meta property=\"og:url\" content=\"https:\/\/www.biennale-photo-mulhouse.com\/2026\/limits-of-control-jenia-fridlyand\/\" \/>\n<meta property=\"og:site_name\" content=\"BPM 2026 - Biennale de la Photographie de Mulhouse 2026\" \/>\n<meta property=\"article:publisher\" content=\"https:\/\/www.facebook.com\/BiennaleDeLaPhotographieDeMulhouse\" \/>\n<meta property=\"article:modified_time\" content=\"2026-05-07T07:19:29+00:00\" \/>\n<meta property=\"og:image\" content=\"https:\/\/www.biennale-photo-mulhouse.com\/2026\/wp-content\/uploads\/sites\/7\/2026\/03\/3.-Jenia-Fridlyand-_Limits-of-Control_-2017-2019.jpg\" \/>\n<meta name=\"twitter:card\" content=\"summary_large_image\" \/>\n<meta name=\"twitter:label1\" content=\"Dur\u00e9e de lecture estim\u00e9e\" \/>\n\t<meta name=\"twitter:data1\" content=\"3 minutes\" \/>\n<script type=\"application\/ld+json\" class=\"yoast-schema-graph\">{\"@context\":\"https:\/\/schema.org\",\"@graph\":[{\"@type\":\"WebPage\",\"@id\":\"https:\/\/www.biennale-photo-mulhouse.com\/2026\/limits-of-control-jenia-fridlyand\/\",\"url\":\"https:\/\/www.biennale-photo-mulhouse.com\/2026\/limits-of-control-jenia-fridlyand\/\",\"name\":\"Limits of control, Jenia Fridlyand - BPM 2026 - Biennale de la Photographie de Mulhouse 2026\",\"isPartOf\":{\"@id\":\"https:\/\/www.biennale-photo-mulhouse.com\/2026\/#website\"},\"datePublished\":\"2026-03-27T11:53:43+00:00\",\"dateModified\":\"2026-05-07T07:19:29+00:00\",\"description\":\"Premi\u00e8re exposition en France de Jenia Fridlyand, Limits of Control est une s\u00e9lection de photographies issues d'un travail r\u00e9alis\u00e9 \u00e0 Cuba.\",\"breadcrumb\":{\"@id\":\"https:\/\/www.biennale-photo-mulhouse.com\/2026\/limits-of-control-jenia-fridlyand\/#breadcrumb\"},\"inLanguage\":\"fr-FR\",\"potentialAction\":[{\"@type\":\"ReadAction\",\"target\":[\"https:\/\/www.biennale-photo-mulhouse.com\/2026\/limits-of-control-jenia-fridlyand\/\"]}]},{\"@type\":\"BreadcrumbList\",\"@id\":\"https:\/\/www.biennale-photo-mulhouse.com\/2026\/limits-of-control-jenia-fridlyand\/#breadcrumb\",\"itemListElement\":[{\"@type\":\"ListItem\",\"position\":1,\"name\":\"Accueil\",\"item\":\"https:\/\/www.biennale-photo-mulhouse.com\/2026\/\"},{\"@type\":\"ListItem\",\"position\":2,\"name\":\"Limits of control, Jenia Fridlyand\"}]},{\"@type\":\"WebSite\",\"@id\":\"https:\/\/www.biennale-photo-mulhouse.com\/2026\/#website\",\"url\":\"https:\/\/www.biennale-photo-mulhouse.com\/2026\/\",\"name\":\"Biennale de la Photographie de Mulhouse\",\"description\":\"\",\"potentialAction\":[{\"@type\":\"SearchAction\",\"target\":{\"@type\":\"EntryPoint\",\"urlTemplate\":\"https:\/\/www.biennale-photo-mulhouse.com\/2026\/?s={search_term_string}\"},\"query-input\":\"required name=search_term_string\"}],\"inLanguage\":\"fr-FR\"}]}<\/script>\n<!-- \/ Yoast SEO plugin. -->","yoast_head_json":{"title":"Limits of control, Jenia Fridlyand - BPM 2026 - Biennale de la Photographie de Mulhouse 2026","description":"Premi\u00e8re exposition en France de Jenia Fridlyand, Limits of Control est une s\u00e9lection de photographies issues d'un travail r\u00e9alis\u00e9 \u00e0 Cuba.","robots":{"index":"index","follow":"follow","max-snippet":"max-snippet:-1","max-image-preview":"max-image-preview:large","max-video-preview":"max-video-preview:-1"},"canonical":"https:\/\/www.biennale-photo-mulhouse.com\/2026\/limits-of-control-jenia-fridlyand\/","og_locale":"fr_FR","og_type":"article","og_title":"Limits of control, Jenia Fridlyand - BPM 2026 - Biennale de la Photographie de Mulhouse 2026","og_description":"Premi\u00e8re exposition en France de Jenia Fridlyand, Limits of Control est une s\u00e9lection de photographies issues d'un travail r\u00e9alis\u00e9 \u00e0 Cuba.","og_url":"https:\/\/www.biennale-photo-mulhouse.com\/2026\/limits-of-control-jenia-fridlyand\/","og_site_name":"BPM 2026 - Biennale de la Photographie de Mulhouse 2026","article_publisher":"https:\/\/www.facebook.com\/BiennaleDeLaPhotographieDeMulhouse","article_modified_time":"2026-05-07T07:19:29+00:00","og_image":[{"url":"https:\/\/www.biennale-photo-mulhouse.com\/2026\/wp-content\/uploads\/sites\/7\/2026\/03\/3.-Jenia-Fridlyand-_Limits-of-Control_-2017-2019.jpg"}],"twitter_card":"summary_large_image","twitter_misc":{"Dur\u00e9e de lecture estim\u00e9e":"3 minutes"},"schema":{"@context":"https:\/\/schema.org","@graph":[{"@type":"WebPage","@id":"https:\/\/www.biennale-photo-mulhouse.com\/2026\/limits-of-control-jenia-fridlyand\/","url":"https:\/\/www.biennale-photo-mulhouse.com\/2026\/limits-of-control-jenia-fridlyand\/","name":"Limits of control, Jenia Fridlyand - BPM 2026 - Biennale de la Photographie de Mulhouse 2026","isPartOf":{"@id":"https:\/\/www.biennale-photo-mulhouse.com\/2026\/#website"},"datePublished":"2026-03-27T11:53:43+00:00","dateModified":"2026-05-07T07:19:29+00:00","description":"Premi\u00e8re exposition en France de Jenia Fridlyand, Limits of Control est une s\u00e9lection de photographies issues d'un travail r\u00e9alis\u00e9 \u00e0 Cuba.","breadcrumb":{"@id":"https:\/\/www.biennale-photo-mulhouse.com\/2026\/limits-of-control-jenia-fridlyand\/#breadcrumb"},"inLanguage":"fr-FR","potentialAction":[{"@type":"ReadAction","target":["https:\/\/www.biennale-photo-mulhouse.com\/2026\/limits-of-control-jenia-fridlyand\/"]}]},{"@type":"BreadcrumbList","@id":"https:\/\/www.biennale-photo-mulhouse.com\/2026\/limits-of-control-jenia-fridlyand\/#breadcrumb","itemListElement":[{"@type":"ListItem","position":1,"name":"Accueil","item":"https:\/\/www.biennale-photo-mulhouse.com\/2026\/"},{"@type":"ListItem","position":2,"name":"Limits of control, Jenia Fridlyand"}]},{"@type":"WebSite","@id":"https:\/\/www.biennale-photo-mulhouse.com\/2026\/#website","url":"https:\/\/www.biennale-photo-mulhouse.com\/2026\/","name":"Biennale de la Photographie de Mulhouse","description":"","potentialAction":[{"@type":"SearchAction","target":{"@type":"EntryPoint","urlTemplate":"https:\/\/www.biennale-photo-mulhouse.com\/2026\/?s={search_term_string}"},"query-input":"required name=search_term_string"}],"inLanguage":"fr-FR"}]}},"_links":{"self":[{"href":"https:\/\/www.biennale-photo-mulhouse.com\/2026\/wp-json\/wp\/v2\/pages\/1182","targetHints":{"allow":["GET"]}}],"collection":[{"href":"https:\/\/www.biennale-photo-mulhouse.com\/2026\/wp-json\/wp\/v2\/pages"}],"about":[{"href":"https:\/\/www.biennale-photo-mulhouse.com\/2026\/wp-json\/wp\/v2\/types\/page"}],"author":[{"embeddable":true,"href":"https:\/\/www.biennale-photo-mulhouse.com\/2026\/wp-json\/wp\/v2\/users\/3"}],"replies":[{"embeddable":true,"href":"https:\/\/www.biennale-photo-mulhouse.com\/2026\/wp-json\/wp\/v2\/comments?post=1182"}],"version-history":[{"count":13,"href":"https:\/\/www.biennale-photo-mulhouse.com\/2026\/wp-json\/wp\/v2\/pages\/1182\/revisions"}],"predecessor-version":[{"id":1419,"href":"https:\/\/www.biennale-photo-mulhouse.com\/2026\/wp-json\/wp\/v2\/pages\/1182\/revisions\/1419"}],"wp:attachment":[{"href":"https:\/\/www.biennale-photo-mulhouse.com\/2026\/wp-json\/wp\/v2\/media?parent=1182"}],"wp:term":[{"taxonomy":"category","embeddable":true,"href":"https:\/\/www.biennale-photo-mulhouse.com\/2026\/wp-json\/wp\/v2\/categories?post=1182"}],"curies":[{"name":"wp","href":"https:\/\/api.w.org\/{rel}","templated":true}]}}