{"id":1069,"date":"2025-10-16T17:04:13","date_gmt":"2025-10-16T15:04:13","guid":{"rendered":"https:\/\/www.biennale-photo-mulhouse.com\/2026\/?page_id=1069"},"modified":"2025-11-22T15:18:51","modified_gmt":"2025-11-22T14:18:51","slug":"appel-a-candidature-pep-x-bpm","status":"publish","type":"page","link":"https:\/\/www.biennale-photo-mulhouse.com\/2026\/appel-a-candidature-pep-x-bpm\/","title":{"rendered":"Appel \u00e0 candidature PEP"},"content":{"rendered":"<p><span class=\"small\"><strong>FR \u2b62 <a href=\"https:\/\/www.biennale-photo-mulhouse.com\/2026en\/open-call-pep-x-bpm\/\">ENG<\/a><\/strong><\/span><\/p>\n<h1>Appel \u00e0 candidature<span class=\"theme_color\"><br \/>\nPEP x BPM, <em>Sedimentation(s)<\/em><\/span><\/h1>\n<p><strong><span class=\"theme_color\">Date limite de participation : 30 novembre 2025<\/span><br \/>\nExposition collective en juin-juillet 2026,<\/strong><em> dans l&rsquo;espace d&rsquo;exposition de la Biblioth\u00e8que Grand&rsquo;Rue de Mulhouse\u00a0<\/em><\/p>\n<p>Pour sa 7\u00e8me \u00e9dition, la Biennale de la Photographie de Mulhouse renouvelle son partenariat avec <a href=\"https:\/\/www.pep.photography\/\" target=\"_blank\" rel=\"noopener\">PEP &#8211; Photographic Exploration Project.<\/a><\/p>\n<p>Comme en 2024 lors de <a href=\"https:\/\/www.biennale-photo-mulhouse.com\/2024\/bpm-pep-impossible-worlds-photo-mulhouse\/\" target=\"_blank\" rel=\"noopener\"><span class=\"theme_color\"><em>Mondes Impossibles<\/em><\/span><\/a>, PEP lance un appel \u00e0 candidatures afin de construire une exposition collective dans le cadre de la BPM.\u00a0<\/p>\n<p>Cet appel \u00e0 candidature accueille les \u0153uvres photographiques qui abordent la notion de s\u00e9dimentation sous toutes ses formes &#8211; conceptuelle, litt\u00e9rale ou m\u00e9taphorique. Nous nous int\u00e9ressons \u00e0 la mani\u00e8re dont la photographie peut agir comme un moyen de s\u00e9dimentation en soi : capturer des traces, construire des couches de sens ou d\u00e9couvrir ce qui se cache sous la surface. \u00c0 travers cette exposition, nous souhaitons cr\u00e9er un espace de r\u00e9flexion sur la mani\u00e8re dont les choses s&rsquo;accumulent, se dissolvent et se reconfigurent \u00e0 la fois dans le monde et en nous-m\u00eames.<\/p>\n<p class=\"offsetted with_color_arrow\"><span class=\"theme_color\"><a href=\"https:\/\/www.pep.photography\/calls\" target=\"_blank\" rel=\"noopener\">Plus d&rsquo;infos et plateforme de participation<\/a>\u00a0<\/span><\/p>\n<p><img loading=\"lazy\" decoding=\"async\" class=\"alignnone size-full wp-image-1070\" src=\"https:\/\/www.biennale-photo-mulhouse.com\/2026\/wp-content\/uploads\/sites\/7\/2025\/10\/sedimentations-Braeck-final.jpg\" alt=\"\" width=\"1783\" height=\"2157\" srcset=\"https:\/\/www.biennale-photo-mulhouse.com\/2026\/wp-content\/uploads\/sites\/7\/2025\/10\/sedimentations-Braeck-final.jpg 1783w, https:\/\/www.biennale-photo-mulhouse.com\/2026\/wp-content\/uploads\/sites\/7\/2025\/10\/sedimentations-Braeck-final-768x929.jpg 768w, https:\/\/www.biennale-photo-mulhouse.com\/2026\/wp-content\/uploads\/sites\/7\/2025\/10\/sedimentations-Braeck-final-1270x1536.jpg 1270w, https:\/\/www.biennale-photo-mulhouse.com\/2026\/wp-content\/uploads\/sites\/7\/2025\/10\/sedimentations-Braeck-final-1693x2048.jpg 1693w\" sizes=\"auto, (max-width: 1783px) 100vw, 1783px\" \/><\/p>\n","protected":false},"excerpt":{"rendered":"<p>FR \u2b62 ENG Appel \u00e0 candidature PEP x BPM, Sedimentation(s) Date limite de participation : 30 novembre 2025 Exposition collective en juin-juillet 2026, dans l&rsquo;espace d&rsquo;exposition de la Biblioth\u00e8que Grand&rsquo;Rue de Mulhouse\u00a0 Pour sa 7\u00e8me \u00e9dition, la Biennale de la Photographie de Mulhouse renouvelle son partenariat avec PEP &#8211; Photographic Exploration Project. Comme en 2024 [&hellip;]<\/p>\n","protected":false},"author":3,"featured_media":0,"parent":0,"menu_order":0,"comment_status":"closed","ping_status":"closed","template":"","meta":{"footnotes":""},"categories":[1],"class_list":["post-1069","page","type-page","status-publish","hentry","category-non-classe"],"acf":{"photo_gallery":{"gallery":[[{"id":1074,"title":"PEP x BPM Impossible Worlds_expo_97","caption":"Vue d'exposition, PEP x BPM, <i> (Im)possible Worlds <\/i>, 2024","full_image_url":"https:\/\/www.biennale-photo-mulhouse.com\/2026\/wp-content\/uploads\/sites\/7\/2025\/10\/PEP-x-BPM-Impossible-Worlds_expo_97-scaled.jpg","thumbnail_image_url":"https:\/\/www.biennale-photo-mulhouse.com\/2026\/wp-content\/uploads\/sites\/7\/2025\/10\/PEP-x-BPM-Impossible-Worlds_expo_97-scaled.jpg","large_srcset":"https:\/\/www.biennale-photo-mulhouse.com\/2026\/wp-content\/uploads\/sites\/7\/2025\/10\/PEP-x-BPM-Impossible-Worlds_expo_97-scaled.jpg 2560w, https:\/\/www.biennale-photo-mulhouse.com\/2026\/wp-content\/uploads\/sites\/7\/2025\/10\/PEP-x-BPM-Impossible-Worlds_expo_97-768x512.jpg 768w, https:\/\/www.biennale-photo-mulhouse.com\/2026\/wp-content\/uploads\/sites\/7\/2025\/10\/PEP-x-BPM-Impossible-Worlds_expo_97-1536x1024.jpg 1536w, https:\/\/www.biennale-photo-mulhouse.com\/2026\/wp-content\/uploads\/sites\/7\/2025\/10\/PEP-x-BPM-Impossible-Worlds_expo_97-2048x1365.jpg 2048w","medium_srcset":"https:\/\/www.biennale-photo-mulhouse.com\/2026\/wp-content\/uploads\/sites\/7\/2025\/10\/PEP-x-BPM-Impossible-Worlds_expo_97-scaled.jpg 2560w, https:\/\/www.biennale-photo-mulhouse.com\/2026\/wp-content\/uploads\/sites\/7\/2025\/10\/PEP-x-BPM-Impossible-Worlds_expo_97-768x512.jpg 768w, https:\/\/www.biennale-photo-mulhouse.com\/2026\/wp-content\/uploads\/sites\/7\/2025\/10\/PEP-x-BPM-Impossible-Worlds_expo_97-1536x1024.jpg 1536w, https:\/\/www.biennale-photo-mulhouse.com\/2026\/wp-content\/uploads\/sites\/7\/2025\/10\/PEP-x-BPM-Impossible-Worlds_expo_97-2048x1365.jpg 2048w","media_details":{"width":2560,"height":1707,"sizes":{"medium_large":{"file":"PEP-x-BPM-Impossible-Worlds_expo_97-768x512.jpg","width":768,"height":512,"mime-type":"image\/jpeg","filesize":48503,"source_url":"https:\/\/www.biennale-photo-mulhouse.com\/2026\/wp-content\/uploads\/sites\/7\/2025\/10\/PEP-x-BPM-Impossible-Worlds_expo_97-768x512.jpg"},"1536x1536":{"file":"PEP-x-BPM-Impossible-Worlds_expo_97-1536x1024.jpg","width":1536,"height":1024,"mime-type":"image\/jpeg","filesize":105750,"source_url":"https:\/\/www.biennale-photo-mulhouse.com\/2026\/wp-content\/uploads\/sites\/7\/2025\/10\/PEP-x-BPM-Impossible-Worlds_expo_97-1536x1024.jpg"},"2048x2048":{"file":"PEP-x-BPM-Impossible-Worlds_expo_97-2048x1365.jpg","width":2048,"height":1365,"mime-type":"image\/jpeg","filesize":171819,"source_url":"https:\/\/www.biennale-photo-mulhouse.com\/2026\/wp-content\/uploads\/sites\/7\/2025\/10\/PEP-x-BPM-Impossible-Worlds_expo_97-2048x1365.jpg"}}},"alt_text":"","url":"","target":""}]]}},"yoast_head":"<!-- This site is optimized with the Yoast SEO plugin v21.9.1 - https:\/\/yoast.com\/wordpress\/plugins\/seo\/ -->\n<title>Appel \u00e0 candidature PEP - BPM 2026 - Biennale de la Photographie de Mulhouse 2026<\/title>\n<meta name=\"description\" content=\"La BPM et PEP - Photographic Exploration Project lancent un appel \u00e0 candidature pour une exposition collective en 2026.\" \/>\n<meta name=\"robots\" content=\"index, follow, max-snippet:-1, max-image-preview:large, max-video-preview:-1\" \/>\n<link rel=\"canonical\" href=\"https:\/\/www.biennale-photo-mulhouse.com\/2026\/appel-a-candidature-pep-x-bpm\/\" \/>\n<meta property=\"og:locale\" content=\"fr_FR\" \/>\n<meta property=\"og:type\" content=\"article\" \/>\n<meta property=\"og:title\" content=\"Appel \u00e0 candidature PEP - BPM 2026 - Biennale de la Photographie de Mulhouse 2026\" \/>\n<meta property=\"og:description\" content=\"La BPM et PEP - Photographic Exploration Project lancent un appel \u00e0 candidature pour une exposition collective en 2026.\" \/>\n<meta property=\"og:url\" content=\"https:\/\/www.biennale-photo-mulhouse.com\/2026\/appel-a-candidature-pep-x-bpm\/\" \/>\n<meta property=\"og:site_name\" content=\"BPM 2026 - Biennale de la Photographie de Mulhouse 2026\" \/>\n<meta property=\"article:publisher\" content=\"https:\/\/www.facebook.com\/BiennaleDeLaPhotographieDeMulhouse\" \/>\n<meta property=\"article:modified_time\" content=\"2025-11-22T14:18:51+00:00\" \/>\n<meta property=\"og:image\" content=\"https:\/\/www.biennale-photo-mulhouse.com\/2026\/wp-content\/uploads\/sites\/7\/2025\/10\/sedimentations-Braeck-final.jpg\" \/>\n<meta name=\"twitter:card\" content=\"summary_large_image\" \/>\n<meta name=\"twitter:label1\" content=\"Dur\u00e9e de lecture estim\u00e9e\" \/>\n\t<meta name=\"twitter:data1\" content=\"2 minutes\" \/>\n<script type=\"application\/ld+json\" class=\"yoast-schema-graph\">{\"@context\":\"https:\/\/schema.org\",\"@graph\":[{\"@type\":\"WebPage\",\"@id\":\"https:\/\/www.biennale-photo-mulhouse.com\/2026\/appel-a-candidature-pep-x-bpm\/\",\"url\":\"https:\/\/www.biennale-photo-mulhouse.com\/2026\/appel-a-candidature-pep-x-bpm\/\",\"name\":\"Appel \u00e0 candidature PEP - BPM 2026 - Biennale de la Photographie de Mulhouse 2026\",\"isPartOf\":{\"@id\":\"https:\/\/www.biennale-photo-mulhouse.com\/2026\/#website\"},\"datePublished\":\"2025-10-16T15:04:13+00:00\",\"dateModified\":\"2025-11-22T14:18:51+00:00\",\"description\":\"La BPM et PEP - Photographic Exploration Project lancent un appel \u00e0 candidature pour une exposition collective en 2026.\",\"breadcrumb\":{\"@id\":\"https:\/\/www.biennale-photo-mulhouse.com\/2026\/appel-a-candidature-pep-x-bpm\/#breadcrumb\"},\"inLanguage\":\"fr-FR\",\"potentialAction\":[{\"@type\":\"ReadAction\",\"target\":[\"https:\/\/www.biennale-photo-mulhouse.com\/2026\/appel-a-candidature-pep-x-bpm\/\"]}]},{\"@type\":\"BreadcrumbList\",\"@id\":\"https:\/\/www.biennale-photo-mulhouse.com\/2026\/appel-a-candidature-pep-x-bpm\/#breadcrumb\",\"itemListElement\":[{\"@type\":\"ListItem\",\"position\":1,\"name\":\"Accueil\",\"item\":\"https:\/\/www.biennale-photo-mulhouse.com\/2026\/\"},{\"@type\":\"ListItem\",\"position\":2,\"name\":\"Appel \u00e0 candidature PEP\"}]},{\"@type\":\"WebSite\",\"@id\":\"https:\/\/www.biennale-photo-mulhouse.com\/2026\/#website\",\"url\":\"https:\/\/www.biennale-photo-mulhouse.com\/2026\/\",\"name\":\"Biennale de la Photographie de Mulhouse\",\"description\":\"\",\"potentialAction\":[{\"@type\":\"SearchAction\",\"target\":{\"@type\":\"EntryPoint\",\"urlTemplate\":\"https:\/\/www.biennale-photo-mulhouse.com\/2026\/?s={search_term_string}\"},\"query-input\":\"required name=search_term_string\"}],\"inLanguage\":\"fr-FR\"}]}<\/script>\n<!-- \/ Yoast SEO plugin. -->","yoast_head_json":{"title":"Appel \u00e0 candidature PEP - BPM 2026 - Biennale de la Photographie de Mulhouse 2026","description":"La BPM et PEP - Photographic Exploration Project lancent un appel \u00e0 candidature pour une exposition collective en 2026.","robots":{"index":"index","follow":"follow","max-snippet":"max-snippet:-1","max-image-preview":"max-image-preview:large","max-video-preview":"max-video-preview:-1"},"canonical":"https:\/\/www.biennale-photo-mulhouse.com\/2026\/appel-a-candidature-pep-x-bpm\/","og_locale":"fr_FR","og_type":"article","og_title":"Appel \u00e0 candidature PEP - BPM 2026 - Biennale de la Photographie de Mulhouse 2026","og_description":"La BPM et PEP - Photographic Exploration Project lancent un appel \u00e0 candidature pour une exposition collective en 2026.","og_url":"https:\/\/www.biennale-photo-mulhouse.com\/2026\/appel-a-candidature-pep-x-bpm\/","og_site_name":"BPM 2026 - Biennale de la Photographie de Mulhouse 2026","article_publisher":"https:\/\/www.facebook.com\/BiennaleDeLaPhotographieDeMulhouse","article_modified_time":"2025-11-22T14:18:51+00:00","og_image":[{"url":"https:\/\/www.biennale-photo-mulhouse.com\/2026\/wp-content\/uploads\/sites\/7\/2025\/10\/sedimentations-Braeck-final.jpg"}],"twitter_card":"summary_large_image","twitter_misc":{"Dur\u00e9e de lecture estim\u00e9e":"2 minutes"},"schema":{"@context":"https:\/\/schema.org","@graph":[{"@type":"WebPage","@id":"https:\/\/www.biennale-photo-mulhouse.com\/2026\/appel-a-candidature-pep-x-bpm\/","url":"https:\/\/www.biennale-photo-mulhouse.com\/2026\/appel-a-candidature-pep-x-bpm\/","name":"Appel \u00e0 candidature PEP - BPM 2026 - Biennale de la Photographie de Mulhouse 2026","isPartOf":{"@id":"https:\/\/www.biennale-photo-mulhouse.com\/2026\/#website"},"datePublished":"2025-10-16T15:04:13+00:00","dateModified":"2025-11-22T14:18:51+00:00","description":"La BPM et PEP - Photographic Exploration Project lancent un appel \u00e0 candidature pour une exposition collective en 2026.","breadcrumb":{"@id":"https:\/\/www.biennale-photo-mulhouse.com\/2026\/appel-a-candidature-pep-x-bpm\/#breadcrumb"},"inLanguage":"fr-FR","potentialAction":[{"@type":"ReadAction","target":["https:\/\/www.biennale-photo-mulhouse.com\/2026\/appel-a-candidature-pep-x-bpm\/"]}]},{"@type":"BreadcrumbList","@id":"https:\/\/www.biennale-photo-mulhouse.com\/2026\/appel-a-candidature-pep-x-bpm\/#breadcrumb","itemListElement":[{"@type":"ListItem","position":1,"name":"Accueil","item":"https:\/\/www.biennale-photo-mulhouse.com\/2026\/"},{"@type":"ListItem","position":2,"name":"Appel \u00e0 candidature PEP"}]},{"@type":"WebSite","@id":"https:\/\/www.biennale-photo-mulhouse.com\/2026\/#website","url":"https:\/\/www.biennale-photo-mulhouse.com\/2026\/","name":"Biennale de la Photographie de Mulhouse","description":"","potentialAction":[{"@type":"SearchAction","target":{"@type":"EntryPoint","urlTemplate":"https:\/\/www.biennale-photo-mulhouse.com\/2026\/?s={search_term_string}"},"query-input":"required name=search_term_string"}],"inLanguage":"fr-FR"}]}},"_links":{"self":[{"href":"https:\/\/www.biennale-photo-mulhouse.com\/2026\/wp-json\/wp\/v2\/pages\/1069","targetHints":{"allow":["GET"]}}],"collection":[{"href":"https:\/\/www.biennale-photo-mulhouse.com\/2026\/wp-json\/wp\/v2\/pages"}],"about":[{"href":"https:\/\/www.biennale-photo-mulhouse.com\/2026\/wp-json\/wp\/v2\/types\/page"}],"author":[{"embeddable":true,"href":"https:\/\/www.biennale-photo-mulhouse.com\/2026\/wp-json\/wp\/v2\/users\/3"}],"replies":[{"embeddable":true,"href":"https:\/\/www.biennale-photo-mulhouse.com\/2026\/wp-json\/wp\/v2\/comments?post=1069"}],"version-history":[{"count":9,"href":"https:\/\/www.biennale-photo-mulhouse.com\/2026\/wp-json\/wp\/v2\/pages\/1069\/revisions"}],"predecessor-version":[{"id":1084,"href":"https:\/\/www.biennale-photo-mulhouse.com\/2026\/wp-json\/wp\/v2\/pages\/1069\/revisions\/1084"}],"wp:attachment":[{"href":"https:\/\/www.biennale-photo-mulhouse.com\/2026\/wp-json\/wp\/v2\/media?parent=1069"}],"wp:term":[{"taxonomy":"category","embeddable":true,"href":"https:\/\/www.biennale-photo-mulhouse.com\/2026\/wp-json\/wp\/v2\/categories?post=1069"}],"curies":[{"name":"wp","href":"https:\/\/api.w.org\/{rel}","templated":true}]}}