{"id":363,"date":"2024-06-03T12:24:57","date_gmt":"2024-06-03T10:24:57","guid":{"rendered":"https:\/\/www.biennale-photo-mulhouse.com\/2024\/?page_id=363"},"modified":"2024-11-19T13:58:14","modified_gmt":"2024-11-19T12:58:14","slug":"10-ans-10-photographes-photo-mulhouse","status":"publish","type":"page","link":"https:\/\/www.biennale-photo-mulhouse.com\/2024\/10-ans-10-photographes-photo-mulhouse\/","title":{"rendered":"10 ans \/ 10 photographes"},"content":{"rendered":"<p><span class=\"small\"><strong> FR\/ENG \u2193<\/strong><\/span><\/p>\n<h1><span class=\"theme_color\"><em>10 ans \/ 10 photographes<\/em><\/span><\/h1>\n<h2>Janine B\u00e4chle, Geert Goiris, Matthew Genitempo, Pascal Amoyel, Rebecca Topakian, Paul Gaffney, Michel Fran\u00e7ois, Nathalie Wolff &amp; Matthias Bumiller, C\u00e9line Clanet, Christophe Bourguedieu<\/h2>\n<p><strong>Berges de l\u2019Ill\/ Quai des Cigognes, Mulhouse<\/strong><\/p>\n<p class=\"cancel_mt\"><span class=\"theme_color\">7 octobre 2023 &#8211; 13 novembre 2024<\/span><\/p>\n<p class=\"cancel_mt\"><span class=\"theme_color\">24\/24h<\/span><\/p>\n<p>Commissaire\/<span class=\"theme_color\"><em>curator<\/em><\/span> : Anne Immel\u00e9<\/p>\n<p>\u00c0 l\u2019occasion des 10 ans de la BPM, cette exposition dans l\u2019espace public r\u00e9unit 10 photographes ayant particip\u00e9 aux diff\u00e9rentes \u00e9ditions du festival depuis 2013. La s\u00e9lection montre une diversit\u00e9 d\u2019approches photographiques, mais tous les photographes t\u00e9moignent d\u2019une approche sensible, \u00e0 la fois po\u00e9tique et politique du monde contemporain. Le fil conducteur des photographies expos\u00e9es est le questionnement sur la possibilit\u00e9 ou l\u2019impossibilit\u00e9 d\u2019habiter le monde transform\u00e9 par l\u2019activit\u00e9 humaine. <strong>Janine B\u00e4chle, C\u00e9line Clanet<\/strong> et <strong>Paul Gaffney<\/strong> se questionnent sur les moyens de vivre en harmonie avec la nature, <strong>Rebecca Topakian, Michel Fran\u00e7ois, Christophe Bourguedieu, Nathalie Wolff &amp; Matthias Bumiller<\/strong> interrogent la soci\u00e9t\u00e9 post-capitaliste, ses fronti\u00e8res et ses contradictions. Plus intimistes, <strong>Matthew Genitempo<\/strong> et <strong>Pascal Amoyel<\/strong> photographient leurs proches dans une relation au territoire de vie. Enfin, <strong>Geert Goiris<\/strong> illustre une tension fondamentale entre l\u2019humain et la nature.<\/p>\n<h2><em><span class=\"theme_color\">10 years \/ 10 photographers<\/span><\/em><\/h2>\n<p><span class=\"theme_color\"><em>To mark the 10th anniversary of the MBP, this exhibition in the public space brings together 10 photographers who have participated in the various editions of the festival since 2013. The selection shows a diversity of photographic approaches, but all the photographers testify to a sensitive, poetic and political approach to the contemporary world. The common theme running through the photographs on display is a questioning of the possibility or impossibility of inhabiting a world transformed by human activity. <strong>Janine B\u00e4chle, C\u00e9line Clanet<\/strong> and <strong>Paul Gaffney<\/strong> explore how we can live in harmony with nature, while <strong>Rebecca Topakian, Michel Fran\u00e7ois, Christophe Bourguedieu, Nathalie Wolff &amp; Matthias Bumiller<\/strong> examine post-capitalist society, its boundaries and contradictions. More intimate, <strong>Matthew Genitempo<\/strong> and <strong>Pascal Amoyel<\/strong> depict their loved ones in relation to the territory in which they live. Finally, <strong>Geert Goiris<\/strong> illustrates the fundamental tension between human beings and nature.<\/em><\/span><\/p>\n<p><img loading=\"lazy\" decoding=\"async\" class=\"alignnone size-large wp-image-23\" src=\"https:\/\/www.biennale-photo-mulhouse.com\/2024\/wp-content\/uploads\/sites\/6\/2023\/12\/Celine-Clanet-Ilots-farouches-2022-1024x767.jpg\" alt=\"\" width=\"1024\" height=\"767\" srcset=\"https:\/\/www.biennale-photo-mulhouse.com\/2024\/wp-content\/uploads\/sites\/6\/2023\/12\/Celine-Clanet-Ilots-farouches-2022-1024x767.jpg 1024w, https:\/\/www.biennale-photo-mulhouse.com\/2024\/wp-content\/uploads\/sites\/6\/2023\/12\/Celine-Clanet-Ilots-farouches-2022-300x225.jpg 300w, https:\/\/www.biennale-photo-mulhouse.com\/2024\/wp-content\/uploads\/sites\/6\/2023\/12\/Celine-Clanet-Ilots-farouches-2022-768x575.jpg 768w, https:\/\/www.biennale-photo-mulhouse.com\/2024\/wp-content\/uploads\/sites\/6\/2023\/12\/Celine-Clanet-Ilots-farouches-2022.jpg 1082w\" sizes=\"auto, (max-width: 1024px) 100vw, 1024px\" \/><\/p>\n<p class=\"img_caption\">C\u00e9line Clanet &#8211; Grande Commande Photojournalisme BnF, <em>Les Il\u00f4ts farouches<\/em>, 2022.<\/p>\n<p><img loading=\"lazy\" decoding=\"async\" class=\"alignnone size-large wp-image-27\" src=\"https:\/\/www.biennale-photo-mulhouse.com\/2024\/wp-content\/uploads\/sites\/6\/2023\/12\/Pascal-Amoyel-Adam-Peyragudes-2016-1024x807.jpeg\" alt=\"\" width=\"1024\" height=\"807\" srcset=\"https:\/\/www.biennale-photo-mulhouse.com\/2024\/wp-content\/uploads\/sites\/6\/2023\/12\/Pascal-Amoyel-Adam-Peyragudes-2016-1024x807.jpeg 1024w, https:\/\/www.biennale-photo-mulhouse.com\/2024\/wp-content\/uploads\/sites\/6\/2023\/12\/Pascal-Amoyel-Adam-Peyragudes-2016-300x236.jpeg 300w, https:\/\/www.biennale-photo-mulhouse.com\/2024\/wp-content\/uploads\/sites\/6\/2023\/12\/Pascal-Amoyel-Adam-Peyragudes-2016-768x605.jpeg 768w, https:\/\/www.biennale-photo-mulhouse.com\/2024\/wp-content\/uploads\/sites\/6\/2023\/12\/Pascal-Amoyel-Adam-Peyragudes-2016.jpeg 1218w\" sizes=\"auto, (max-width: 1024px) 100vw, 1024px\" \/><\/p>\n<p class=\"img_caption\">Pascal Amoyel, Adam, Peyragudes, 2016.<\/p>\n","protected":false},"excerpt":{"rendered":"<p>FR\/ENG \u2193 10 ans \/ 10 photographes Janine B\u00e4chle, Geert Goiris, Matthew Genitempo, Pascal Amoyel, Rebecca Topakian, Paul Gaffney, Michel Fran\u00e7ois, Nathalie Wolff &amp; Matthias Bumiller, C\u00e9line Clanet, Christophe Bourguedieu Berges de l\u2019Ill\/ Quai des Cigognes, Mulhouse 7 octobre 2023 &#8211; 13 novembre 2024 24\/24h Commissaire\/curator : Anne Immel\u00e9 \u00c0 l\u2019occasion des 10 ans de [&hellip;]<\/p>\n","protected":false},"author":3,"featured_media":0,"parent":0,"menu_order":0,"comment_status":"closed","ping_status":"closed","template":"","meta":{"footnotes":""},"categories":[9],"class_list":["post-363","page","type-page","status-publish","hentry","category-expositions"],"acf":{"photo_gallery":{"gallery":[[{"id":24,"title":"Christophe Bourguedieu -Saint-Nazaire","caption":"Christophe Bourguedieu, <i>Saint-Nazaire<\/i>, 2018","full_image_url":"https:\/\/www.biennale-photo-mulhouse.com\/2024\/wp-content\/uploads\/sites\/6\/2023\/12\/Christophe-Bourguedieu-Saint-Nazaire-2018.jpg","thumbnail_image_url":"https:\/\/www.biennale-photo-mulhouse.com\/2024\/wp-content\/uploads\/sites\/6\/2023\/12\/Christophe-Bourguedieu-Saint-Nazaire-2018-150x150.jpg","large_srcset":"https:\/\/www.biennale-photo-mulhouse.com\/2024\/wp-content\/uploads\/sites\/6\/2023\/12\/Christophe-Bourguedieu-Saint-Nazaire-2018-1024x798.jpg 1024w, https:\/\/www.biennale-photo-mulhouse.com\/2024\/wp-content\/uploads\/sites\/6\/2023\/12\/Christophe-Bourguedieu-Saint-Nazaire-2018-300x234.jpg 300w, https:\/\/www.biennale-photo-mulhouse.com\/2024\/wp-content\/uploads\/sites\/6\/2023\/12\/Christophe-Bourguedieu-Saint-Nazaire-2018-768x598.jpg 768w, https:\/\/www.biennale-photo-mulhouse.com\/2024\/wp-content\/uploads\/sites\/6\/2023\/12\/Christophe-Bourguedieu-Saint-Nazaire-2018.jpg 1200w","medium_srcset":"https:\/\/www.biennale-photo-mulhouse.com\/2024\/wp-content\/uploads\/sites\/6\/2023\/12\/Christophe-Bourguedieu-Saint-Nazaire-2018-300x234.jpg 300w, https:\/\/www.biennale-photo-mulhouse.com\/2024\/wp-content\/uploads\/sites\/6\/2023\/12\/Christophe-Bourguedieu-Saint-Nazaire-2018-1024x798.jpg 1024w, https:\/\/www.biennale-photo-mulhouse.com\/2024\/wp-content\/uploads\/sites\/6\/2023\/12\/Christophe-Bourguedieu-Saint-Nazaire-2018-768x598.jpg 768w, https:\/\/www.biennale-photo-mulhouse.com\/2024\/wp-content\/uploads\/sites\/6\/2023\/12\/Christophe-Bourguedieu-Saint-Nazaire-2018.jpg 1200w","media_details":{"width":1200,"height":935,"sizes":{"medium":{"file":"Christophe-Bourguedieu-Saint-Nazaire-2018-300x234.jpg","width":300,"height":234,"mime-type":"image\/jpeg","filesize":12863,"source_url":"https:\/\/www.biennale-photo-mulhouse.com\/2024\/wp-content\/uploads\/sites\/6\/2023\/12\/Christophe-Bourguedieu-Saint-Nazaire-2018-300x234.jpg"},"large":{"file":"Christophe-Bourguedieu-Saint-Nazaire-2018-1024x798.jpg","width":1024,"height":798,"mime-type":"image\/jpeg","filesize":120934,"source_url":"https:\/\/www.biennale-photo-mulhouse.com\/2024\/wp-content\/uploads\/sites\/6\/2023\/12\/Christophe-Bourguedieu-Saint-Nazaire-2018-1024x798.jpg"},"thumbnail":{"file":"Christophe-Bourguedieu-Saint-Nazaire-2018-150x150.jpg","width":150,"height":150,"mime-type":"image\/jpeg","filesize":4967,"source_url":"https:\/\/www.biennale-photo-mulhouse.com\/2024\/wp-content\/uploads\/sites\/6\/2023\/12\/Christophe-Bourguedieu-Saint-Nazaire-2018-150x150.jpg"},"medium_large":{"file":"Christophe-Bourguedieu-Saint-Nazaire-2018-768x598.jpg","width":768,"height":598,"mime-type":"image\/jpeg","filesize":70164,"source_url":"https:\/\/www.biennale-photo-mulhouse.com\/2024\/wp-content\/uploads\/sites\/6\/2023\/12\/Christophe-Bourguedieu-Saint-Nazaire-2018-768x598.jpg"}}},"alt_text":"","url":"","target":""}]]}},"yoast_head":"<!-- This site is optimized with the Yoast SEO plugin v21.9.1 - https:\/\/yoast.com\/wordpress\/plugins\/seo\/ -->\n<title>10 ans \/ 10 photographes - BPM 2024 - Biennale de la Photographie de Mulhouse 2024<\/title>\n<meta name=\"description\" content=\"\u00c0 l\u2019occasion des 10 ans de la BPM, cette exposition dans l\u2019espace public r\u00e9unit 10 photographes ayant particip\u00e9 au festival depuis 2013.\" \/>\n<meta name=\"robots\" content=\"index, follow, max-snippet:-1, max-image-preview:large, max-video-preview:-1\" \/>\n<link rel=\"canonical\" href=\"https:\/\/www.biennale-photo-mulhouse.com\/2024\/10-ans-10-photographes-photo-mulhouse\/\" \/>\n<meta property=\"og:locale\" content=\"fr_FR\" \/>\n<meta property=\"og:type\" content=\"article\" \/>\n<meta property=\"og:title\" content=\"10 ans \/ 10 photographes - BPM 2024 - Biennale de la Photographie de Mulhouse 2024\" \/>\n<meta property=\"og:description\" content=\"\u00c0 l\u2019occasion des 10 ans de la BPM, cette exposition dans l\u2019espace public r\u00e9unit 10 photographes ayant particip\u00e9 au festival depuis 2013.\" \/>\n<meta property=\"og:url\" content=\"https:\/\/www.biennale-photo-mulhouse.com\/2024\/10-ans-10-photographes-photo-mulhouse\/\" \/>\n<meta property=\"og:site_name\" content=\"BPM 2024 - Biennale de la Photographie de Mulhouse 2024\" \/>\n<meta property=\"article:publisher\" content=\"https:\/\/www.facebook.com\/BiennaleDeLaPhotographieDeMulhouse\" \/>\n<meta property=\"article:modified_time\" content=\"2024-11-19T12:58:14+00:00\" \/>\n<meta property=\"og:image\" content=\"https:\/\/www.biennale-photo-mulhouse.com\/2024\/wp-content\/uploads\/sites\/6\/2023\/12\/Celine-Clanet-Ilots-farouches-2022-1024x767.jpg\" \/>\n<meta name=\"twitter:card\" content=\"summary_large_image\" \/>\n<meta name=\"twitter:label1\" content=\"Dur\u00e9e de lecture estim\u00e9e\" \/>\n\t<meta name=\"twitter:data1\" content=\"3 minutes\" \/>\n<script type=\"application\/ld+json\" class=\"yoast-schema-graph\">{\"@context\":\"https:\/\/schema.org\",\"@graph\":[{\"@type\":\"WebPage\",\"@id\":\"https:\/\/www.biennale-photo-mulhouse.com\/2024\/10-ans-10-photographes-photo-mulhouse\/\",\"url\":\"https:\/\/www.biennale-photo-mulhouse.com\/2024\/10-ans-10-photographes-photo-mulhouse\/\",\"name\":\"10 ans \/ 10 photographes - BPM 2024 - Biennale de la Photographie de Mulhouse 2024\",\"isPartOf\":{\"@id\":\"https:\/\/www.biennale-photo-mulhouse.com\/2024\/#website\"},\"datePublished\":\"2024-06-03T10:24:57+00:00\",\"dateModified\":\"2024-11-19T12:58:14+00:00\",\"description\":\"\u00c0 l\u2019occasion des 10 ans de la BPM, cette exposition dans l\u2019espace public r\u00e9unit 10 photographes ayant particip\u00e9 au festival depuis 2013.\",\"breadcrumb\":{\"@id\":\"https:\/\/www.biennale-photo-mulhouse.com\/2024\/10-ans-10-photographes-photo-mulhouse\/#breadcrumb\"},\"inLanguage\":\"fr-FR\",\"potentialAction\":[{\"@type\":\"ReadAction\",\"target\":[\"https:\/\/www.biennale-photo-mulhouse.com\/2024\/10-ans-10-photographes-photo-mulhouse\/\"]}]},{\"@type\":\"BreadcrumbList\",\"@id\":\"https:\/\/www.biennale-photo-mulhouse.com\/2024\/10-ans-10-photographes-photo-mulhouse\/#breadcrumb\",\"itemListElement\":[{\"@type\":\"ListItem\",\"position\":1,\"name\":\"Accueil\",\"item\":\"https:\/\/www.biennale-photo-mulhouse.com\/2024\/\"},{\"@type\":\"ListItem\",\"position\":2,\"name\":\"10 ans \/ 10 photographes\"}]},{\"@type\":\"WebSite\",\"@id\":\"https:\/\/www.biennale-photo-mulhouse.com\/2024\/#website\",\"url\":\"https:\/\/www.biennale-photo-mulhouse.com\/2024\/\",\"name\":\"Biennale de la Photographie de Mulhouse\",\"description\":\"\",\"potentialAction\":[{\"@type\":\"SearchAction\",\"target\":{\"@type\":\"EntryPoint\",\"urlTemplate\":\"https:\/\/www.biennale-photo-mulhouse.com\/2024\/?s={search_term_string}\"},\"query-input\":\"required name=search_term_string\"}],\"inLanguage\":\"fr-FR\"}]}<\/script>\n<!-- \/ Yoast SEO plugin. -->","yoast_head_json":{"title":"10 ans \/ 10 photographes - BPM 2024 - Biennale de la Photographie de Mulhouse 2024","description":"\u00c0 l\u2019occasion des 10 ans de la BPM, cette exposition dans l\u2019espace public r\u00e9unit 10 photographes ayant particip\u00e9 au festival depuis 2013.","robots":{"index":"index","follow":"follow","max-snippet":"max-snippet:-1","max-image-preview":"max-image-preview:large","max-video-preview":"max-video-preview:-1"},"canonical":"https:\/\/www.biennale-photo-mulhouse.com\/2024\/10-ans-10-photographes-photo-mulhouse\/","og_locale":"fr_FR","og_type":"article","og_title":"10 ans \/ 10 photographes - BPM 2024 - Biennale de la Photographie de Mulhouse 2024","og_description":"\u00c0 l\u2019occasion des 10 ans de la BPM, cette exposition dans l\u2019espace public r\u00e9unit 10 photographes ayant particip\u00e9 au festival depuis 2013.","og_url":"https:\/\/www.biennale-photo-mulhouse.com\/2024\/10-ans-10-photographes-photo-mulhouse\/","og_site_name":"BPM 2024 - Biennale de la Photographie de Mulhouse 2024","article_publisher":"https:\/\/www.facebook.com\/BiennaleDeLaPhotographieDeMulhouse","article_modified_time":"2024-11-19T12:58:14+00:00","og_image":[{"url":"https:\/\/www.biennale-photo-mulhouse.com\/2024\/wp-content\/uploads\/sites\/6\/2023\/12\/Celine-Clanet-Ilots-farouches-2022-1024x767.jpg"}],"twitter_card":"summary_large_image","twitter_misc":{"Dur\u00e9e de lecture estim\u00e9e":"3 minutes"},"schema":{"@context":"https:\/\/schema.org","@graph":[{"@type":"WebPage","@id":"https:\/\/www.biennale-photo-mulhouse.com\/2024\/10-ans-10-photographes-photo-mulhouse\/","url":"https:\/\/www.biennale-photo-mulhouse.com\/2024\/10-ans-10-photographes-photo-mulhouse\/","name":"10 ans \/ 10 photographes - BPM 2024 - Biennale de la Photographie de Mulhouse 2024","isPartOf":{"@id":"https:\/\/www.biennale-photo-mulhouse.com\/2024\/#website"},"datePublished":"2024-06-03T10:24:57+00:00","dateModified":"2024-11-19T12:58:14+00:00","description":"\u00c0 l\u2019occasion des 10 ans de la BPM, cette exposition dans l\u2019espace public r\u00e9unit 10 photographes ayant particip\u00e9 au festival depuis 2013.","breadcrumb":{"@id":"https:\/\/www.biennale-photo-mulhouse.com\/2024\/10-ans-10-photographes-photo-mulhouse\/#breadcrumb"},"inLanguage":"fr-FR","potentialAction":[{"@type":"ReadAction","target":["https:\/\/www.biennale-photo-mulhouse.com\/2024\/10-ans-10-photographes-photo-mulhouse\/"]}]},{"@type":"BreadcrumbList","@id":"https:\/\/www.biennale-photo-mulhouse.com\/2024\/10-ans-10-photographes-photo-mulhouse\/#breadcrumb","itemListElement":[{"@type":"ListItem","position":1,"name":"Accueil","item":"https:\/\/www.biennale-photo-mulhouse.com\/2024\/"},{"@type":"ListItem","position":2,"name":"10 ans \/ 10 photographes"}]},{"@type":"WebSite","@id":"https:\/\/www.biennale-photo-mulhouse.com\/2024\/#website","url":"https:\/\/www.biennale-photo-mulhouse.com\/2024\/","name":"Biennale de la Photographie de Mulhouse","description":"","potentialAction":[{"@type":"SearchAction","target":{"@type":"EntryPoint","urlTemplate":"https:\/\/www.biennale-photo-mulhouse.com\/2024\/?s={search_term_string}"},"query-input":"required name=search_term_string"}],"inLanguage":"fr-FR"}]}},"_links":{"self":[{"href":"https:\/\/www.biennale-photo-mulhouse.com\/2024\/wp-json\/wp\/v2\/pages\/363","targetHints":{"allow":["GET"]}}],"collection":[{"href":"https:\/\/www.biennale-photo-mulhouse.com\/2024\/wp-json\/wp\/v2\/pages"}],"about":[{"href":"https:\/\/www.biennale-photo-mulhouse.com\/2024\/wp-json\/wp\/v2\/types\/page"}],"author":[{"embeddable":true,"href":"https:\/\/www.biennale-photo-mulhouse.com\/2024\/wp-json\/wp\/v2\/users\/3"}],"replies":[{"embeddable":true,"href":"https:\/\/www.biennale-photo-mulhouse.com\/2024\/wp-json\/wp\/v2\/comments?post=363"}],"version-history":[{"count":10,"href":"https:\/\/www.biennale-photo-mulhouse.com\/2024\/wp-json\/wp\/v2\/pages\/363\/revisions"}],"predecessor-version":[{"id":756,"href":"https:\/\/www.biennale-photo-mulhouse.com\/2024\/wp-json\/wp\/v2\/pages\/363\/revisions\/756"}],"wp:attachment":[{"href":"https:\/\/www.biennale-photo-mulhouse.com\/2024\/wp-json\/wp\/v2\/media?parent=363"}],"wp:term":[{"taxonomy":"category","embeddable":true,"href":"https:\/\/www.biennale-photo-mulhouse.com\/2024\/wp-json\/wp\/v2\/categories?post=363"}],"curies":[{"name":"wp","href":"https:\/\/api.w.org\/{rel}","templated":true}]}}