{"id":2,"date":"2023-12-28T20:53:51","date_gmt":"2023-12-28T19:53:51","guid":{"rendered":"https:\/\/www.biennale-photo-mulhouse.com\/en2024\/?page_id=2"},"modified":"2025-08-26T12:39:46","modified_gmt":"2025-08-26T10:39:46","slug":"accueil","status":"publish","type":"page","link":"https:\/\/www.biennale-photo-mulhouse.com\/2024\/","title":{"rendered":"Accueil"},"content":{"rendered":"<h1>\u00a0<\/h1>\n<h1><span class=\"theme_color\">Mondes impossibles <br \/>\n<\/span><\/h1>\n<p class=\"cancel_mt\">6\u00e8me \u00e9dition de la Biennale de la Photographie de Mulhouse<\/p>\n<p class=\"cancel_mt\"><span class=\"theme_color\"><strong>13 septembre &#8211; 13 octobre 2024<\/strong><\/span><\/p>\n<p>Journ\u00e9es inaugurales les 13,14 et 15 septembre\u00a0<\/p>\n<p><a class=\"btn pdf\" href=\"https:\/\/www.biennale-photo-mulhouse.com\/2024\/wp-content\/uploads\/sites\/6\/2024\/08\/DP-BPM-2024__.pdf\">Dossier de presse<\/a> \u00b7\u00a0<a class=\"btn pdf\" href=\"https:\/\/www.biennale-photo-mulhouse.com\/2024\/wp-content\/uploads\/sites\/6\/2024\/08\/Press-kit-MBP-2024__.pdf\">Press kit<\/a><\/p>\n<p>&nbsp;<\/p>\n","protected":false},"excerpt":{"rendered":"<p>\u00a0 Mondes impossibles 6\u00e8me \u00e9dition de la Biennale de la Photographie de Mulhouse 13 septembre &#8211; 13 octobre 2024 Journ\u00e9es inaugurales les 13,14 et 15 septembre\u00a0 Dossier de presse \u00b7\u00a0Press kit &nbsp;<\/p>\n","protected":false},"author":1,"featured_media":0,"parent":0,"menu_order":0,"comment_status":"closed","ping_status":"open","template":"","meta":{"footnotes":""},"categories":[4],"class_list":["post-2","page","type-page","status-publish","hentry","category-archives"],"acf":{"photo_gallery":{"gallery":[[{"id":53,"title":"Terri Weifenbach, July 7, 2019","caption":"Terri Weifenbach, July 7, 2019.","full_image_url":"https:\/\/www.biennale-photo-mulhouse.com\/2024\/wp-content\/uploads\/sites\/6\/2024\/02\/Terri-Weifenbach-July-7-2019.jpg","thumbnail_image_url":"https:\/\/www.biennale-photo-mulhouse.com\/2024\/wp-content\/uploads\/sites\/6\/2024\/02\/Terri-Weifenbach-July-7-2019.jpg","large_srcset":"https:\/\/www.biennale-photo-mulhouse.com\/2024\/wp-content\/uploads\/sites\/6\/2024\/02\/Terri-Weifenbach-July-7-2019.jpg 2520w, https:\/\/www.biennale-photo-mulhouse.com\/2024\/wp-content\/uploads\/sites\/6\/2024\/02\/Terri-Weifenbach-July-7-2019-768x512.jpg 768w, https:\/\/www.biennale-photo-mulhouse.com\/2024\/wp-content\/uploads\/sites\/6\/2024\/02\/Terri-Weifenbach-July-7-2019-1536x1025.jpg 1536w, https:\/\/www.biennale-photo-mulhouse.com\/2024\/wp-content\/uploads\/sites\/6\/2024\/02\/Terri-Weifenbach-July-7-2019-2048x1366.jpg 2048w","medium_srcset":"https:\/\/www.biennale-photo-mulhouse.com\/2024\/wp-content\/uploads\/sites\/6\/2024\/02\/Terri-Weifenbach-July-7-2019.jpg 2520w, https:\/\/www.biennale-photo-mulhouse.com\/2024\/wp-content\/uploads\/sites\/6\/2024\/02\/Terri-Weifenbach-July-7-2019-768x512.jpg 768w, https:\/\/www.biennale-photo-mulhouse.com\/2024\/wp-content\/uploads\/sites\/6\/2024\/02\/Terri-Weifenbach-July-7-2019-1536x1025.jpg 1536w, https:\/\/www.biennale-photo-mulhouse.com\/2024\/wp-content\/uploads\/sites\/6\/2024\/02\/Terri-Weifenbach-July-7-2019-2048x1366.jpg 2048w","media_details":{"width":2520,"height":1681,"sizes":{"medium_large":{"file":"Terri-Weifenbach-July-7-2019-768x512.jpg","width":768,"height":512,"mime-type":"image\/jpeg","filesize":101166,"source_url":"https:\/\/www.biennale-photo-mulhouse.com\/2024\/wp-content\/uploads\/sites\/6\/2024\/02\/Terri-Weifenbach-July-7-2019-768x512.jpg"},"1536x1536":{"file":"Terri-Weifenbach-July-7-2019-1536x1025.jpg","width":1536,"height":1025,"mime-type":"image\/jpeg","filesize":402637,"source_url":"https:\/\/www.biennale-photo-mulhouse.com\/2024\/wp-content\/uploads\/sites\/6\/2024\/02\/Terri-Weifenbach-July-7-2019-1536x1025.jpg"},"2048x2048":{"file":"Terri-Weifenbach-July-7-2019-2048x1366.jpg","width":2048,"height":1366,"mime-type":"image\/jpeg","filesize":722147,"source_url":"https:\/\/www.biennale-photo-mulhouse.com\/2024\/wp-content\/uploads\/sites\/6\/2024\/02\/Terri-Weifenbach-July-7-2019-2048x1366.jpg"}}},"alt_text":"","url":"","target":""},{"id":57,"title":"Le\u0301a Habourdin, se\u0301rie Ce que le vent nous fait, 2023 he\u0301liogravure sur cuivre, pigment d\u2019e\u0301ternelles 22 x 32 cm","caption":"Le\u0301a Habourdin, se\u0301rie <i>Ce que le vent nous fait<\/i>, 2023.","full_image_url":"https:\/\/www.biennale-photo-mulhouse.com\/2024\/wp-content\/uploads\/sites\/6\/2024\/02\/Lea-Habourdin-serie-Ce-que-le-vent-nous-fait-2023-heliogravure-sur-cuivre-pigment-deternelles-22-x-32-cm.jpg","thumbnail_image_url":"https:\/\/www.biennale-photo-mulhouse.com\/2024\/wp-content\/uploads\/sites\/6\/2024\/02\/Lea-Habourdin-serie-Ce-que-le-vent-nous-fait-2023-heliogravure-sur-cuivre-pigment-deternelles-22-x-32-cm.jpg","large_srcset":"https:\/\/www.biennale-photo-mulhouse.com\/2024\/wp-content\/uploads\/sites\/6\/2024\/02\/Lea-Habourdin-serie-Ce-que-le-vent-nous-fait-2023-heliogravure-sur-cuivre-pigment-deternelles-22-x-32-cm.jpg 1800w, https:\/\/www.biennale-photo-mulhouse.com\/2024\/wp-content\/uploads\/sites\/6\/2024\/02\/Lea-Habourdin-serie-Ce-que-le-vent-nous-fait-2023-heliogravure-sur-cuivre-pigment-deternelles-22-x-32-cm-768x535.jpg 768w, https:\/\/www.biennale-photo-mulhouse.com\/2024\/wp-content\/uploads\/sites\/6\/2024\/02\/Lea-Habourdin-serie-Ce-que-le-vent-nous-fait-2023-heliogravure-sur-cuivre-pigment-deternelles-22-x-32-cm-1536x1071.jpg 1536w","medium_srcset":"https:\/\/www.biennale-photo-mulhouse.com\/2024\/wp-content\/uploads\/sites\/6\/2024\/02\/Lea-Habourdin-serie-Ce-que-le-vent-nous-fait-2023-heliogravure-sur-cuivre-pigment-deternelles-22-x-32-cm.jpg 1800w, https:\/\/www.biennale-photo-mulhouse.com\/2024\/wp-content\/uploads\/sites\/6\/2024\/02\/Lea-Habourdin-serie-Ce-que-le-vent-nous-fait-2023-heliogravure-sur-cuivre-pigment-deternelles-22-x-32-cm-768x535.jpg 768w, https:\/\/www.biennale-photo-mulhouse.com\/2024\/wp-content\/uploads\/sites\/6\/2024\/02\/Lea-Habourdin-serie-Ce-que-le-vent-nous-fait-2023-heliogravure-sur-cuivre-pigment-deternelles-22-x-32-cm-1536x1071.jpg 1536w","media_details":{"width":1800,"height":1255,"sizes":{"medium_large":{"file":"Lea-Habourdin-serie-Ce-que-le-vent-nous-fait-2023-heliogravure-sur-cuivre-pigment-deternelles-22-x-32-cm-768x535.jpg","width":768,"height":535,"mime-type":"image\/jpeg","filesize":50904,"source_url":"https:\/\/www.biennale-photo-mulhouse.com\/2024\/wp-content\/uploads\/sites\/6\/2024\/02\/Lea-Habourdin-serie-Ce-que-le-vent-nous-fait-2023-heliogravure-sur-cuivre-pigment-deternelles-22-x-32-cm-768x535.jpg"},"1536x1536":{"file":"Lea-Habourdin-serie-Ce-que-le-vent-nous-fait-2023-heliogravure-sur-cuivre-pigment-deternelles-22-x-32-cm-1536x1071.jpg","width":1536,"height":1071,"mime-type":"image\/jpeg","filesize":200943,"source_url":"https:\/\/www.biennale-photo-mulhouse.com\/2024\/wp-content\/uploads\/sites\/6\/2024\/02\/Lea-Habourdin-serie-Ce-que-le-vent-nous-fait-2023-heliogravure-sur-cuivre-pigment-deternelles-22-x-32-cm-1536x1071.jpg"}}},"alt_text":"","url":"","target":""},{"id":64,"title":"Benedicte BlondeauOndes_36","caption":"B\u00e9n\u00e9dicte Blondeau, s\u00e9rie <i>Ondes<\/i>, en cours.","full_image_url":"https:\/\/www.biennale-photo-mulhouse.com\/2024\/wp-content\/uploads\/sites\/6\/2024\/02\/Benedicte-BlondeauOndes_36-scaled.jpg","thumbnail_image_url":"https:\/\/www.biennale-photo-mulhouse.com\/2024\/wp-content\/uploads\/sites\/6\/2024\/02\/Benedicte-BlondeauOndes_36-scaled.jpg","large_srcset":"https:\/\/www.biennale-photo-mulhouse.com\/2024\/wp-content\/uploads\/sites\/6\/2024\/02\/Benedicte-BlondeauOndes_36-scaled.jpg 2560w, https:\/\/www.biennale-photo-mulhouse.com\/2024\/wp-content\/uploads\/sites\/6\/2024\/02\/Benedicte-BlondeauOndes_36-768x512.jpg 768w, https:\/\/www.biennale-photo-mulhouse.com\/2024\/wp-content\/uploads\/sites\/6\/2024\/02\/Benedicte-BlondeauOndes_36-1536x1024.jpg 1536w, https:\/\/www.biennale-photo-mulhouse.com\/2024\/wp-content\/uploads\/sites\/6\/2024\/02\/Benedicte-BlondeauOndes_36-2048x1365.jpg 2048w","medium_srcset":"https:\/\/www.biennale-photo-mulhouse.com\/2024\/wp-content\/uploads\/sites\/6\/2024\/02\/Benedicte-BlondeauOndes_36-scaled.jpg 2560w, https:\/\/www.biennale-photo-mulhouse.com\/2024\/wp-content\/uploads\/sites\/6\/2024\/02\/Benedicte-BlondeauOndes_36-768x512.jpg 768w, https:\/\/www.biennale-photo-mulhouse.com\/2024\/wp-content\/uploads\/sites\/6\/2024\/02\/Benedicte-BlondeauOndes_36-1536x1024.jpg 1536w, https:\/\/www.biennale-photo-mulhouse.com\/2024\/wp-content\/uploads\/sites\/6\/2024\/02\/Benedicte-BlondeauOndes_36-2048x1365.jpg 2048w","media_details":{"width":2560,"height":1707,"sizes":{"medium_large":{"file":"Benedicte-BlondeauOndes_36-768x512.jpg","width":768,"height":512,"mime-type":"image\/jpeg","filesize":57848,"source_url":"https:\/\/www.biennale-photo-mulhouse.com\/2024\/wp-content\/uploads\/sites\/6\/2024\/02\/Benedicte-BlondeauOndes_36-768x512.jpg"},"1536x1536":{"file":"Benedicte-BlondeauOndes_36-1536x1024.jpg","width":1536,"height":1024,"mime-type":"image\/jpeg","filesize":143750,"source_url":"https:\/\/www.biennale-photo-mulhouse.com\/2024\/wp-content\/uploads\/sites\/6\/2024\/02\/Benedicte-BlondeauOndes_36-1536x1024.jpg"},"2048x2048":{"file":"Benedicte-BlondeauOndes_36-2048x1365.jpg","width":2048,"height":1365,"mime-type":"image\/jpeg","filesize":238092,"source_url":"https:\/\/www.biennale-photo-mulhouse.com\/2024\/wp-content\/uploads\/sites\/6\/2024\/02\/Benedicte-BlondeauOndes_36-2048x1365.jpg"}}},"alt_text":"","url":"","target":""},{"id":72,"title":"AvdM_05","caption":"Awoiska van der Molen, <i>Urban Landscapes<\/i>, 2005-2008.","full_image_url":"https:\/\/www.biennale-photo-mulhouse.com\/2024\/wp-content\/uploads\/sites\/6\/2024\/02\/AvdM_05.jpg","thumbnail_image_url":"https:\/\/www.biennale-photo-mulhouse.com\/2024\/wp-content\/uploads\/sites\/6\/2024\/02\/AvdM_05.jpg","large_srcset":"https:\/\/www.biennale-photo-mulhouse.com\/2024\/wp-content\/uploads\/sites\/6\/2024\/02\/AvdM_05.jpg 1600w, https:\/\/www.biennale-photo-mulhouse.com\/2024\/wp-content\/uploads\/sites\/6\/2024\/02\/AvdM_05-768x960.jpg 768w, https:\/\/www.biennale-photo-mulhouse.com\/2024\/wp-content\/uploads\/sites\/6\/2024\/02\/AvdM_05-1229x1536.jpg 1229w","medium_srcset":"https:\/\/www.biennale-photo-mulhouse.com\/2024\/wp-content\/uploads\/sites\/6\/2024\/02\/AvdM_05.jpg 1600w, https:\/\/www.biennale-photo-mulhouse.com\/2024\/wp-content\/uploads\/sites\/6\/2024\/02\/AvdM_05-768x960.jpg 768w, https:\/\/www.biennale-photo-mulhouse.com\/2024\/wp-content\/uploads\/sites\/6\/2024\/02\/AvdM_05-1229x1536.jpg 1229w","media_details":{"width":1600,"height":2000,"sizes":{"medium_large":{"file":"AvdM_05-768x960.jpg","width":768,"height":960,"mime-type":"image\/jpeg","filesize":75238,"source_url":"https:\/\/www.biennale-photo-mulhouse.com\/2024\/wp-content\/uploads\/sites\/6\/2024\/02\/AvdM_05-768x960.jpg"},"1536x1536":{"file":"AvdM_05-1229x1536.jpg","width":1229,"height":1536,"mime-type":"image\/jpeg","filesize":181700,"source_url":"https:\/\/www.biennale-photo-mulhouse.com\/2024\/wp-content\/uploads\/sites\/6\/2024\/02\/AvdM_05-1229x1536.jpg"}}},"alt_text":"","url":"","target":""},{"id":278,"title":"Oliveira_09","caption":"Maria Oliveira, <i>Bone Foam <\/i>.","full_image_url":"https:\/\/www.biennale-photo-mulhouse.com\/2024\/wp-content\/uploads\/sites\/6\/2024\/05\/Oliveira_09.jpg","thumbnail_image_url":"https:\/\/www.biennale-photo-mulhouse.com\/2024\/wp-content\/uploads\/sites\/6\/2024\/05\/Oliveira_09.jpg","large_srcset":"https:\/\/www.biennale-photo-mulhouse.com\/2024\/wp-content\/uploads\/sites\/6\/2024\/05\/Oliveira_09.jpg 2000w, https:\/\/www.biennale-photo-mulhouse.com\/2024\/wp-content\/uploads\/sites\/6\/2024\/05\/Oliveira_09-768x576.jpg 768w, https:\/\/www.biennale-photo-mulhouse.com\/2024\/wp-content\/uploads\/sites\/6\/2024\/05\/Oliveira_09-1536x1152.jpg 1536w","medium_srcset":"https:\/\/www.biennale-photo-mulhouse.com\/2024\/wp-content\/uploads\/sites\/6\/2024\/05\/Oliveira_09.jpg 2000w, https:\/\/www.biennale-photo-mulhouse.com\/2024\/wp-content\/uploads\/sites\/6\/2024\/05\/Oliveira_09-768x576.jpg 768w, https:\/\/www.biennale-photo-mulhouse.com\/2024\/wp-content\/uploads\/sites\/6\/2024\/05\/Oliveira_09-1536x1152.jpg 1536w","media_details":{"width":2000,"height":1500,"sizes":{"medium_large":{"file":"Oliveira_09-768x576.jpg","width":768,"height":576,"mime-type":"image\/jpeg","filesize":76860,"source_url":"https:\/\/www.biennale-photo-mulhouse.com\/2024\/wp-content\/uploads\/sites\/6\/2024\/05\/Oliveira_09-768x576.jpg"},"1536x1536":{"file":"Oliveira_09-1536x1152.jpg","width":1536,"height":1152,"mime-type":"image\/jpeg","filesize":219680,"source_url":"https:\/\/www.biennale-photo-mulhouse.com\/2024\/wp-content\/uploads\/sites\/6\/2024\/05\/Oliveira_09-1536x1152.jpg"}}},"alt_text":"","url":"","target":""}]]}},"yoast_head":"<!-- This site is optimized with the Yoast SEO plugin v21.9.1 - https:\/\/yoast.com\/wordpress\/plugins\/seo\/ -->\n<title>Biennale de la Photographie de Mulhouse 2024<\/title>\n<meta name=\"description\" content=\"Lors de la BPM 2024, nous vous invitons \u00e0 explorer des MONDES IMPOSSIBLES, des aveux de d\u00e9faite tout autant que des promesses pour l\u2019avenir.\" \/>\n<meta name=\"robots\" content=\"index, follow, max-snippet:-1, max-image-preview:large, max-video-preview:-1\" \/>\n<link rel=\"canonical\" href=\"https:\/\/www.biennale-photo-mulhouse.com\/2024\/\" \/>\n<meta property=\"og:locale\" content=\"fr_FR\" \/>\n<meta property=\"og:type\" content=\"article\" \/>\n<meta property=\"og:title\" content=\"Biennale de la Photographie de Mulhouse 2024\" \/>\n<meta property=\"og:description\" content=\"Lors de la BPM 2024, nous vous invitons \u00e0 explorer des MONDES IMPOSSIBLES, des aveux de d\u00e9faite tout autant que des promesses pour l\u2019avenir.\" \/>\n<meta property=\"og:url\" content=\"https:\/\/www.biennale-photo-mulhouse.com\/2024\/\" \/>\n<meta property=\"og:site_name\" content=\"BPM 2024 - Biennale de la Photographie de Mulhouse 2024\" \/>\n<meta property=\"article:publisher\" content=\"https:\/\/www.facebook.com\/BiennaleDeLaPhotographieDeMulhouse\" \/>\n<meta property=\"article:modified_time\" content=\"2025-08-26T10:39:46+00:00\" \/>\n<meta name=\"twitter:card\" content=\"summary_large_image\" \/>\n<meta name=\"twitter:label1\" content=\"Dur\u00e9e de lecture estim\u00e9e\" \/>\n\t<meta name=\"twitter:data1\" content=\"1 minute\" \/>\n<script type=\"application\/ld+json\" class=\"yoast-schema-graph\">{\"@context\":\"https:\/\/schema.org\",\"@graph\":[{\"@type\":\"WebPage\",\"@id\":\"https:\/\/www.biennale-photo-mulhouse.com\/2024\/\",\"url\":\"https:\/\/www.biennale-photo-mulhouse.com\/2024\/\",\"name\":\"Biennale de la Photographie de Mulhouse 2024\",\"isPartOf\":{\"@id\":\"https:\/\/www.biennale-photo-mulhouse.com\/2024\/#website\"},\"datePublished\":\"2023-12-28T19:53:51+00:00\",\"dateModified\":\"2025-08-26T10:39:46+00:00\",\"description\":\"Lors de la BPM 2024, nous vous invitons \u00e0 explorer des MONDES IMPOSSIBLES, des aveux de d\u00e9faite tout autant que des promesses pour l\u2019avenir.\",\"breadcrumb\":{\"@id\":\"https:\/\/www.biennale-photo-mulhouse.com\/2024\/#breadcrumb\"},\"inLanguage\":\"fr-FR\",\"potentialAction\":[{\"@type\":\"ReadAction\",\"target\":[\"https:\/\/www.biennale-photo-mulhouse.com\/2024\/\"]}]},{\"@type\":\"BreadcrumbList\",\"@id\":\"https:\/\/www.biennale-photo-mulhouse.com\/2024\/#breadcrumb\",\"itemListElement\":[{\"@type\":\"ListItem\",\"position\":1,\"name\":\"Accueil\",\"item\":\"https:\/\/www.biennale-photo-mulhouse.com\/2024\/\"},{\"@type\":\"ListItem\",\"position\":2,\"name\":\"Accueil\"}]},{\"@type\":\"WebSite\",\"@id\":\"https:\/\/www.biennale-photo-mulhouse.com\/2024\/#website\",\"url\":\"https:\/\/www.biennale-photo-mulhouse.com\/2024\/\",\"name\":\"Biennale de la Photographie de Mulhouse\",\"description\":\"\",\"potentialAction\":[{\"@type\":\"SearchAction\",\"target\":{\"@type\":\"EntryPoint\",\"urlTemplate\":\"https:\/\/www.biennale-photo-mulhouse.com\/2024\/?s={search_term_string}\"},\"query-input\":\"required name=search_term_string\"}],\"inLanguage\":\"fr-FR\"}]}<\/script>\n<!-- \/ Yoast SEO plugin. -->","yoast_head_json":{"title":"Biennale de la Photographie de Mulhouse 2024","description":"Lors de la BPM 2024, nous vous invitons \u00e0 explorer des MONDES IMPOSSIBLES, des aveux de d\u00e9faite tout autant que des promesses pour l\u2019avenir.","robots":{"index":"index","follow":"follow","max-snippet":"max-snippet:-1","max-image-preview":"max-image-preview:large","max-video-preview":"max-video-preview:-1"},"canonical":"https:\/\/www.biennale-photo-mulhouse.com\/2024\/","og_locale":"fr_FR","og_type":"article","og_title":"Biennale de la Photographie de Mulhouse 2024","og_description":"Lors de la BPM 2024, nous vous invitons \u00e0 explorer des MONDES IMPOSSIBLES, des aveux de d\u00e9faite tout autant que des promesses pour l\u2019avenir.","og_url":"https:\/\/www.biennale-photo-mulhouse.com\/2024\/","og_site_name":"BPM 2024 - Biennale de la Photographie de Mulhouse 2024","article_publisher":"https:\/\/www.facebook.com\/BiennaleDeLaPhotographieDeMulhouse","article_modified_time":"2025-08-26T10:39:46+00:00","twitter_card":"summary_large_image","twitter_misc":{"Dur\u00e9e de lecture estim\u00e9e":"1 minute"},"schema":{"@context":"https:\/\/schema.org","@graph":[{"@type":"WebPage","@id":"https:\/\/www.biennale-photo-mulhouse.com\/2024\/","url":"https:\/\/www.biennale-photo-mulhouse.com\/2024\/","name":"Biennale de la Photographie de Mulhouse 2024","isPartOf":{"@id":"https:\/\/www.biennale-photo-mulhouse.com\/2024\/#website"},"datePublished":"2023-12-28T19:53:51+00:00","dateModified":"2025-08-26T10:39:46+00:00","description":"Lors de la BPM 2024, nous vous invitons \u00e0 explorer des MONDES IMPOSSIBLES, des aveux de d\u00e9faite tout autant que des promesses pour l\u2019avenir.","breadcrumb":{"@id":"https:\/\/www.biennale-photo-mulhouse.com\/2024\/#breadcrumb"},"inLanguage":"fr-FR","potentialAction":[{"@type":"ReadAction","target":["https:\/\/www.biennale-photo-mulhouse.com\/2024\/"]}]},{"@type":"BreadcrumbList","@id":"https:\/\/www.biennale-photo-mulhouse.com\/2024\/#breadcrumb","itemListElement":[{"@type":"ListItem","position":1,"name":"Accueil","item":"https:\/\/www.biennale-photo-mulhouse.com\/2024\/"},{"@type":"ListItem","position":2,"name":"Accueil"}]},{"@type":"WebSite","@id":"https:\/\/www.biennale-photo-mulhouse.com\/2024\/#website","url":"https:\/\/www.biennale-photo-mulhouse.com\/2024\/","name":"Biennale de la Photographie de Mulhouse","description":"","potentialAction":[{"@type":"SearchAction","target":{"@type":"EntryPoint","urlTemplate":"https:\/\/www.biennale-photo-mulhouse.com\/2024\/?s={search_term_string}"},"query-input":"required name=search_term_string"}],"inLanguage":"fr-FR"}]}},"_links":{"self":[{"href":"https:\/\/www.biennale-photo-mulhouse.com\/2024\/wp-json\/wp\/v2\/pages\/2","targetHints":{"allow":["GET"]}}],"collection":[{"href":"https:\/\/www.biennale-photo-mulhouse.com\/2024\/wp-json\/wp\/v2\/pages"}],"about":[{"href":"https:\/\/www.biennale-photo-mulhouse.com\/2024\/wp-json\/wp\/v2\/types\/page"}],"author":[{"embeddable":true,"href":"https:\/\/www.biennale-photo-mulhouse.com\/2024\/wp-json\/wp\/v2\/users\/1"}],"replies":[{"embeddable":true,"href":"https:\/\/www.biennale-photo-mulhouse.com\/2024\/wp-json\/wp\/v2\/comments?post=2"}],"version-history":[{"count":41,"href":"https:\/\/www.biennale-photo-mulhouse.com\/2024\/wp-json\/wp\/v2\/pages\/2\/revisions"}],"predecessor-version":[{"id":875,"href":"https:\/\/www.biennale-photo-mulhouse.com\/2024\/wp-json\/wp\/v2\/pages\/2\/revisions\/875"}],"wp:attachment":[{"href":"https:\/\/www.biennale-photo-mulhouse.com\/2024\/wp-json\/wp\/v2\/media?parent=2"}],"wp:term":[{"taxonomy":"category","embeddable":true,"href":"https:\/\/www.biennale-photo-mulhouse.com\/2024\/wp-json\/wp\/v2\/categories?post=2"}],"curies":[{"name":"wp","href":"https:\/\/api.w.org\/{rel}","templated":true}]}}