{"id":13,"date":"2023-12-28T21:11:53","date_gmt":"2023-12-28T20:11:53","guid":{"rendered":"https:\/\/www.biennale-photo-mulhouse.com\/en2024\/?page_id=13"},"modified":"2024-01-03T22:04:56","modified_gmt":"2024-01-03T21:04:56","slug":"mentions-legales","status":"publish","type":"page","link":"https:\/\/www.biennale-photo-mulhouse.com\/2024\/mentions-legales\/","title":{"rendered":"Mentions l\u00e9gales"},"content":{"rendered":"<h1><span class=\"theme_color\">Mentions l\u00e9gales<\/span><\/h1>\n<p>En vertu de l&rsquo;article 6 de la loi n\u00b0 2004-575 du 21 juin 2004 pour la confiance dans l&rsquo;\u00e9conomie num\u00e9rique, il est pr\u00e9cis\u00e9 aux utilisateurs du site biennale-photo-mulhouse.com l&rsquo;identit\u00e9 des diff\u00e9rents intervenants dans le cadre de sa r\u00e9alisation et de son suivi :<\/p>\n<h2>Propri\u00e9taire &amp; Webmestre<\/h2>\n<p class=\"cancel_mt\">Association L&rsquo;Agrandisseur<br \/>\n26 avenue de la Premi\u00e8re Division Blind\u00e9e, Mulhouse \u2013 France<br \/>\n<a href=\"mailto:agrandisseur@gmail.com\">agrandisseur@gmail.com<\/a>\u00a0| +33 3 699738180<\/p>\n<h2>Cr\u00e9ateurs &amp; techniciens<\/h2>\n<p class=\"cancel_mt\">Overblitz Collective (Collectif de Freelance)<br \/>\n27 av Foch, Altkirch \u2013 France<br \/>\nPascal Auer, d\u00e9veloppeur web<br \/>\n(SIRET : 530 971 936 000 14 \u2013 APE : 7410Z)<br \/>\n<a href=\"http:\/\/auer404.com\" target=\"_blank\" rel=\"noopener\">auer404.com<\/a><br \/>\nJonathan Naas, chef de la cr\u00e9ation<br \/>\n(SIRET : 752 938 100 000 19 \u2013 APE : 9003A)<br \/>\n<a href=\"https:\/\/www.naas.fr\" target=\"_blank\" rel=\"noopener\">www.naas.fr<\/a><br \/>\nMei Yang, coordinatrice graphique<br \/>\n(SIRET : 810 488 171 000 10 \u2013 APE : 9003A)<br \/>\n19 bd de la Marne, Mulhouse \u2013 France<br \/>\n<a href=\"mailto:mei-yang@studio-37-6.com\">mei-yang@studio-37-6.com<\/a> | +33 (0)6 67 35 84 68<\/p>\n<h2>H\u00e9bergeur<\/h2>\n<p class=\"cancel_mt\">SAS OVH (capital de 10 000 000 \u20ac)<br \/>\n(SIRET : 424 761 419 00045 \u2013 APE : 6202A)<br \/>\n2 rue Kellermann, Roubaix \u2013 France<br \/>\n<a href=\"https:\/\/www.ovhcloud.com\/fr\/\">www.ovhcloud.com<\/a><\/p>\n<p>Conform\u00e9ment \u00e0 la loi Informatique et Libert\u00e9s du 6 janvier 1978 (art. 34), vous disposez d&rsquo;un droit d&rsquo;acc\u00e8s, de rectification ou de suppression concernant les donn\u00e9es personnelles que nous pourrions \u00eatre amen\u00e9s \u00e0 recueillir.<\/p>\n<p>L&rsquo;ensemble de ce site rel\u00e8ve de la l\u00e9gislation fran\u00e7aise et internationale sur le droit d&rsquo;auteur et la propri\u00e9t\u00e9 intellectuelle. Tous les droits de reproduction sont r\u00e9serv\u00e9s, y compris pour les documents t\u00e9l\u00e9chargeable et les repr\u00e9sentations iconographiques et photographiques. La reproduction int\u00e9grale ou m\u00eame partielle de ce site sur quelque support que ce soit est formellement interdite sauf autorisation expresse du propri\u00e9taire.<\/p>\n<p>Nous mettons tous les moyens disponibles en \u0153uvre afin d&rsquo;offrir aux internautes un contenu de qualit\u00e9 sur ce site. Cependant, nous ne garantissons pas la compl\u00e9tude, l&rsquo;exhaustivit\u00e9 et l&rsquo;exactitude de l&rsquo;information.<\/p>\n","protected":false},"excerpt":{"rendered":"<p>Mentions l\u00e9gales En vertu de l&rsquo;article 6 de la loi n\u00b0 2004-575 du 21 juin 2004 pour la confiance dans l&rsquo;\u00e9conomie num\u00e9rique, il est pr\u00e9cis\u00e9 aux utilisateurs du site biennale-photo-mulhouse.com l&rsquo;identit\u00e9 des diff\u00e9rents intervenants dans le cadre de sa r\u00e9alisation et de son suivi : Propri\u00e9taire &amp; Webmestre Association L&rsquo;Agrandisseur 26 avenue de la Premi\u00e8re [&hellip;]<\/p>\n","protected":false},"author":1,"featured_media":0,"parent":0,"menu_order":0,"comment_status":"closed","ping_status":"closed","template":"","meta":{"footnotes":""},"categories":[],"class_list":["post-13","page","type-page","status-publish","hentry"],"acf":{"photo_gallery":{"gallery":[[]]}},"yoast_head":"<!-- This site is optimized with the Yoast SEO plugin v21.9.1 - https:\/\/yoast.com\/wordpress\/plugins\/seo\/ -->\n<title>Biennale de la Photographie de Mulhouse - Mentions l\u00e9gales<\/title>\n<meta name=\"robots\" content=\"index, follow, max-snippet:-1, max-image-preview:large, max-video-preview:-1\" \/>\n<link rel=\"canonical\" href=\"https:\/\/www.biennale-photo-mulhouse.com\/2024\/mentions-legales\/\" \/>\n<meta property=\"og:locale\" content=\"fr_FR\" \/>\n<meta property=\"og:type\" content=\"article\" \/>\n<meta property=\"og:title\" content=\"Biennale de la Photographie de Mulhouse - Mentions l\u00e9gales\" \/>\n<meta property=\"og:description\" content=\"Mentions l\u00e9gales En vertu de l&rsquo;article 6 de la loi n\u00b0 2004-575 du 21 juin 2004 pour la confiance dans l&rsquo;\u00e9conomie num\u00e9rique, il est pr\u00e9cis\u00e9 aux utilisateurs du site biennale-photo-mulhouse.com l&rsquo;identit\u00e9 des diff\u00e9rents intervenants dans le cadre de sa r\u00e9alisation et de son suivi : Propri\u00e9taire &amp; Webmestre Association L&rsquo;Agrandisseur 26 avenue de la Premi\u00e8re [&hellip;]\" \/>\n<meta property=\"og:url\" content=\"https:\/\/www.biennale-photo-mulhouse.com\/2024\/mentions-legales\/\" \/>\n<meta property=\"og:site_name\" content=\"BPM 2024 - Biennale de la Photographie de Mulhouse 2024\" \/>\n<meta property=\"article:publisher\" content=\"https:\/\/www.facebook.com\/BiennaleDeLaPhotographieDeMulhouse\" \/>\n<meta property=\"article:modified_time\" content=\"2024-01-03T21:04:56+00:00\" \/>\n<meta name=\"twitter:card\" content=\"summary_large_image\" \/>\n<meta name=\"twitter:label1\" content=\"Dur\u00e9e de lecture estim\u00e9e\" \/>\n\t<meta name=\"twitter:data1\" content=\"2 minutes\" \/>\n<script type=\"application\/ld+json\" class=\"yoast-schema-graph\">{\"@context\":\"https:\/\/schema.org\",\"@graph\":[{\"@type\":\"WebPage\",\"@id\":\"https:\/\/www.biennale-photo-mulhouse.com\/2024\/mentions-legales\/\",\"url\":\"https:\/\/www.biennale-photo-mulhouse.com\/2024\/mentions-legales\/\",\"name\":\"Biennale de la Photographie de Mulhouse - Mentions l\u00e9gales\",\"isPartOf\":{\"@id\":\"https:\/\/www.biennale-photo-mulhouse.com\/2024\/#website\"},\"datePublished\":\"2023-12-28T20:11:53+00:00\",\"dateModified\":\"2024-01-03T21:04:56+00:00\",\"breadcrumb\":{\"@id\":\"https:\/\/www.biennale-photo-mulhouse.com\/2024\/mentions-legales\/#breadcrumb\"},\"inLanguage\":\"fr-FR\",\"potentialAction\":[{\"@type\":\"ReadAction\",\"target\":[\"https:\/\/www.biennale-photo-mulhouse.com\/2024\/mentions-legales\/\"]}]},{\"@type\":\"BreadcrumbList\",\"@id\":\"https:\/\/www.biennale-photo-mulhouse.com\/2024\/mentions-legales\/#breadcrumb\",\"itemListElement\":[{\"@type\":\"ListItem\",\"position\":1,\"name\":\"Accueil\",\"item\":\"https:\/\/www.biennale-photo-mulhouse.com\/2024\/\"},{\"@type\":\"ListItem\",\"position\":2,\"name\":\"Mentions l\u00e9gales\"}]},{\"@type\":\"WebSite\",\"@id\":\"https:\/\/www.biennale-photo-mulhouse.com\/2024\/#website\",\"url\":\"https:\/\/www.biennale-photo-mulhouse.com\/2024\/\",\"name\":\"Biennale de la Photographie de Mulhouse\",\"description\":\"\",\"potentialAction\":[{\"@type\":\"SearchAction\",\"target\":{\"@type\":\"EntryPoint\",\"urlTemplate\":\"https:\/\/www.biennale-photo-mulhouse.com\/2024\/?s={search_term_string}\"},\"query-input\":\"required name=search_term_string\"}],\"inLanguage\":\"fr-FR\"}]}<\/script>\n<!-- \/ Yoast SEO plugin. -->","yoast_head_json":{"title":"Biennale de la Photographie de Mulhouse - Mentions l\u00e9gales","robots":{"index":"index","follow":"follow","max-snippet":"max-snippet:-1","max-image-preview":"max-image-preview:large","max-video-preview":"max-video-preview:-1"},"canonical":"https:\/\/www.biennale-photo-mulhouse.com\/2024\/mentions-legales\/","og_locale":"fr_FR","og_type":"article","og_title":"Biennale de la Photographie de Mulhouse - Mentions l\u00e9gales","og_description":"Mentions l\u00e9gales En vertu de l&rsquo;article 6 de la loi n\u00b0 2004-575 du 21 juin 2004 pour la confiance dans l&rsquo;\u00e9conomie num\u00e9rique, il est pr\u00e9cis\u00e9 aux utilisateurs du site biennale-photo-mulhouse.com l&rsquo;identit\u00e9 des diff\u00e9rents intervenants dans le cadre de sa r\u00e9alisation et de son suivi : Propri\u00e9taire &amp; Webmestre Association L&rsquo;Agrandisseur 26 avenue de la Premi\u00e8re [&hellip;]","og_url":"https:\/\/www.biennale-photo-mulhouse.com\/2024\/mentions-legales\/","og_site_name":"BPM 2024 - Biennale de la Photographie de Mulhouse 2024","article_publisher":"https:\/\/www.facebook.com\/BiennaleDeLaPhotographieDeMulhouse","article_modified_time":"2024-01-03T21:04:56+00:00","twitter_card":"summary_large_image","twitter_misc":{"Dur\u00e9e de lecture estim\u00e9e":"2 minutes"},"schema":{"@context":"https:\/\/schema.org","@graph":[{"@type":"WebPage","@id":"https:\/\/www.biennale-photo-mulhouse.com\/2024\/mentions-legales\/","url":"https:\/\/www.biennale-photo-mulhouse.com\/2024\/mentions-legales\/","name":"Biennale de la Photographie de Mulhouse - Mentions l\u00e9gales","isPartOf":{"@id":"https:\/\/www.biennale-photo-mulhouse.com\/2024\/#website"},"datePublished":"2023-12-28T20:11:53+00:00","dateModified":"2024-01-03T21:04:56+00:00","breadcrumb":{"@id":"https:\/\/www.biennale-photo-mulhouse.com\/2024\/mentions-legales\/#breadcrumb"},"inLanguage":"fr-FR","potentialAction":[{"@type":"ReadAction","target":["https:\/\/www.biennale-photo-mulhouse.com\/2024\/mentions-legales\/"]}]},{"@type":"BreadcrumbList","@id":"https:\/\/www.biennale-photo-mulhouse.com\/2024\/mentions-legales\/#breadcrumb","itemListElement":[{"@type":"ListItem","position":1,"name":"Accueil","item":"https:\/\/www.biennale-photo-mulhouse.com\/2024\/"},{"@type":"ListItem","position":2,"name":"Mentions l\u00e9gales"}]},{"@type":"WebSite","@id":"https:\/\/www.biennale-photo-mulhouse.com\/2024\/#website","url":"https:\/\/www.biennale-photo-mulhouse.com\/2024\/","name":"Biennale de la Photographie de Mulhouse","description":"","potentialAction":[{"@type":"SearchAction","target":{"@type":"EntryPoint","urlTemplate":"https:\/\/www.biennale-photo-mulhouse.com\/2024\/?s={search_term_string}"},"query-input":"required name=search_term_string"}],"inLanguage":"fr-FR"}]}},"_links":{"self":[{"href":"https:\/\/www.biennale-photo-mulhouse.com\/2024\/wp-json\/wp\/v2\/pages\/13","targetHints":{"allow":["GET"]}}],"collection":[{"href":"https:\/\/www.biennale-photo-mulhouse.com\/2024\/wp-json\/wp\/v2\/pages"}],"about":[{"href":"https:\/\/www.biennale-photo-mulhouse.com\/2024\/wp-json\/wp\/v2\/types\/page"}],"author":[{"embeddable":true,"href":"https:\/\/www.biennale-photo-mulhouse.com\/2024\/wp-json\/wp\/v2\/users\/1"}],"replies":[{"embeddable":true,"href":"https:\/\/www.biennale-photo-mulhouse.com\/2024\/wp-json\/wp\/v2\/comments?post=13"}],"version-history":[{"count":3,"href":"https:\/\/www.biennale-photo-mulhouse.com\/2024\/wp-json\/wp\/v2\/pages\/13\/revisions"}],"predecessor-version":[{"id":30,"href":"https:\/\/www.biennale-photo-mulhouse.com\/2024\/wp-json\/wp\/v2\/pages\/13\/revisions\/30"}],"wp:attachment":[{"href":"https:\/\/www.biennale-photo-mulhouse.com\/2024\/wp-json\/wp\/v2\/media?parent=13"}],"wp:term":[{"taxonomy":"category","embeddable":true,"href":"https:\/\/www.biennale-photo-mulhouse.com\/2024\/wp-json\/wp\/v2\/categories?post=13"}],"curies":[{"name":"wp","href":"https:\/\/api.w.org\/{rel}","templated":true}]}}