{"id":2,"date":"2023-12-28T20:53:51","date_gmt":"2023-12-28T19:53:51","guid":{"rendered":"https:\/\/www.biennale-photo-mulhouse.com\/2023\/?page_id=2"},"modified":"2024-01-03T22:02:42","modified_gmt":"2024-01-03T21:02:42","slug":"accueil","status":"publish","type":"page","link":"https:\/\/www.biennale-photo-mulhouse.com\/2023\/","title":{"rendered":"Accueil"},"content":{"rendered":"<h1>2013-2023<br \/>\n<span class=\"theme_color\">10 ANS \/<\/span><br \/>\n<span class=\"theme_color\">10 PHOTOGRAPHES<\/span><\/h1>\n<p class=\"cancel_mt\"><span class=\"big title_font\">Janine B\u00e4chle, Geert Goiris, Matthew Genitempo, Pascal Amoyel, Rebecca Topakian, Paul Gaffney, Michel Fran\u00e7ois, Nathalie Wolff &amp; Matthias Bumiller, C\u00e9line Clanet, Christophe Bourguedieu<\/span><\/p>\n<p><span class=\"big\">Parcours photographique<\/span><br \/>\n<span class=\"big\">Quai des Cigognes, Mulhouse<\/span><\/p>\n<p><span class=\"big\">Ouverture le 7 octobre 2023<\/span><\/p>\n<p>14h : Inauguration de l&rsquo;exposition, quai des Cigognes<\/p>\n<p>16h : Table ronde sur les enjeux et perspectives des festivals photo<br \/>\n\u00e0 la biblioth\u00e8que Grand&rsquo;Rue<\/p>\n<p>&nbsp;<\/p>\n<p><a class=\"btn pdf\" href=\"https:\/\/www.biennale-photo-mulhouse.com\/dev2023\/wp-content\/uploads\/sites\/3\/2023\/12\/DP-BPM-10ans.pdf\" target=\"_blank\" rel=\"noopener\">Dossier de Presse<\/a><a class=\"btn pdf\" href=\"https:\/\/www.biennale-photo-mulhouse.com\/dev2023\/wp-content\/uploads\/sites\/3\/2023\/12\/PK-MBP-10years.pdf\" target=\"_blank\" rel=\"noopener\">Press Kit<\/a><\/p>\n","protected":false},"excerpt":{"rendered":"<p>2013-2023 10 ANS \/ 10 PHOTOGRAPHES Janine B\u00e4chle, Geert Goiris, Matthew Genitempo, Pascal Amoyel, Rebecca Topakian, Paul Gaffney, Michel Fran\u00e7ois, Nathalie Wolff &amp; Matthias Bumiller, C\u00e9line Clanet, Christophe Bourguedieu Parcours photographique Quai des Cigognes, Mulhouse Ouverture le 7 octobre 2023 14h : Inauguration de l&rsquo;exposition, quai des Cigognes 16h : Table ronde sur les enjeux [&hellip;]<\/p>\n","protected":false},"author":1,"featured_media":0,"parent":0,"menu_order":0,"comment_status":"closed","ping_status":"open","template":"","meta":{"footnotes":""},"categories":[4],"class_list":["post-2","page","type-page","status-publish","hentry","category-archives"],"acf":{"photo_gallery":{"gallery":[[{"id":23,"title":"Celine Clanet - Les \u00celots farouches","caption":"C\u00e9line Clanet, Grande Commande Photojournalisme BnF, <i>Les \u00celots farouches<\/i>, 2022","full_image_url":"https:\/\/www.biennale-photo-mulhouse.com\/2023\/wp-content\/uploads\/sites\/3\/2023\/12\/Celine-Clanet-Ilots-farouches-2022.jpg","thumbnail_image_url":"https:\/\/www.biennale-photo-mulhouse.com\/2023\/wp-content\/uploads\/sites\/3\/2023\/12\/Celine-Clanet-Ilots-farouches-2022-150x150.jpg","large_srcset":"https:\/\/www.biennale-photo-mulhouse.com\/2023\/wp-content\/uploads\/sites\/3\/2023\/12\/Celine-Clanet-Ilots-farouches-2022-1024x767.jpg 1024w, https:\/\/www.biennale-photo-mulhouse.com\/2023\/wp-content\/uploads\/sites\/3\/2023\/12\/Celine-Clanet-Ilots-farouches-2022-300x225.jpg 300w, https:\/\/www.biennale-photo-mulhouse.com\/2023\/wp-content\/uploads\/sites\/3\/2023\/12\/Celine-Clanet-Ilots-farouches-2022-768x575.jpg 768w, https:\/\/www.biennale-photo-mulhouse.com\/2023\/wp-content\/uploads\/sites\/3\/2023\/12\/Celine-Clanet-Ilots-farouches-2022.jpg 1082w","medium_srcset":"https:\/\/www.biennale-photo-mulhouse.com\/2023\/wp-content\/uploads\/sites\/3\/2023\/12\/Celine-Clanet-Ilots-farouches-2022-300x225.jpg 300w, https:\/\/www.biennale-photo-mulhouse.com\/2023\/wp-content\/uploads\/sites\/3\/2023\/12\/Celine-Clanet-Ilots-farouches-2022-1024x767.jpg 1024w, https:\/\/www.biennale-photo-mulhouse.com\/2023\/wp-content\/uploads\/sites\/3\/2023\/12\/Celine-Clanet-Ilots-farouches-2022-768x575.jpg 768w, https:\/\/www.biennale-photo-mulhouse.com\/2023\/wp-content\/uploads\/sites\/3\/2023\/12\/Celine-Clanet-Ilots-farouches-2022.jpg 1082w","media_details":{"width":1082,"height":810,"sizes":{"medium":{"file":"Celine-Clanet-Ilots-farouches-2022-300x225.jpg","width":300,"height":225,"mime-type":"image\/jpeg","filesize":14959,"source_url":"https:\/\/www.biennale-photo-mulhouse.com\/2023\/wp-content\/uploads\/sites\/3\/2023\/12\/Celine-Clanet-Ilots-farouches-2022-300x225.jpg"},"large":{"file":"Celine-Clanet-Ilots-farouches-2022-1024x767.jpg","width":1024,"height":767,"mime-type":"image\/jpeg","filesize":98375,"source_url":"https:\/\/www.biennale-photo-mulhouse.com\/2023\/wp-content\/uploads\/sites\/3\/2023\/12\/Celine-Clanet-Ilots-farouches-2022-1024x767.jpg"},"thumbnail":{"file":"Celine-Clanet-Ilots-farouches-2022-150x150.jpg","width":150,"height":150,"mime-type":"image\/jpeg","filesize":6744,"source_url":"https:\/\/www.biennale-photo-mulhouse.com\/2023\/wp-content\/uploads\/sites\/3\/2023\/12\/Celine-Clanet-Ilots-farouches-2022-150x150.jpg"},"medium_large":{"file":"Celine-Clanet-Ilots-farouches-2022-768x575.jpg","width":768,"height":575,"mime-type":"image\/jpeg","filesize":63518,"source_url":"https:\/\/www.biennale-photo-mulhouse.com\/2023\/wp-content\/uploads\/sites\/3\/2023\/12\/Celine-Clanet-Ilots-farouches-2022-768x575.jpg"}}},"alt_text":"","url":"","target":""},{"id":24,"title":"Christophe Bourguedieu -Saint-Nazaire","caption":"Christophe Bourguedieu, <i>Saint-Nazaire<\/i>, 2018","full_image_url":"https:\/\/www.biennale-photo-mulhouse.com\/2023\/wp-content\/uploads\/sites\/3\/2023\/12\/Christophe-Bourguedieu-Saint-Nazaire-2018.jpg","thumbnail_image_url":"https:\/\/www.biennale-photo-mulhouse.com\/2023\/wp-content\/uploads\/sites\/3\/2023\/12\/Christophe-Bourguedieu-Saint-Nazaire-2018-150x150.jpg","large_srcset":"https:\/\/www.biennale-photo-mulhouse.com\/2023\/wp-content\/uploads\/sites\/3\/2023\/12\/Christophe-Bourguedieu-Saint-Nazaire-2018-1024x798.jpg 1024w, https:\/\/www.biennale-photo-mulhouse.com\/2023\/wp-content\/uploads\/sites\/3\/2023\/12\/Christophe-Bourguedieu-Saint-Nazaire-2018-300x234.jpg 300w, https:\/\/www.biennale-photo-mulhouse.com\/2023\/wp-content\/uploads\/sites\/3\/2023\/12\/Christophe-Bourguedieu-Saint-Nazaire-2018-768x598.jpg 768w, https:\/\/www.biennale-photo-mulhouse.com\/2023\/wp-content\/uploads\/sites\/3\/2023\/12\/Christophe-Bourguedieu-Saint-Nazaire-2018.jpg 1200w","medium_srcset":"https:\/\/www.biennale-photo-mulhouse.com\/2023\/wp-content\/uploads\/sites\/3\/2023\/12\/Christophe-Bourguedieu-Saint-Nazaire-2018-300x234.jpg 300w, https:\/\/www.biennale-photo-mulhouse.com\/2023\/wp-content\/uploads\/sites\/3\/2023\/12\/Christophe-Bourguedieu-Saint-Nazaire-2018-1024x798.jpg 1024w, https:\/\/www.biennale-photo-mulhouse.com\/2023\/wp-content\/uploads\/sites\/3\/2023\/12\/Christophe-Bourguedieu-Saint-Nazaire-2018-768x598.jpg 768w, https:\/\/www.biennale-photo-mulhouse.com\/2023\/wp-content\/uploads\/sites\/3\/2023\/12\/Christophe-Bourguedieu-Saint-Nazaire-2018.jpg 1200w","media_details":{"width":1200,"height":935,"sizes":{"medium":{"file":"Christophe-Bourguedieu-Saint-Nazaire-2018-300x234.jpg","width":300,"height":234,"mime-type":"image\/jpeg","filesize":12863,"source_url":"https:\/\/www.biennale-photo-mulhouse.com\/2023\/wp-content\/uploads\/sites\/3\/2023\/12\/Christophe-Bourguedieu-Saint-Nazaire-2018-300x234.jpg"},"large":{"file":"Christophe-Bourguedieu-Saint-Nazaire-2018-1024x798.jpg","width":1024,"height":798,"mime-type":"image\/jpeg","filesize":120934,"source_url":"https:\/\/www.biennale-photo-mulhouse.com\/2023\/wp-content\/uploads\/sites\/3\/2023\/12\/Christophe-Bourguedieu-Saint-Nazaire-2018-1024x798.jpg"},"thumbnail":{"file":"Christophe-Bourguedieu-Saint-Nazaire-2018-150x150.jpg","width":150,"height":150,"mime-type":"image\/jpeg","filesize":4967,"source_url":"https:\/\/www.biennale-photo-mulhouse.com\/2023\/wp-content\/uploads\/sites\/3\/2023\/12\/Christophe-Bourguedieu-Saint-Nazaire-2018-150x150.jpg"},"medium_large":{"file":"Christophe-Bourguedieu-Saint-Nazaire-2018-768x598.jpg","width":768,"height":598,"mime-type":"image\/jpeg","filesize":70164,"source_url":"https:\/\/www.biennale-photo-mulhouse.com\/2023\/wp-content\/uploads\/sites\/3\/2023\/12\/Christophe-Bourguedieu-Saint-Nazaire-2018-768x598.jpg"}}},"alt_text":"","url":"","target":""},{"id":25,"title":"Geert Goiris - Lamb","caption":"Geert Goiris, <i>Lamb<\/i>, 2008","full_image_url":"https:\/\/www.biennale-photo-mulhouse.com\/2023\/wp-content\/uploads\/sites\/3\/2023\/12\/Geert-Goiris-LAMB-2008.jpeg","thumbnail_image_url":"https:\/\/www.biennale-photo-mulhouse.com\/2023\/wp-content\/uploads\/sites\/3\/2023\/12\/Geert-Goiris-LAMB-2008-150x150.jpeg","large_srcset":"https:\/\/www.biennale-photo-mulhouse.com\/2023\/wp-content\/uploads\/sites\/3\/2023\/12\/Geert-Goiris-LAMB-2008-1024x802.jpeg 1024w, https:\/\/www.biennale-photo-mulhouse.com\/2023\/wp-content\/uploads\/sites\/3\/2023\/12\/Geert-Goiris-LAMB-2008-300x235.jpeg 300w, https:\/\/www.biennale-photo-mulhouse.com\/2023\/wp-content\/uploads\/sites\/3\/2023\/12\/Geert-Goiris-LAMB-2008-768x602.jpeg 768w, https:\/\/www.biennale-photo-mulhouse.com\/2023\/wp-content\/uploads\/sites\/3\/2023\/12\/Geert-Goiris-LAMB-2008.jpeg 1225w","medium_srcset":"https:\/\/www.biennale-photo-mulhouse.com\/2023\/wp-content\/uploads\/sites\/3\/2023\/12\/Geert-Goiris-LAMB-2008-300x235.jpeg 300w, https:\/\/www.biennale-photo-mulhouse.com\/2023\/wp-content\/uploads\/sites\/3\/2023\/12\/Geert-Goiris-LAMB-2008-1024x802.jpeg 1024w, https:\/\/www.biennale-photo-mulhouse.com\/2023\/wp-content\/uploads\/sites\/3\/2023\/12\/Geert-Goiris-LAMB-2008-768x602.jpeg 768w, https:\/\/www.biennale-photo-mulhouse.com\/2023\/wp-content\/uploads\/sites\/3\/2023\/12\/Geert-Goiris-LAMB-2008.jpeg 1225w","media_details":{"width":1225,"height":960,"sizes":{"medium":{"file":"Geert-Goiris-LAMB-2008-300x235.jpeg","width":300,"height":235,"mime-type":"image\/jpeg","filesize":17973,"source_url":"https:\/\/www.biennale-photo-mulhouse.com\/2023\/wp-content\/uploads\/sites\/3\/2023\/12\/Geert-Goiris-LAMB-2008-300x235.jpeg"},"large":{"file":"Geert-Goiris-LAMB-2008-1024x802.jpeg","width":1024,"height":802,"mime-type":"image\/jpeg","filesize":129374,"source_url":"https:\/\/www.biennale-photo-mulhouse.com\/2023\/wp-content\/uploads\/sites\/3\/2023\/12\/Geert-Goiris-LAMB-2008-1024x802.jpeg"},"thumbnail":{"file":"Geert-Goiris-LAMB-2008-150x150.jpeg","width":150,"height":150,"mime-type":"image\/jpeg","filesize":9569,"source_url":"https:\/\/www.biennale-photo-mulhouse.com\/2023\/wp-content\/uploads\/sites\/3\/2023\/12\/Geert-Goiris-LAMB-2008-150x150.jpeg"},"medium_large":{"file":"Geert-Goiris-LAMB-2008-768x602.jpeg","width":768,"height":602,"mime-type":"image\/jpeg","filesize":79099,"source_url":"https:\/\/www.biennale-photo-mulhouse.com\/2023\/wp-content\/uploads\/sites\/3\/2023\/12\/Geert-Goiris-LAMB-2008-768x602.jpeg"}}},"alt_text":"","url":"","target":""},{"id":26,"title":"Janine B\u00e4chle - Thora Valley -Ayla Swimming","caption":"Janine B\u00e4chle, <i>Ayla Swimming, Thora Valley<\/i>, NSW Australia, March 2016","full_image_url":"https:\/\/www.biennale-photo-mulhouse.com\/2023\/wp-content\/uploads\/sites\/3\/2023\/12\/Janine-Bachle-Thora-Valley-NSW-Australia-March-2016.jpg","thumbnail_image_url":"https:\/\/www.biennale-photo-mulhouse.com\/2023\/wp-content\/uploads\/sites\/3\/2023\/12\/Janine-Bachle-Thora-Valley-NSW-Australia-March-2016-150x150.jpg","large_srcset":"https:\/\/www.biennale-photo-mulhouse.com\/2023\/wp-content\/uploads\/sites\/3\/2023\/12\/Janine-Bachle-Thora-Valley-NSW-Australia-March-2016-1024x774.jpg 1024w, https:\/\/www.biennale-photo-mulhouse.com\/2023\/wp-content\/uploads\/sites\/3\/2023\/12\/Janine-Bachle-Thora-Valley-NSW-Australia-March-2016-300x227.jpg 300w, https:\/\/www.biennale-photo-mulhouse.com\/2023\/wp-content\/uploads\/sites\/3\/2023\/12\/Janine-Bachle-Thora-Valley-NSW-Australia-March-2016-768x580.jpg 768w, https:\/\/www.biennale-photo-mulhouse.com\/2023\/wp-content\/uploads\/sites\/3\/2023\/12\/Janine-Bachle-Thora-Valley-NSW-Australia-March-2016.jpg 1142w","medium_srcset":"https:\/\/www.biennale-photo-mulhouse.com\/2023\/wp-content\/uploads\/sites\/3\/2023\/12\/Janine-Bachle-Thora-Valley-NSW-Australia-March-2016-300x227.jpg 300w, https:\/\/www.biennale-photo-mulhouse.com\/2023\/wp-content\/uploads\/sites\/3\/2023\/12\/Janine-Bachle-Thora-Valley-NSW-Australia-March-2016-1024x774.jpg 1024w, https:\/\/www.biennale-photo-mulhouse.com\/2023\/wp-content\/uploads\/sites\/3\/2023\/12\/Janine-Bachle-Thora-Valley-NSW-Australia-March-2016-768x580.jpg 768w, https:\/\/www.biennale-photo-mulhouse.com\/2023\/wp-content\/uploads\/sites\/3\/2023\/12\/Janine-Bachle-Thora-Valley-NSW-Australia-March-2016.jpg 1142w","media_details":{"width":1142,"height":863,"sizes":{"medium":{"file":"Janine-Bachle-Thora-Valley-NSW-Australia-March-2016-300x227.jpg","width":300,"height":227,"mime-type":"image\/jpeg","filesize":21237,"source_url":"https:\/\/www.biennale-photo-mulhouse.com\/2023\/wp-content\/uploads\/sites\/3\/2023\/12\/Janine-Bachle-Thora-Valley-NSW-Australia-March-2016-300x227.jpg"},"large":{"file":"Janine-Bachle-Thora-Valley-NSW-Australia-March-2016-1024x774.jpg","width":1024,"height":774,"mime-type":"image\/jpeg","filesize":167753,"source_url":"https:\/\/www.biennale-photo-mulhouse.com\/2023\/wp-content\/uploads\/sites\/3\/2023\/12\/Janine-Bachle-Thora-Valley-NSW-Australia-March-2016-1024x774.jpg"},"thumbnail":{"file":"Janine-Bachle-Thora-Valley-NSW-Australia-March-2016-150x150.jpg","width":150,"height":150,"mime-type":"image\/jpeg","filesize":8233,"source_url":"https:\/\/www.biennale-photo-mulhouse.com\/2023\/wp-content\/uploads\/sites\/3\/2023\/12\/Janine-Bachle-Thora-Valley-NSW-Australia-March-2016-150x150.jpg"},"medium_large":{"file":"Janine-Bachle-Thora-Valley-NSW-Australia-March-2016-768x580.jpg","width":768,"height":580,"mime-type":"image\/jpeg","filesize":105945,"source_url":"https:\/\/www.biennale-photo-mulhouse.com\/2023\/wp-content\/uploads\/sites\/3\/2023\/12\/Janine-Bachle-Thora-Valley-NSW-Australia-March-2016-768x580.jpg"}}},"alt_text":"","url":"","target":""},{"id":27,"title":"Pascal Amoyel - Adam","caption":"Pascal Amoyel, <i>Adam<\/i>, Peyragudes, 2016","full_image_url":"https:\/\/www.biennale-photo-mulhouse.com\/2023\/wp-content\/uploads\/sites\/3\/2023\/12\/Pascal-Amoyel-Adam-Peyragudes-2016.jpeg","thumbnail_image_url":"https:\/\/www.biennale-photo-mulhouse.com\/2023\/wp-content\/uploads\/sites\/3\/2023\/12\/Pascal-Amoyel-Adam-Peyragudes-2016-150x150.jpeg","large_srcset":"https:\/\/www.biennale-photo-mulhouse.com\/2023\/wp-content\/uploads\/sites\/3\/2023\/12\/Pascal-Amoyel-Adam-Peyragudes-2016-1024x807.jpeg 1024w, https:\/\/www.biennale-photo-mulhouse.com\/2023\/wp-content\/uploads\/sites\/3\/2023\/12\/Pascal-Amoyel-Adam-Peyragudes-2016-300x236.jpeg 300w, https:\/\/www.biennale-photo-mulhouse.com\/2023\/wp-content\/uploads\/sites\/3\/2023\/12\/Pascal-Amoyel-Adam-Peyragudes-2016-768x605.jpeg 768w, https:\/\/www.biennale-photo-mulhouse.com\/2023\/wp-content\/uploads\/sites\/3\/2023\/12\/Pascal-Amoyel-Adam-Peyragudes-2016.jpeg 1218w","medium_srcset":"https:\/\/www.biennale-photo-mulhouse.com\/2023\/wp-content\/uploads\/sites\/3\/2023\/12\/Pascal-Amoyel-Adam-Peyragudes-2016-300x236.jpeg 300w, https:\/\/www.biennale-photo-mulhouse.com\/2023\/wp-content\/uploads\/sites\/3\/2023\/12\/Pascal-Amoyel-Adam-Peyragudes-2016-1024x807.jpeg 1024w, https:\/\/www.biennale-photo-mulhouse.com\/2023\/wp-content\/uploads\/sites\/3\/2023\/12\/Pascal-Amoyel-Adam-Peyragudes-2016-768x605.jpeg 768w, https:\/\/www.biennale-photo-mulhouse.com\/2023\/wp-content\/uploads\/sites\/3\/2023\/12\/Pascal-Amoyel-Adam-Peyragudes-2016.jpeg 1218w","media_details":{"width":1218,"height":960,"sizes":{"medium":{"file":"Pascal-Amoyel-Adam-Peyragudes-2016-300x236.jpeg","width":300,"height":236,"mime-type":"image\/jpeg","filesize":21361,"source_url":"https:\/\/www.biennale-photo-mulhouse.com\/2023\/wp-content\/uploads\/sites\/3\/2023\/12\/Pascal-Amoyel-Adam-Peyragudes-2016-300x236.jpeg"},"large":{"file":"Pascal-Amoyel-Adam-Peyragudes-2016-1024x807.jpeg","width":1024,"height":807,"mime-type":"image\/jpeg","filesize":225852,"source_url":"https:\/\/www.biennale-photo-mulhouse.com\/2023\/wp-content\/uploads\/sites\/3\/2023\/12\/Pascal-Amoyel-Adam-Peyragudes-2016-1024x807.jpeg"},"thumbnail":{"file":"Pascal-Amoyel-Adam-Peyragudes-2016-150x150.jpeg","width":150,"height":150,"mime-type":"image\/jpeg","filesize":9460,"source_url":"https:\/\/www.biennale-photo-mulhouse.com\/2023\/wp-content\/uploads\/sites\/3\/2023\/12\/Pascal-Amoyel-Adam-Peyragudes-2016-150x150.jpeg"},"medium_large":{"file":"Pascal-Amoyel-Adam-Peyragudes-2016-768x605.jpeg","width":768,"height":605,"mime-type":"image\/jpeg","filesize":126706,"source_url":"https:\/\/www.biennale-photo-mulhouse.com\/2023\/wp-content\/uploads\/sites\/3\/2023\/12\/Pascal-Amoyel-Adam-Peyragudes-2016-768x605.jpeg"}}},"alt_text":"","url":"","target":""}]]}},"yoast_head":"<!-- This site is optimized with the Yoast SEO plugin v21.9.1 - https:\/\/yoast.com\/wordpress\/plugins\/seo\/ -->\n<title>Biennale de la Photographie de Mulhouse<\/title>\n<meta name=\"description\" content=\"R\u00e9sidences - Exposition photographique en octobre 2023\" \/>\n<meta name=\"robots\" content=\"index, follow, max-snippet:-1, max-image-preview:large, max-video-preview:-1\" \/>\n<link rel=\"canonical\" href=\"https:\/\/www.biennale-photo-mulhouse.com\/2023\/\" \/>\n<meta property=\"og:locale\" content=\"fr_FR\" \/>\n<meta property=\"og:type\" content=\"article\" \/>\n<meta property=\"og:title\" content=\"Biennale de la Photographie de Mulhouse\" \/>\n<meta property=\"og:description\" content=\"R\u00e9sidences - Exposition photographique en octobre 2023\" \/>\n<meta property=\"og:url\" content=\"https:\/\/www.biennale-photo-mulhouse.com\/2023\/\" \/>\n<meta property=\"og:site_name\" content=\"Biennale Photo Mulhouse 2023\" \/>\n<meta property=\"article:publisher\" content=\"https:\/\/www.facebook.com\/BiennaleDeLaPhotographieDeMulhouse\" \/>\n<meta property=\"article:modified_time\" content=\"2024-01-03T21:02:42+00:00\" \/>\n<meta name=\"twitter:card\" content=\"summary_large_image\" \/>\n<meta name=\"twitter:label1\" content=\"Dur\u00e9e de lecture estim\u00e9e\" \/>\n\t<meta name=\"twitter:data1\" content=\"1 minute\" \/>\n<script type=\"application\/ld+json\" class=\"yoast-schema-graph\">{\"@context\":\"https:\/\/schema.org\",\"@graph\":[{\"@type\":\"WebPage\",\"@id\":\"https:\/\/www.biennale-photo-mulhouse.com\/2023\/\",\"url\":\"https:\/\/www.biennale-photo-mulhouse.com\/2023\/\",\"name\":\"Biennale de la Photographie de Mulhouse\",\"isPartOf\":{\"@id\":\"https:\/\/www.biennale-photo-mulhouse.com\/2023\/#website\"},\"datePublished\":\"2023-12-28T19:53:51+00:00\",\"dateModified\":\"2024-01-03T21:02:42+00:00\",\"description\":\"R\u00e9sidences - Exposition photographique en octobre 2023\",\"breadcrumb\":{\"@id\":\"https:\/\/www.biennale-photo-mulhouse.com\/2023\/#breadcrumb\"},\"inLanguage\":\"fr-FR\",\"potentialAction\":[{\"@type\":\"ReadAction\",\"target\":[\"https:\/\/www.biennale-photo-mulhouse.com\/2023\/\"]}]},{\"@type\":\"BreadcrumbList\",\"@id\":\"https:\/\/www.biennale-photo-mulhouse.com\/2023\/#breadcrumb\",\"itemListElement\":[{\"@type\":\"ListItem\",\"position\":1,\"name\":\"Accueil\",\"item\":\"https:\/\/www.biennale-photo-mulhouse.com\/2023\/\"},{\"@type\":\"ListItem\",\"position\":2,\"name\":\"Accueil\"}]},{\"@type\":\"WebSite\",\"@id\":\"https:\/\/www.biennale-photo-mulhouse.com\/2023\/#website\",\"url\":\"https:\/\/www.biennale-photo-mulhouse.com\/2023\/\",\"name\":\"Biennale de la Photographie de Mulhouse\",\"description\":\"\",\"potentialAction\":[{\"@type\":\"SearchAction\",\"target\":{\"@type\":\"EntryPoint\",\"urlTemplate\":\"https:\/\/www.biennale-photo-mulhouse.com\/2023\/?s={search_term_string}\"},\"query-input\":\"required name=search_term_string\"}],\"inLanguage\":\"fr-FR\"}]}<\/script>\n<!-- \/ Yoast SEO plugin. -->","yoast_head_json":{"title":"Biennale de la Photographie de Mulhouse","description":"R\u00e9sidences - Exposition photographique en octobre 2023","robots":{"index":"index","follow":"follow","max-snippet":"max-snippet:-1","max-image-preview":"max-image-preview:large","max-video-preview":"max-video-preview:-1"},"canonical":"https:\/\/www.biennale-photo-mulhouse.com\/2023\/","og_locale":"fr_FR","og_type":"article","og_title":"Biennale de la Photographie de Mulhouse","og_description":"R\u00e9sidences - Exposition photographique en octobre 2023","og_url":"https:\/\/www.biennale-photo-mulhouse.com\/2023\/","og_site_name":"Biennale Photo Mulhouse 2023","article_publisher":"https:\/\/www.facebook.com\/BiennaleDeLaPhotographieDeMulhouse","article_modified_time":"2024-01-03T21:02:42+00:00","twitter_card":"summary_large_image","twitter_misc":{"Dur\u00e9e de lecture estim\u00e9e":"1 minute"},"schema":{"@context":"https:\/\/schema.org","@graph":[{"@type":"WebPage","@id":"https:\/\/www.biennale-photo-mulhouse.com\/2023\/","url":"https:\/\/www.biennale-photo-mulhouse.com\/2023\/","name":"Biennale de la Photographie de Mulhouse","isPartOf":{"@id":"https:\/\/www.biennale-photo-mulhouse.com\/2023\/#website"},"datePublished":"2023-12-28T19:53:51+00:00","dateModified":"2024-01-03T21:02:42+00:00","description":"R\u00e9sidences - Exposition photographique en octobre 2023","breadcrumb":{"@id":"https:\/\/www.biennale-photo-mulhouse.com\/2023\/#breadcrumb"},"inLanguage":"fr-FR","potentialAction":[{"@type":"ReadAction","target":["https:\/\/www.biennale-photo-mulhouse.com\/2023\/"]}]},{"@type":"BreadcrumbList","@id":"https:\/\/www.biennale-photo-mulhouse.com\/2023\/#breadcrumb","itemListElement":[{"@type":"ListItem","position":1,"name":"Accueil","item":"https:\/\/www.biennale-photo-mulhouse.com\/2023\/"},{"@type":"ListItem","position":2,"name":"Accueil"}]},{"@type":"WebSite","@id":"https:\/\/www.biennale-photo-mulhouse.com\/2023\/#website","url":"https:\/\/www.biennale-photo-mulhouse.com\/2023\/","name":"Biennale de la Photographie de Mulhouse","description":"","potentialAction":[{"@type":"SearchAction","target":{"@type":"EntryPoint","urlTemplate":"https:\/\/www.biennale-photo-mulhouse.com\/2023\/?s={search_term_string}"},"query-input":"required name=search_term_string"}],"inLanguage":"fr-FR"}]}},"_links":{"self":[{"href":"https:\/\/www.biennale-photo-mulhouse.com\/2023\/wp-json\/wp\/v2\/pages\/2","targetHints":{"allow":["GET"]}}],"collection":[{"href":"https:\/\/www.biennale-photo-mulhouse.com\/2023\/wp-json\/wp\/v2\/pages"}],"about":[{"href":"https:\/\/www.biennale-photo-mulhouse.com\/2023\/wp-json\/wp\/v2\/types\/page"}],"author":[{"embeddable":true,"href":"https:\/\/www.biennale-photo-mulhouse.com\/2023\/wp-json\/wp\/v2\/users\/1"}],"replies":[{"embeddable":true,"href":"https:\/\/www.biennale-photo-mulhouse.com\/2023\/wp-json\/wp\/v2\/comments?post=2"}],"version-history":[{"count":8,"href":"https:\/\/www.biennale-photo-mulhouse.com\/2023\/wp-json\/wp\/v2\/pages\/2\/revisions"}],"predecessor-version":[{"id":28,"href":"https:\/\/www.biennale-photo-mulhouse.com\/2023\/wp-json\/wp\/v2\/pages\/2\/revisions\/28"}],"wp:attachment":[{"href":"https:\/\/www.biennale-photo-mulhouse.com\/2023\/wp-json\/wp\/v2\/media?parent=2"}],"wp:term":[{"taxonomy":"category","embeddable":true,"href":"https:\/\/www.biennale-photo-mulhouse.com\/2023\/wp-json\/wp\/v2\/categories?post=2"}],"curies":[{"name":"wp","href":"https:\/\/api.w.org\/{rel}","templated":true}]}}